{"id":5055,"date":"2017-09-05T10:32:40","date_gmt":"2017-09-05T10:32:40","guid":{"rendered":"https:\/\/entreculturasi.wpenginepowered.com\/?publicaciones=informe-escuelas-que-sanan"},"modified":"2024-04-16T09:34:33","modified_gmt":"2024-04-16T07:34:33","slug":"informe-escuelas-que-sanan","status":"publish","type":"publicacion","link":"https:\/\/www.entreculturas.org\/gl\/publicacion\/informe-escuelas-que-sanan\/","title":{"rendered":"Informe &#8216;Escuelas que sanan&#8217;"},"content":{"rendered":"<p>En este informe, realizado por Entreculturas y el Servicio Jesuita a Migrantes-Espa\u00f1a con apoyo de la campa\u00f1a Hospitalidad.es, analiza la situaci\u00f3n de la educaci\u00f3n de los menores refugiados en L\u00edbano contextualizando la situaci\u00f3n del pa\u00eds, la realidad de la poblaci\u00f3n procedente de Siria refugiada en el mismo, los retos educativos a los que se enfrentan el gobierno y la sociedad civil libaneses y el servicio que presta el Servicio Jesuita a Refugiados.<\/p>\n\n\n<div class=\"wp-block-buttons is-layout-flex wp-block-buttons-is-layout-flex\">\n<div class=\"wp-block-button\"><a class=\"wp-block-button__link wp-element-button\" href=\"https:\/\/www.entreculturas.org\/wp-content\/uploads\/2024\/04\/escuelas_que_sanan_def-ilovepdf-compressed.pdf\">descargar<\/a><\/div>\n<\/div>\n","protected":false},"excerpt":{"rendered":"<p>En este informe, realizado por Entreculturas y el Servicio Jesuita a Migrantes-Espa\u00f1a con apoyo de la campa\u00f1a Hospitalidad.es, analiza la situaci\u00f3n de la educaci\u00f3n de los menores refugiados en L\u00edbano contextualizando la situaci\u00f3n del pa\u00eds, la realidad de la poblaci\u00f3n procedente de Siria refugiada en el mismo, los retos educativos a los que se enfrentan el gobierno y la sociedad civil libaneses y el servicio que presta el Servicio Jesuita a Refugiados.<\/p>\n","protected":false},"featured_media":5058,"template":"","format":[114],"categories":[16],"tags":[289],"cause":[129],"class_list":["post-5055","publicacion","type-publicacion","status-publish","has-post-thumbnail","hentry","category-memorias","tag-educacion","cause-migracion-y-refugio","format-memorias-anuales"],"acf":[],"yoast_head":"<!-- This site is optimized with the Yoast SEO Premium plugin v21.6 (Yoast SEO v27.5) - https:\/\/yoast.com\/product\/yoast-seo-premium-wordpress\/ -->\n<title>Informe &#039;Escuelas que sanan&#039; - Entreculturas<\/title>\n<meta name=\"robots\" content=\"index, follow, max-snippet:-1, max-image-preview:large, max-video-preview:-1\" \/>\n<link rel=\"canonical\" href=\"https:\/\/www.entreculturas.org\/gl\/publicacion\/informe-escuelas-que-sanan\/\" \/>\n<meta property=\"og:locale\" content=\"gl_ES\" \/>\n<meta property=\"og:type\" content=\"article\" \/>\n<meta property=\"og:title\" content=\"Informe &#039;Escuelas que sanan&#039;\" \/>\n<meta property=\"og:description\" content=\"En este informe, realizado por Entreculturas y el Servicio Jesuita a Migrantes-Espa\u00f1a con apoyo de la campa\u00f1a Hospitalidad.es, analiza la situaci\u00f3n de la educaci\u00f3n de los menores refugiados en L\u00edbano contextualizando la situaci\u00f3n del pa\u00eds, la realidad de la poblaci\u00f3n procedente de Siria refugiada en el mismo, los retos educativos a los que se enfrentan el gobierno y la sociedad civil libaneses y el servicio que presta el Servicio Jesuita a Refugiados.\" \/>\n<meta property=\"og:url\" content=\"https:\/\/www.entreculturas.org\/gl\/publicacion\/informe-escuelas-que-sanan\/\" \/>\n<meta property=\"og:site_name\" content=\"Entreculturas\" \/>\n<meta property=\"article:publisher\" content=\"https:\/\/www.facebook.com\/entreculturas\" \/>\n<meta property=\"article:modified_time\" content=\"2024-04-16T07:34:33+00:00\" \/>\n<meta property=\"og:image\" content=\"https:\/\/www.entreculturas.org\/wp-content\/uploads\/2017\/09\/portada_5.jpg\" \/>\n\t<meta property=\"og:image:width\" content=\"400\" \/>\n\t<meta property=\"og:image:height\" content=\"566\" \/>\n\t<meta property=\"og:image:type\" content=\"image\/jpeg\" \/>\n<meta name=\"twitter:card\" content=\"summary_large_image\" \/>\n<meta name=\"twitter:site\" content=\"@Entreculturas\" \/>\n<script type=\"application\/ld+json\" class=\"yoast-schema-graph\">{\"@context\":\"https:\\\/\\\/schema.org\",\"@graph\":[{\"@type\":\"WebPage\",\"@id\":\"https:\\\/\\\/www.entreculturas.org\\\/gl\\\/publicacion\\\/informe-escuelas-que-sanan\\\/\",\"url\":\"https:\\\/\\\/www.entreculturas.org\\\/gl\\\/publicacion\\\/informe-escuelas-que-sanan\\\/\",\"name\":\"Informe 'Escuelas que sanan' - Entreculturas\",\"isPartOf\":{\"@id\":\"https:\\\/\\\/www.entreculturas.org\\\/gl\\\/#website\"},\"primaryImageOfPage\":{\"@id\":\"https:\\\/\\\/www.entreculturas.org\\\/gl\\\/publicacion\\\/informe-escuelas-que-sanan\\\/#primaryimage\"},\"image\":{\"@id\":\"https:\\\/\\\/www.entreculturas.org\\\/gl\\\/publicacion\\\/informe-escuelas-que-sanan\\\/#primaryimage\"},\"thumbnailUrl\":\"https:\\\/\\\/www.entreculturas.org\\\/wp-content\\\/uploads\\\/2017\\\/09\\\/portada_5.jpg\",\"datePublished\":\"2017-09-05T10:32:40+00:00\",\"dateModified\":\"2024-04-16T07:34:33+00:00\",\"breadcrumb\":{\"@id\":\"https:\\\/\\\/www.entreculturas.org\\\/gl\\\/publicacion\\\/informe-escuelas-que-sanan\\\/#breadcrumb\"},\"inLanguage\":\"gl-ES\",\"potentialAction\":[{\"@type\":\"ReadAction\",\"target\":[\"https:\\\/\\\/www.entreculturas.org\\\/gl\\\/publicacion\\\/informe-escuelas-que-sanan\\\/\"]}]},{\"@type\":\"ImageObject\",\"inLanguage\":\"gl-ES\",\"@id\":\"https:\\\/\\\/www.entreculturas.org\\\/gl\\\/publicacion\\\/informe-escuelas-que-sanan\\\/#primaryimage\",\"url\":\"https:\\\/\\\/www.entreculturas.org\\\/wp-content\\\/uploads\\\/2017\\\/09\\\/portada_5.jpg\",\"contentUrl\":\"https:\\\/\\\/www.entreculturas.org\\\/wp-content\\\/uploads\\\/2017\\\/09\\\/portada_5.jpg\",\"width\":400,\"height\":566,\"caption\":\"Portada del Informe 'Escuelas que sanan'\"},{\"@type\":\"BreadcrumbList\",\"@id\":\"https:\\\/\\\/www.entreculturas.org\\\/gl\\\/publicacion\\\/informe-escuelas-que-sanan\\\/#breadcrumb\",\"itemListElement\":[{\"@type\":\"ListItem\",\"position\":1,\"name\":\"Home\",\"item\":\"https:\\\/\\\/www.entreculturas.org\\\/gl\\\/\"},{\"@type\":\"ListItem\",\"position\":2,\"name\":\"Publicaciones\",\"item\":\"https:\\\/\\\/www.entreculturas.org\\\/gl\\\/publicaciones\\\/\"},{\"@type\":\"ListItem\",\"position\":3,\"name\":\"Informe &#8216;Escuelas que sanan&#8217;\"}]},{\"@type\":\"WebSite\",\"@id\":\"https:\\\/\\\/www.entreculturas.org\\\/gl\\\/#website\",\"url\":\"https:\\\/\\\/www.entreculturas.org\\\/gl\\\/\",\"name\":\"Entreculturas\",\"description\":\"\",\"publisher\":{\"@id\":\"https:\\\/\\\/www.entreculturas.org\\\/gl\\\/#organization\"},\"alternateName\":\"Entreculturas\",\"potentialAction\":[{\"@type\":\"SearchAction\",\"target\":{\"@type\":\"EntryPoint\",\"urlTemplate\":\"https:\\\/\\\/www.entreculturas.org\\\/gl\\\/?s={search_term_string}\"},\"query-input\":{\"@type\":\"PropertyValueSpecification\",\"valueRequired\":true,\"valueName\":\"search_term_string\"}}],\"inLanguage\":\"gl-ES\"},{\"@type\":\"Organization\",\"@id\":\"https:\\\/\\\/www.entreculturas.org\\\/gl\\\/#organization\",\"name\":\"Entreculturas\",\"url\":\"https:\\\/\\\/www.entreculturas.org\\\/gl\\\/\",\"logo\":{\"@type\":\"ImageObject\",\"inLanguage\":\"gl-ES\",\"@id\":\"https:\\\/\\\/www.entreculturas.org\\\/gl\\\/#\\\/schema\\\/logo\\\/image\\\/\",\"url\":\"https:\\\/\\\/www.entreculturas.org\\\/wp-content\\\/uploads\\\/2025\\\/10\\\/ESP.svg\",\"contentUrl\":\"https:\\\/\\\/www.entreculturas.org\\\/wp-content\\\/uploads\\\/2025\\\/10\\\/ESP.svg\",\"caption\":\"Entreculturas\"},\"image\":{\"@id\":\"https:\\\/\\\/www.entreculturas.org\\\/gl\\\/#\\\/schema\\\/logo\\\/image\\\/\"},\"sameAs\":[\"https:\\\/\\\/www.facebook.com\\\/entreculturas\",\"https:\\\/\\\/x.com\\\/Entreculturas\",\"https:\\\/\\\/www.instagram.com\\\/entreculturas\\\/\",\"https:\\\/\\\/www.youtube.com\\\/user\\\/entreculturasvideo\",\"https:\\\/\\\/www.linkedin.com\\\/company\\\/fundacion-entreculturas-ngdo\\\/\",\"https:\\\/\\\/www.flickr.com\\\/photos\\\/98455522@N04\\\/albums\\\/\"]}]}<\/script>\n<!-- \/ Yoast SEO Premium plugin. -->","yoast_head_json":{"title":"Informe 'Escuelas que sanan' - Entreculturas","robots":{"index":"index","follow":"follow","max-snippet":"max-snippet:-1","max-image-preview":"max-image-preview:large","max-video-preview":"max-video-preview:-1"},"canonical":"https:\/\/www.entreculturas.org\/gl\/publicacion\/informe-escuelas-que-sanan\/","og_locale":"gl_ES","og_type":"article","og_title":"Informe 'Escuelas que sanan'","og_description":"En este informe, realizado por Entreculturas y el Servicio Jesuita a Migrantes-Espa\u00f1a con apoyo de la campa\u00f1a Hospitalidad.es, analiza la situaci\u00f3n de la educaci\u00f3n de los menores refugiados en L\u00edbano contextualizando la situaci\u00f3n del pa\u00eds, la realidad de la poblaci\u00f3n procedente de Siria refugiada en el mismo, los retos educativos a los que se enfrentan el gobierno y la sociedad civil libaneses y el servicio que presta el Servicio Jesuita a Refugiados.","og_url":"https:\/\/www.entreculturas.org\/gl\/publicacion\/informe-escuelas-que-sanan\/","og_site_name":"Entreculturas","article_publisher":"https:\/\/www.facebook.com\/entreculturas","article_modified_time":"2024-04-16T07:34:33+00:00","og_image":[{"width":400,"height":566,"url":"https:\/\/www.entreculturas.org\/wp-content\/uploads\/2017\/09\/portada_5.jpg","type":"image\/jpeg"}],"twitter_card":"summary_large_image","twitter_site":"@Entreculturas","schema":{"@context":"https:\/\/schema.org","@graph":[{"@type":"WebPage","@id":"https:\/\/www.entreculturas.org\/gl\/publicacion\/informe-escuelas-que-sanan\/","url":"https:\/\/www.entreculturas.org\/gl\/publicacion\/informe-escuelas-que-sanan\/","name":"Informe 'Escuelas que sanan' - Entreculturas","isPartOf":{"@id":"https:\/\/www.entreculturas.org\/gl\/#website"},"primaryImageOfPage":{"@id":"https:\/\/www.entreculturas.org\/gl\/publicacion\/informe-escuelas-que-sanan\/#primaryimage"},"image":{"@id":"https:\/\/www.entreculturas.org\/gl\/publicacion\/informe-escuelas-que-sanan\/#primaryimage"},"thumbnailUrl":"https:\/\/www.entreculturas.org\/wp-content\/uploads\/2017\/09\/portada_5.jpg","datePublished":"2017-09-05T10:32:40+00:00","dateModified":"2024-04-16T07:34:33+00:00","breadcrumb":{"@id":"https:\/\/www.entreculturas.org\/gl\/publicacion\/informe-escuelas-que-sanan\/#breadcrumb"},"inLanguage":"gl-ES","potentialAction":[{"@type":"ReadAction","target":["https:\/\/www.entreculturas.org\/gl\/publicacion\/informe-escuelas-que-sanan\/"]}]},{"@type":"ImageObject","inLanguage":"gl-ES","@id":"https:\/\/www.entreculturas.org\/gl\/publicacion\/informe-escuelas-que-sanan\/#primaryimage","url":"https:\/\/www.entreculturas.org\/wp-content\/uploads\/2017\/09\/portada_5.jpg","contentUrl":"https:\/\/www.entreculturas.org\/wp-content\/uploads\/2017\/09\/portada_5.jpg","width":400,"height":566,"caption":"Portada del Informe 'Escuelas que sanan'"},{"@type":"BreadcrumbList","@id":"https:\/\/www.entreculturas.org\/gl\/publicacion\/informe-escuelas-que-sanan\/#breadcrumb","itemListElement":[{"@type":"ListItem","position":1,"name":"Home","item":"https:\/\/www.entreculturas.org\/gl\/"},{"@type":"ListItem","position":2,"name":"Publicaciones","item":"https:\/\/www.entreculturas.org\/gl\/publicaciones\/"},{"@type":"ListItem","position":3,"name":"Informe &#8216;Escuelas que sanan&#8217;"}]},{"@type":"WebSite","@id":"https:\/\/www.entreculturas.org\/gl\/#website","url":"https:\/\/www.entreculturas.org\/gl\/","name":"Entreculturas","description":"","publisher":{"@id":"https:\/\/www.entreculturas.org\/gl\/#organization"},"alternateName":"Entreculturas","potentialAction":[{"@type":"SearchAction","target":{"@type":"EntryPoint","urlTemplate":"https:\/\/www.entreculturas.org\/gl\/?s={search_term_string}"},"query-input":{"@type":"PropertyValueSpecification","valueRequired":true,"valueName":"search_term_string"}}],"inLanguage":"gl-ES"},{"@type":"Organization","@id":"https:\/\/www.entreculturas.org\/gl\/#organization","name":"Entreculturas","url":"https:\/\/www.entreculturas.org\/gl\/","logo":{"@type":"ImageObject","inLanguage":"gl-ES","@id":"https:\/\/www.entreculturas.org\/gl\/#\/schema\/logo\/image\/","url":"https:\/\/www.entreculturas.org\/wp-content\/uploads\/2025\/10\/ESP.svg","contentUrl":"https:\/\/www.entreculturas.org\/wp-content\/uploads\/2025\/10\/ESP.svg","caption":"Entreculturas"},"image":{"@id":"https:\/\/www.entreculturas.org\/gl\/#\/schema\/logo\/image\/"},"sameAs":["https:\/\/www.facebook.com\/entreculturas","https:\/\/x.com\/Entreculturas","https:\/\/www.instagram.com\/entreculturas\/","https:\/\/www.youtube.com\/user\/entreculturasvideo","https:\/\/www.linkedin.com\/company\/fundacion-entreculturas-ngdo\/","https:\/\/www.flickr.com\/photos\/98455522@N04\/albums\/"]}]}},"_links":{"self":[{"href":"https:\/\/www.entreculturas.org\/gl\/wp-json\/wp\/v2\/publicacion\/5055","targetHints":{"allow":["GET"]}}],"collection":[{"href":"https:\/\/www.entreculturas.org\/gl\/wp-json\/wp\/v2\/publicacion"}],"about":[{"href":"https:\/\/www.entreculturas.org\/gl\/wp-json\/wp\/v2\/types\/publicacion"}],"wp:featuredmedia":[{"embeddable":true,"href":"https:\/\/www.entreculturas.org\/gl\/wp-json\/wp\/v2\/media\/5058"}],"wp:attachment":[{"href":"https:\/\/www.entreculturas.org\/gl\/wp-json\/wp\/v2\/media?parent=5055"}],"wp:term":[{"taxonomy":"category","embeddable":true,"href":"https:\/\/www.entreculturas.org\/gl\/wp-json\/wp\/v2\/categories?post=5055"},{"taxonomy":"post_tag","embeddable":true,"href":"https:\/\/www.entreculturas.org\/gl\/wp-json\/wp\/v2\/tags?post=5055"},{"taxonomy":"cause","embeddable":true,"href":"https:\/\/www.entreculturas.org\/gl\/wp-json\/wp\/v2\/cause?post=5055"},{"taxonomy":"format","embeddable":true,"href":"https:\/\/www.entreculturas.org\/gl\/wp-json\/wp\/v2\/format?post=5055"}],"curies":[{"name":"wp","href":"https:\/\/api.w.org\/{rel}","templated":true}]}}

<p>En este informe, realizado por Entreculturas y el Servicio Jesuita a Migrantes-España con apoyo de la campaña Hospitalidad.es, analiza la situación de la educación de los menores refugiados en Líbano contextualizando la situación del país, la realidad de la población procedente de Siria refugiada en el mismo, los retos educativos a los que se enfrentan el gobierno y la sociedad civil libaneses y el servicio que presta el Servicio Jesuita a Refugiados.</p>


<div class="wp-block-buttons is-layout-flex wp-block-buttons-is-layout-flex">
<div class="wp-block-button"><a class="wp-block-button__link wp-element-button" href="https://www.entreculturas.org/wp-content/uploads/2024/04/escuelas_que_sanan_def-ilovepdf-compressed.pdf">descargar</a></div>
</div>

<p>En este informe, realizado por Entreculturas y el Servicio Jesuita a Migrantes-España con apoyo de la campaña Hospitalidad.es, analiza la situación de la educación de los menores refugiados en Líbano contextualizando la situación del país, la realidad de la población procedente de Siria refugiada en el mismo, los retos educativos a los que se enfrentan el gobierno y la sociedad civil libaneses y el servicio que presta el Servicio Jesuita a Refugiados.</p>

<!-- This site is optimized with the Yoast SEO Premium plugin v21.6 (Yoast SEO v27.5) - https://yoast.com/product/yoast-seo-premium-wordpress/ -->
<title>Informe &#039;Escuelas que sanan&#039; - Entreculturas</title>
<meta name="robots" content="index, follow, max-snippet:-1, max-image-preview:large, max-video-preview:-1" />
<link rel="canonical" href="https://www.entreculturas.org/gl/publicacion/informe-escuelas-que-sanan/" />
<meta property="og:locale" content="gl_ES" />
<meta property="og:type" content="article" />
<meta property="og:title" content="Informe &#039;Escuelas que sanan&#039;" />
<meta property="og:description" content="En este informe, realizado por Entreculturas y el Servicio Jesuita a Migrantes-España con apoyo de la campaña Hospitalidad.es, analiza la situación de la educación de los menores refugiados en Líbano contextualizando la situación del país, la realidad de la población procedente de Siria refugiada en el mismo, los retos educativos a los que se enfrentan el gobierno y la sociedad civil libaneses y el servicio que presta el Servicio Jesuita a Refugiados." />
<meta property="og:url" content="https://www.entreculturas.org/gl/publicacion/informe-escuelas-que-sanan/" />
<meta property="og:site_name" content="Entreculturas" />
<meta property="article:publisher" content="https://www.facebook.com/entreculturas" />
<meta property="article:modified_time" content="2024-04-16T07:34:33+00:00" />
<meta property="og:image" content="https://www.entreculturas.org/wp-content/uploads/2017/09/portada_5.jpg" />
	<meta property="og:image:width" content="400" />
	<meta property="og:image:height" content="566" />
	<meta property="og:image:type" content="image/jpeg" />
<meta name="twitter:card" content="summary_large_image" />
<meta name="twitter:site" content="@Entreculturas" />
<script type="application/ld+json" class="yoast-schema-graph">{"@context":"https:\/\/schema.org","@graph":[{"@type":"WebPage","@id":"https:\/\/www.entreculturas.org\/gl\/publicacion\/informe-escuelas-que-sanan\/","url":"https:\/\/www.entreculturas.org\/gl\/publicacion\/informe-escuelas-que-sanan\/","name":"Informe 'Escuelas que sanan' - Entreculturas","isPartOf":{"@id":"https:\/\/www.entreculturas.org\/gl\/#website"},"primaryImageOfPage":{"@id":"https:\/\/www.entreculturas.org\/gl\/publicacion\/informe-escuelas-que-sanan\/#primaryimage"},"image":{"@id":"https:\/\/www.entreculturas.org\/gl\/publicacion\/informe-escuelas-que-sanan\/#primaryimage"},"thumbnailUrl":"https:\/\/www.entreculturas.org\/wp-content\/uploads\/2017\/09\/portada_5.jpg","datePublished":"2017-09-05T10:32:40+00:00","dateModified":"2024-04-16T07:34:33+00:00","breadcrumb":{"@id":"https:\/\/www.entreculturas.org\/gl\/publicacion\/informe-escuelas-que-sanan\/#breadcrumb"},"inLanguage":"gl-ES","potentialAction":[{"@type":"ReadAction","target":["https:\/\/www.entreculturas.org\/gl\/publicacion\/informe-escuelas-que-sanan\/"]}]},{"@type":"ImageObject","inLanguage":"gl-ES","@id":"https:\/\/www.entreculturas.org\/gl\/publicacion\/informe-escuelas-que-sanan\/#primaryimage","url":"https:\/\/www.entreculturas.org\/wp-content\/uploads\/2017\/09\/portada_5.jpg","contentUrl":"https:\/\/www.entreculturas.org\/wp-content\/uploads\/2017\/09\/portada_5.jpg","width":400,"height":566,"caption":"Portada del Informe 'Escuelas que sanan'"},{"@type":"BreadcrumbList","@id":"https:\/\/www.entreculturas.org\/gl\/publicacion\/informe-escuelas-que-sanan\/#breadcrumb","itemListElement":[{"@type":"ListItem","position":1,"name":"Home","item":"https:\/\/www.entreculturas.org\/gl\/"},{"@type":"ListItem","position":2,"name":"Publicaciones","item":"https:\/\/www.entreculturas.org\/gl\/publicaciones\/"},{"@type":"ListItem","position":3,"name":"Informe &#8216;Escuelas que sanan&#8217;"}]},{"@type":"WebSite","@id":"https:\/\/www.entreculturas.org\/gl\/#website","url":"https:\/\/www.entreculturas.org\/gl\/","name":"Entreculturas","description":"","publisher":{"@id":"https:\/\/www.entreculturas.org\/gl\/#organization"},"alternateName":"Entreculturas","potentialAction":[{"@type":"SearchAction","target":{"@type":"EntryPoint","urlTemplate":"https:\/\/www.entreculturas.org\/gl\/?s={search_term_string}"},"query-input":{"@type":"PropertyValueSpecification","valueRequired":true,"valueName":"search_term_string"}}],"inLanguage":"gl-ES"},{"@type":"Organization","@id":"https:\/\/www.entreculturas.org\/gl\/#organization","name":"Entreculturas","url":"https:\/\/www.entreculturas.org\/gl\/","logo":{"@type":"ImageObject","inLanguage":"gl-ES","@id":"https:\/\/www.entreculturas.org\/gl\/#\/schema\/logo\/image\/","url":"https:\/\/www.entreculturas.org\/wp-content\/uploads\/2025\/10\/ESP.svg","contentUrl":"https:\/\/www.entreculturas.org\/wp-content\/uploads\/2025\/10\/ESP.svg","caption":"Entreculturas"},"image":{"@id":"https:\/\/www.entreculturas.org\/gl\/#\/schema\/logo\/image\/"},"sameAs":["https:\/\/www.facebook.com\/entreculturas","https:\/\/x.com\/Entreculturas","https:\/\/www.instagram.com\/entreculturas\/","https:\/\/www.youtube.com\/user\/entreculturasvideo","https:\/\/www.linkedin.com\/company\/fundacion-entreculturas-ngdo\/","https:\/\/www.flickr.com\/photos\/98455522@N04\/albums\/"]}]}</script>
<!-- / Yoast SEO Premium plugin. -->

En este informe, realizado por Entreculturas y el Servicio Jesuita a Migrantes-España con apoyo de la campaña Hospitalidad.es, analiza la situación de la educación de los menores refugiados en Líbano contextualizando la situación del país, la realidad de la población procedente de Siria refugiada en el mismo, los retos educativos a los que se enfrentan el gobierno y la sociedad civil libaneses y el servicio que presta el Servicio Jesuita a Refugiados.
