{"id":4573,"date":"2015-11-25T10:18:22","date_gmt":"2015-11-25T10:18:22","guid":{"rendered":"https:\/\/entreculturasi.wpenginepowered.com\/?publicaciones=educacion-tecnica-una-educacion-para-la-vida"},"modified":"2024-03-22T12:00:53","modified_gmt":"2024-03-22T11:00:53","slug":"educacion-tecnica-una-educacion-para-la-vida","status":"publish","type":"publicacion","link":"https:\/\/www.entreculturas.org\/gl\/publicacion\/educacion-tecnica-una-educacion-para-la-vida\/","title":{"rendered":"Educaci\u00f3n t\u00e9cnica, una educaci\u00f3n para la vida"},"content":{"rendered":"<p style=\"text-align:justify\"><span style=\"font-size:16px\">A trav\u00e9s de esta exposici\u00f3n puedes conocer la propuesta de trabajo conjunto realizado entre una escuela t\u00e9cnica de Valencia y una escuela t\u00e9cnica de Cochabamba y analizar la importancia de la educaci\u00f3n t\u00e9cnica y profesional para el desarrollo de los pueblos.<\/span><\/p>\n<p style=\"text-align:justify\"><span style=\"font-size:16px\">11 paneles<\/span><\/p>\n","protected":false},"excerpt":{"rendered":"<p>A trav\u00e9s de esta exposici\u00f3n puedes conocer la propuesta de trabajo conjunto realizado entre una escuela t\u00e9cnica de Valencia y una escuela t\u00e9cnica de Cochabamba y analizar la importancia de la educaci\u00f3n t\u00e9cnica y profesional para el desarrollo de los pueblos. 11 paneles<\/p>\n","protected":false},"featured_media":4574,"template":"","format":[115],"categories":[12],"tags":[289],"cause":[132],"class_list":["post-4573","publicacion","type-publicacion","status-publish","has-post-thumbnail","hentry","category-recursos-educativos","tag-educacion","cause-participacion-y-ciudadania-global","format-recursos-educativos"],"acf":[],"yoast_head":"<!-- This site is optimized with the Yoast SEO Premium plugin v21.6 (Yoast SEO v27.5) - https:\/\/yoast.com\/product\/yoast-seo-premium-wordpress\/ -->\n<title>Educaci\u00f3n t\u00e9cnica, una educaci\u00f3n para la vida - Entreculturas<\/title>\n<meta name=\"robots\" content=\"index, follow, max-snippet:-1, max-image-preview:large, max-video-preview:-1\" \/>\n<link rel=\"canonical\" href=\"https:\/\/www.entreculturas.org\/gl\/publicacion\/educacion-tecnica-una-educacion-para-la-vida\/\" \/>\n<meta property=\"og:locale\" content=\"gl_ES\" \/>\n<meta property=\"og:type\" content=\"article\" \/>\n<meta property=\"og:title\" content=\"Educaci\u00f3n t\u00e9cnica, una educaci\u00f3n para la vida\" \/>\n<meta property=\"og:description\" content=\"A trav\u00e9s de esta exposici\u00f3n puedes conocer la propuesta de trabajo conjunto realizado entre una escuela t\u00e9cnica de Valencia y una escuela t\u00e9cnica de Cochabamba y analizar la importancia de la educaci\u00f3n t\u00e9cnica y profesional para el desarrollo de los pueblos. 11 paneles\" \/>\n<meta property=\"og:url\" content=\"https:\/\/www.entreculturas.org\/gl\/publicacion\/educacion-tecnica-una-educacion-para-la-vida\/\" \/>\n<meta property=\"og:site_name\" content=\"Entreculturas\" \/>\n<meta property=\"article:publisher\" content=\"https:\/\/www.facebook.com\/entreculturas\" \/>\n<meta property=\"article:modified_time\" content=\"2024-03-22T11:00:53+00:00\" \/>\n<meta property=\"og:image\" content=\"https:\/\/www.entreculturas.org\/wp-content\/uploads\/2015\/12\/educacion_tecnica_una_educacion_para_la_vida.png\" \/>\n\t<meta property=\"og:image:width\" content=\"593\" \/>\n\t<meta property=\"og:image:height\" content=\"590\" \/>\n\t<meta property=\"og:image:type\" content=\"image\/png\" \/>\n<meta name=\"twitter:card\" content=\"summary_large_image\" \/>\n<meta name=\"twitter:site\" content=\"@Entreculturas\" \/>\n<script type=\"application\/ld+json\" class=\"yoast-schema-graph\">{\"@context\":\"https:\\\/\\\/schema.org\",\"@graph\":[{\"@type\":\"WebPage\",\"@id\":\"https:\\\/\\\/www.entreculturas.org\\\/gl\\\/publicacion\\\/educacion-tecnica-una-educacion-para-la-vida\\\/\",\"url\":\"https:\\\/\\\/www.entreculturas.org\\\/gl\\\/publicacion\\\/educacion-tecnica-una-educacion-para-la-vida\\\/\",\"name\":\"Educaci\u00f3n t\u00e9cnica, una educaci\u00f3n para la vida - Entreculturas\",\"isPartOf\":{\"@id\":\"https:\\\/\\\/www.entreculturas.org\\\/gl\\\/#website\"},\"primaryImageOfPage\":{\"@id\":\"https:\\\/\\\/www.entreculturas.org\\\/gl\\\/publicacion\\\/educacion-tecnica-una-educacion-para-la-vida\\\/#primaryimage\"},\"image\":{\"@id\":\"https:\\\/\\\/www.entreculturas.org\\\/gl\\\/publicacion\\\/educacion-tecnica-una-educacion-para-la-vida\\\/#primaryimage\"},\"thumbnailUrl\":\"https:\\\/\\\/www.entreculturas.org\\\/wp-content\\\/uploads\\\/2015\\\/12\\\/educacion_tecnica_una_educacion_para_la_vida.png\",\"datePublished\":\"2015-11-25T10:18:22+00:00\",\"dateModified\":\"2024-03-22T11:00:53+00:00\",\"breadcrumb\":{\"@id\":\"https:\\\/\\\/www.entreculturas.org\\\/gl\\\/publicacion\\\/educacion-tecnica-una-educacion-para-la-vida\\\/#breadcrumb\"},\"inLanguage\":\"gl-ES\",\"potentialAction\":[{\"@type\":\"ReadAction\",\"target\":[\"https:\\\/\\\/www.entreculturas.org\\\/gl\\\/publicacion\\\/educacion-tecnica-una-educacion-para-la-vida\\\/\"]}]},{\"@type\":\"ImageObject\",\"inLanguage\":\"gl-ES\",\"@id\":\"https:\\\/\\\/www.entreculturas.org\\\/gl\\\/publicacion\\\/educacion-tecnica-una-educacion-para-la-vida\\\/#primaryimage\",\"url\":\"https:\\\/\\\/www.entreculturas.org\\\/wp-content\\\/uploads\\\/2015\\\/12\\\/educacion_tecnica_una_educacion_para_la_vida.png\",\"contentUrl\":\"https:\\\/\\\/www.entreculturas.org\\\/wp-content\\\/uploads\\\/2015\\\/12\\\/educacion_tecnica_una_educacion_para_la_vida.png\",\"width\":593,\"height\":590,\"caption\":\"educacion_tecnica_una_educacion_para_la_vida\"},{\"@type\":\"BreadcrumbList\",\"@id\":\"https:\\\/\\\/www.entreculturas.org\\\/gl\\\/publicacion\\\/educacion-tecnica-una-educacion-para-la-vida\\\/#breadcrumb\",\"itemListElement\":[{\"@type\":\"ListItem\",\"position\":1,\"name\":\"Home\",\"item\":\"https:\\\/\\\/www.entreculturas.org\\\/gl\\\/\"},{\"@type\":\"ListItem\",\"position\":2,\"name\":\"Publicaciones\",\"item\":\"https:\\\/\\\/www.entreculturas.org\\\/gl\\\/publicaciones\\\/\"},{\"@type\":\"ListItem\",\"position\":3,\"name\":\"Educaci\u00f3n t\u00e9cnica, una educaci\u00f3n para la vida\"}]},{\"@type\":\"WebSite\",\"@id\":\"https:\\\/\\\/www.entreculturas.org\\\/gl\\\/#website\",\"url\":\"https:\\\/\\\/www.entreculturas.org\\\/gl\\\/\",\"name\":\"Entreculturas\",\"description\":\"\",\"publisher\":{\"@id\":\"https:\\\/\\\/www.entreculturas.org\\\/gl\\\/#organization\"},\"alternateName\":\"Entreculturas\",\"potentialAction\":[{\"@type\":\"SearchAction\",\"target\":{\"@type\":\"EntryPoint\",\"urlTemplate\":\"https:\\\/\\\/www.entreculturas.org\\\/gl\\\/?s={search_term_string}\"},\"query-input\":{\"@type\":\"PropertyValueSpecification\",\"valueRequired\":true,\"valueName\":\"search_term_string\"}}],\"inLanguage\":\"gl-ES\"},{\"@type\":\"Organization\",\"@id\":\"https:\\\/\\\/www.entreculturas.org\\\/gl\\\/#organization\",\"name\":\"Entreculturas\",\"url\":\"https:\\\/\\\/www.entreculturas.org\\\/gl\\\/\",\"logo\":{\"@type\":\"ImageObject\",\"inLanguage\":\"gl-ES\",\"@id\":\"https:\\\/\\\/www.entreculturas.org\\\/gl\\\/#\\\/schema\\\/logo\\\/image\\\/\",\"url\":\"https:\\\/\\\/www.entreculturas.org\\\/wp-content\\\/uploads\\\/2025\\\/10\\\/ESP.svg\",\"contentUrl\":\"https:\\\/\\\/www.entreculturas.org\\\/wp-content\\\/uploads\\\/2025\\\/10\\\/ESP.svg\",\"caption\":\"Entreculturas\"},\"image\":{\"@id\":\"https:\\\/\\\/www.entreculturas.org\\\/gl\\\/#\\\/schema\\\/logo\\\/image\\\/\"},\"sameAs\":[\"https:\\\/\\\/www.facebook.com\\\/entreculturas\",\"https:\\\/\\\/x.com\\\/Entreculturas\",\"https:\\\/\\\/www.instagram.com\\\/entreculturas\\\/\",\"https:\\\/\\\/www.youtube.com\\\/user\\\/entreculturasvideo\",\"https:\\\/\\\/www.linkedin.com\\\/company\\\/fundacion-entreculturas-ngdo\\\/\",\"https:\\\/\\\/www.flickr.com\\\/photos\\\/98455522@N04\\\/albums\\\/\"]}]}<\/script>\n<!-- \/ Yoast SEO Premium plugin. -->","yoast_head_json":{"title":"Educaci\u00f3n t\u00e9cnica, una educaci\u00f3n para la vida - Entreculturas","robots":{"index":"index","follow":"follow","max-snippet":"max-snippet:-1","max-image-preview":"max-image-preview:large","max-video-preview":"max-video-preview:-1"},"canonical":"https:\/\/www.entreculturas.org\/gl\/publicacion\/educacion-tecnica-una-educacion-para-la-vida\/","og_locale":"gl_ES","og_type":"article","og_title":"Educaci\u00f3n t\u00e9cnica, una educaci\u00f3n para la vida","og_description":"A trav\u00e9s de esta exposici\u00f3n puedes conocer la propuesta de trabajo conjunto realizado entre una escuela t\u00e9cnica de Valencia y una escuela t\u00e9cnica de Cochabamba y analizar la importancia de la educaci\u00f3n t\u00e9cnica y profesional para el desarrollo de los pueblos. 11 paneles","og_url":"https:\/\/www.entreculturas.org\/gl\/publicacion\/educacion-tecnica-una-educacion-para-la-vida\/","og_site_name":"Entreculturas","article_publisher":"https:\/\/www.facebook.com\/entreculturas","article_modified_time":"2024-03-22T11:00:53+00:00","og_image":[{"width":593,"height":590,"url":"https:\/\/www.entreculturas.org\/wp-content\/uploads\/2015\/12\/educacion_tecnica_una_educacion_para_la_vida.png","type":"image\/png"}],"twitter_card":"summary_large_image","twitter_site":"@Entreculturas","schema":{"@context":"https:\/\/schema.org","@graph":[{"@type":"WebPage","@id":"https:\/\/www.entreculturas.org\/gl\/publicacion\/educacion-tecnica-una-educacion-para-la-vida\/","url":"https:\/\/www.entreculturas.org\/gl\/publicacion\/educacion-tecnica-una-educacion-para-la-vida\/","name":"Educaci\u00f3n t\u00e9cnica, una educaci\u00f3n para la vida - Entreculturas","isPartOf":{"@id":"https:\/\/www.entreculturas.org\/gl\/#website"},"primaryImageOfPage":{"@id":"https:\/\/www.entreculturas.org\/gl\/publicacion\/educacion-tecnica-una-educacion-para-la-vida\/#primaryimage"},"image":{"@id":"https:\/\/www.entreculturas.org\/gl\/publicacion\/educacion-tecnica-una-educacion-para-la-vida\/#primaryimage"},"thumbnailUrl":"https:\/\/www.entreculturas.org\/wp-content\/uploads\/2015\/12\/educacion_tecnica_una_educacion_para_la_vida.png","datePublished":"2015-11-25T10:18:22+00:00","dateModified":"2024-03-22T11:00:53+00:00","breadcrumb":{"@id":"https:\/\/www.entreculturas.org\/gl\/publicacion\/educacion-tecnica-una-educacion-para-la-vida\/#breadcrumb"},"inLanguage":"gl-ES","potentialAction":[{"@type":"ReadAction","target":["https:\/\/www.entreculturas.org\/gl\/publicacion\/educacion-tecnica-una-educacion-para-la-vida\/"]}]},{"@type":"ImageObject","inLanguage":"gl-ES","@id":"https:\/\/www.entreculturas.org\/gl\/publicacion\/educacion-tecnica-una-educacion-para-la-vida\/#primaryimage","url":"https:\/\/www.entreculturas.org\/wp-content\/uploads\/2015\/12\/educacion_tecnica_una_educacion_para_la_vida.png","contentUrl":"https:\/\/www.entreculturas.org\/wp-content\/uploads\/2015\/12\/educacion_tecnica_una_educacion_para_la_vida.png","width":593,"height":590,"caption":"educacion_tecnica_una_educacion_para_la_vida"},{"@type":"BreadcrumbList","@id":"https:\/\/www.entreculturas.org\/gl\/publicacion\/educacion-tecnica-una-educacion-para-la-vida\/#breadcrumb","itemListElement":[{"@type":"ListItem","position":1,"name":"Home","item":"https:\/\/www.entreculturas.org\/gl\/"},{"@type":"ListItem","position":2,"name":"Publicaciones","item":"https:\/\/www.entreculturas.org\/gl\/publicaciones\/"},{"@type":"ListItem","position":3,"name":"Educaci\u00f3n t\u00e9cnica, una educaci\u00f3n para la vida"}]},{"@type":"WebSite","@id":"https:\/\/www.entreculturas.org\/gl\/#website","url":"https:\/\/www.entreculturas.org\/gl\/","name":"Entreculturas","description":"","publisher":{"@id":"https:\/\/www.entreculturas.org\/gl\/#organization"},"alternateName":"Entreculturas","potentialAction":[{"@type":"SearchAction","target":{"@type":"EntryPoint","urlTemplate":"https:\/\/www.entreculturas.org\/gl\/?s={search_term_string}"},"query-input":{"@type":"PropertyValueSpecification","valueRequired":true,"valueName":"search_term_string"}}],"inLanguage":"gl-ES"},{"@type":"Organization","@id":"https:\/\/www.entreculturas.org\/gl\/#organization","name":"Entreculturas","url":"https:\/\/www.entreculturas.org\/gl\/","logo":{"@type":"ImageObject","inLanguage":"gl-ES","@id":"https:\/\/www.entreculturas.org\/gl\/#\/schema\/logo\/image\/","url":"https:\/\/www.entreculturas.org\/wp-content\/uploads\/2025\/10\/ESP.svg","contentUrl":"https:\/\/www.entreculturas.org\/wp-content\/uploads\/2025\/10\/ESP.svg","caption":"Entreculturas"},"image":{"@id":"https:\/\/www.entreculturas.org\/gl\/#\/schema\/logo\/image\/"},"sameAs":["https:\/\/www.facebook.com\/entreculturas","https:\/\/x.com\/Entreculturas","https:\/\/www.instagram.com\/entreculturas\/","https:\/\/www.youtube.com\/user\/entreculturasvideo","https:\/\/www.linkedin.com\/company\/fundacion-entreculturas-ngdo\/","https:\/\/www.flickr.com\/photos\/98455522@N04\/albums\/"]}]}},"_links":{"self":[{"href":"https:\/\/www.entreculturas.org\/gl\/wp-json\/wp\/v2\/publicacion\/4573","targetHints":{"allow":["GET"]}}],"collection":[{"href":"https:\/\/www.entreculturas.org\/gl\/wp-json\/wp\/v2\/publicacion"}],"about":[{"href":"https:\/\/www.entreculturas.org\/gl\/wp-json\/wp\/v2\/types\/publicacion"}],"wp:featuredmedia":[{"embeddable":true,"href":"https:\/\/www.entreculturas.org\/gl\/wp-json\/wp\/v2\/media\/4574"}],"wp:attachment":[{"href":"https:\/\/www.entreculturas.org\/gl\/wp-json\/wp\/v2\/media?parent=4573"}],"wp:term":[{"taxonomy":"category","embeddable":true,"href":"https:\/\/www.entreculturas.org\/gl\/wp-json\/wp\/v2\/categories?post=4573"},{"taxonomy":"post_tag","embeddable":true,"href":"https:\/\/www.entreculturas.org\/gl\/wp-json\/wp\/v2\/tags?post=4573"},{"taxonomy":"cause","embeddable":true,"href":"https:\/\/www.entreculturas.org\/gl\/wp-json\/wp\/v2\/cause?post=4573"},{"taxonomy":"format","embeddable":true,"href":"https:\/\/www.entreculturas.org\/gl\/wp-json\/wp\/v2\/format?post=4573"}],"curies":[{"name":"wp","href":"https:\/\/api.w.org\/{rel}","templated":true}]}}

Educación técnica, una educación para la vida

<p style="text-align:justify"><span style="font-size:16px">A través de esta exposición puedes conocer la propuesta de trabajo conjunto realizado entre una escuela técnica de Valencia y una escuela técnica de Cochabamba y analizar la importancia de la educación técnica y profesional para el desarrollo de los pueblos.</span></p>
<p style="text-align:justify"><span style="font-size:16px">11 paneles</span></p>

<p>A través de esta exposición puedes conocer la propuesta de trabajo conjunto realizado entre una escuela técnica de Valencia y una escuela técnica de Cochabamba y analizar la importancia de la educación técnica y profesional para el desarrollo de los pueblos. 11 paneles</p>

<!-- This site is optimized with the Yoast SEO Premium plugin v21.6 (Yoast SEO v27.5) - https://yoast.com/product/yoast-seo-premium-wordpress/ -->
<title>Educación técnica, una educación para la vida - Entreculturas</title>
<meta name="robots" content="index, follow, max-snippet:-1, max-image-preview:large, max-video-preview:-1" />
<link rel="canonical" href="https://www.entreculturas.org/gl/publicacion/educacion-tecnica-una-educacion-para-la-vida/" />
<meta property="og:locale" content="gl_ES" />
<meta property="og:type" content="article" />
<meta property="og:title" content="Educación técnica, una educación para la vida" />
<meta property="og:description" content="A través de esta exposición puedes conocer la propuesta de trabajo conjunto realizado entre una escuela técnica de Valencia y una escuela técnica de Cochabamba y analizar la importancia de la educación técnica y profesional para el desarrollo de los pueblos. 11 paneles" />
<meta property="og:url" content="https://www.entreculturas.org/gl/publicacion/educacion-tecnica-una-educacion-para-la-vida/" />
<meta property="og:site_name" content="Entreculturas" />
<meta property="article:publisher" content="https://www.facebook.com/entreculturas" />
<meta property="article:modified_time" content="2024-03-22T11:00:53+00:00" />
<meta property="og:image" content="https://www.entreculturas.org/wp-content/uploads/2015/12/educacion_tecnica_una_educacion_para_la_vida.png" />
	<meta property="og:image:width" content="593" />
	<meta property="og:image:height" content="590" />
	<meta property="og:image:type" content="image/png" />
<meta name="twitter:card" content="summary_large_image" />
<meta name="twitter:site" content="@Entreculturas" />
<script type="application/ld+json" class="yoast-schema-graph">{"@context":"https:\/\/schema.org","@graph":[{"@type":"WebPage","@id":"https:\/\/www.entreculturas.org\/gl\/publicacion\/educacion-tecnica-una-educacion-para-la-vida\/","url":"https:\/\/www.entreculturas.org\/gl\/publicacion\/educacion-tecnica-una-educacion-para-la-vida\/","name":"Educación técnica, una educación para la vida - Entreculturas","isPartOf":{"@id":"https:\/\/www.entreculturas.org\/gl\/#website"},"primaryImageOfPage":{"@id":"https:\/\/www.entreculturas.org\/gl\/publicacion\/educacion-tecnica-una-educacion-para-la-vida\/#primaryimage"},"image":{"@id":"https:\/\/www.entreculturas.org\/gl\/publicacion\/educacion-tecnica-una-educacion-para-la-vida\/#primaryimage"},"thumbnailUrl":"https:\/\/www.entreculturas.org\/wp-content\/uploads\/2015\/12\/educacion_tecnica_una_educacion_para_la_vida.png","datePublished":"2015-11-25T10:18:22+00:00","dateModified":"2024-03-22T11:00:53+00:00","breadcrumb":{"@id":"https:\/\/www.entreculturas.org\/gl\/publicacion\/educacion-tecnica-una-educacion-para-la-vida\/#breadcrumb"},"inLanguage":"gl-ES","potentialAction":[{"@type":"ReadAction","target":["https:\/\/www.entreculturas.org\/gl\/publicacion\/educacion-tecnica-una-educacion-para-la-vida\/"]}]},{"@type":"ImageObject","inLanguage":"gl-ES","@id":"https:\/\/www.entreculturas.org\/gl\/publicacion\/educacion-tecnica-una-educacion-para-la-vida\/#primaryimage","url":"https:\/\/www.entreculturas.org\/wp-content\/uploads\/2015\/12\/educacion_tecnica_una_educacion_para_la_vida.png","contentUrl":"https:\/\/www.entreculturas.org\/wp-content\/uploads\/2015\/12\/educacion_tecnica_una_educacion_para_la_vida.png","width":593,"height":590,"caption":"educacion_tecnica_una_educacion_para_la_vida"},{"@type":"BreadcrumbList","@id":"https:\/\/www.entreculturas.org\/gl\/publicacion\/educacion-tecnica-una-educacion-para-la-vida\/#breadcrumb","itemListElement":[{"@type":"ListItem","position":1,"name":"Home","item":"https:\/\/www.entreculturas.org\/gl\/"},{"@type":"ListItem","position":2,"name":"Publicaciones","item":"https:\/\/www.entreculturas.org\/gl\/publicaciones\/"},{"@type":"ListItem","position":3,"name":"Educación técnica, una educación para la vida"}]},{"@type":"WebSite","@id":"https:\/\/www.entreculturas.org\/gl\/#website","url":"https:\/\/www.entreculturas.org\/gl\/","name":"Entreculturas","description":"","publisher":{"@id":"https:\/\/www.entreculturas.org\/gl\/#organization"},"alternateName":"Entreculturas","potentialAction":[{"@type":"SearchAction","target":{"@type":"EntryPoint","urlTemplate":"https:\/\/www.entreculturas.org\/gl\/?s={search_term_string}"},"query-input":{"@type":"PropertyValueSpecification","valueRequired":true,"valueName":"search_term_string"}}],"inLanguage":"gl-ES"},{"@type":"Organization","@id":"https:\/\/www.entreculturas.org\/gl\/#organization","name":"Entreculturas","url":"https:\/\/www.entreculturas.org\/gl\/","logo":{"@type":"ImageObject","inLanguage":"gl-ES","@id":"https:\/\/www.entreculturas.org\/gl\/#\/schema\/logo\/image\/","url":"https:\/\/www.entreculturas.org\/wp-content\/uploads\/2025\/10\/ESP.svg","contentUrl":"https:\/\/www.entreculturas.org\/wp-content\/uploads\/2025\/10\/ESP.svg","caption":"Entreculturas"},"image":{"@id":"https:\/\/www.entreculturas.org\/gl\/#\/schema\/logo\/image\/"},"sameAs":["https:\/\/www.facebook.com\/entreculturas","https:\/\/x.com\/Entreculturas","https:\/\/www.instagram.com\/entreculturas\/","https:\/\/www.youtube.com\/user\/entreculturasvideo","https:\/\/www.linkedin.com\/company\/fundacion-entreculturas-ngdo\/","https:\/\/www.flickr.com\/photos\/98455522@N04\/albums\/"]}]}</script>
<!-- / Yoast SEO Premium plugin. -->

Educación técnica, una educación para la vida - Entreculturas

A través de esta exposición puedes conocer la propuesta de trabajo conjunto realizado entre una escuela técnica de Valencia y una escuela técnica de Cochabamba y analizar la importancia de la educación técnica y profesional para el desarrollo de los pueblos. 11 paneles
