{"id":21569,"date":"2023-12-04T11:17:10","date_gmt":"2023-12-04T10:17:10","guid":{"rendered":"https:\/\/www.entreculturas.org\/accesibilidade\/"},"modified":"2024-02-26T08:41:48","modified_gmt":"2024-02-26T07:41:48","slug":"accesibilidade","status":"publish","type":"page","link":"https:\/\/www.entreculturas.org\/gl\/accesibilidade\/","title":{"rendered":"Accesibilidade"},"content":{"rendered":"\n<div class=\"wp-block-group has-global-padding is-layout-constrained wp-container-core-group-is-layout-2eabd02e wp-block-group-is-layout-constrained\" style=\"margin-top:var(--wp--preset--spacing--70);margin-bottom:var(--wp--preset--spacing--70);padding-right:20px;padding-left:20px;line-height:1.5\">\n<h2 class=\"wp-block-heading\">Accesibilidade<\/h2>\n\n\n\n<p><br\/>Co obxectivo de mellorar a accesibilidade, a web de Entreculturas adoptou unha serie de medidas destinadas a facilitar a experiencia dos usuarios, inclu\u00eddos colectivos de persoas con alg\u00fan tipo de discapacidade. Algunhas destas medidas implementadas foron as seguintes:<br\/><\/p>\n\n\n\n<ul class=\"wp-block-list\" style=\"margin-top:var(--wp--preset--spacing--30);margin-bottom:var(--wp--preset--spacing--30)\">\n<li>Seguindo as especificaci\u00f3ns WAI-ARIA, marcamos roles de zonas funcionais b\u00e1sicas como navegaci\u00f3n, cabeceira, p\u00e9 de p\u00e1xina, informaci\u00f3n principal e informaci\u00f3n complementaria, etc.<\/li>\n\n\n\n<li>Se un usuario accede \u00e1 web de Entreculturas desde un navegador que non admite follas de estilo, non atopar\u00e1 ning\u00fan problema de navegaci\u00f3n, xa que poder\u00e1 ver calquera contido con CSS desactivado.<\/li>\n\n\n\n<li>Separamos as capas de presentaci\u00f3n (CSS) e comportamento (JavaScript) da capa de estrutura (HTML), para que o contido sexa m\u00e1is facilmente accesible.<\/li>\n\n\n\n<li>O c\u00f3digo HTML e CSS garante a visualizaci\u00f3n correcta de calquera das p\u00e1xinas do sitio desde calquera navegador.<\/li>\n\n\n\n<li>Establecemos unha forma accesible de navegaci\u00f3n a trav\u00e9s das claves de acceso, a trav\u00e9s da seguinte lista:<br\/><\/li>\n<\/ul>\n\n\n\n<ol class=\"wp-block-list\">\n<li>P\u00e1xina de inicio &#8211; Inicio: <a href=\"https:\/\/www.entreculturas.org\/es\/home\">https:\/\/www.entreculturas.org\/es\/home<\/a><\/li>\n\n\n\n<li>Novidades &#8211; Inf\u00f3rmate: <a href=\"https:\/\/www.entreculturas.org\/es\/informate\">https:\/\/www.entreculturas.org\/es\/informate<\/a><\/li>\n\n\n\n<li>Que podes facer: <a href=\"https:\/\/www.entreculturas.org\/es\/que-puedes-hacer-tu\">https:\/\/www.entreculturas.org\/es\/que-trabajos-hacer-tu<\/a><\/li>\n\n\n\n<li>Busca: <a href=\"https:\/\/www.entreculturas.org\/es\/search\/node\">https:\/\/www.entreculturas.org\/es\/search\/node<\/a><\/li>\n\n\n\n<li>Aviso legal: <a href=\"https:\/\/www.entreculturas.org\/es\/cookies-entreculturas\">https:\/\/www.entreculturas.org\/es\/cookies-entreculturas<\/a><\/li>\n\n\n\n<li>Cookies: <a href=\"https:\/\/www.entreculturas.org\/es\/cookies-entreculturas\">https:\/\/www.entreculturas.org\/es\/cookies-entreculturas<\/a><\/li>\n\n\n\n<li>Privacidade: <a href=\"https:\/\/www.entreculturas.org\/es\/privacidad-entreculturas\">https:\/\/www.entreculturas.org\/es\/privacidad-entreculturas<\/a><\/li>\n\n\n\n<li>Co\u00f1ecenos: <a href=\"https:\/\/www.entreculturas.org\/es\/conocenos\">https:\/\/www.entreculturas.org\/es\/conocenos<\/a><\/li>\n\n\n\n<li>Formulario de contacto: <a href=\"https:\/\/www.entreculturas.org\/es\/conocenos\/contacto\">https:\/\/www.entreculturas.org\/es\/conocenos\/contacto<\/a><\/li>\n<\/ol>\n<\/div>\n","protected":false},"excerpt":{"rendered":"<p>Accesibilidade Co obxectivo de mellorar a accesibilidade, a web de Entreculturas adoptou unha serie de medidas destinadas a facilitar a experiencia dos usuarios, inclu\u00eddos colectivos de persoas con alg\u00fan tipo de discapacidade. Algunhas destas medidas implementadas foron as seguintes:<\/p>\n","protected":false},"author":1,"featured_media":0,"parent":0,"menu_order":0,"comment_status":"closed","ping_status":"closed","template":"page-notitle","meta":{"_acf_changed":false,"footnotes":""},"class_list":["post-21569","page","type-page","status-publish","hentry"],"acf":[],"yoast_head":"<!-- This site is optimized with the Yoast SEO Premium plugin v21.6 (Yoast SEO v27.5) - https:\/\/yoast.com\/product\/yoast-seo-premium-wordpress\/ -->\n<title>Accesibilidade - Entreculturas<\/title>\n<meta name=\"robots\" content=\"noindex, follow\" \/>\n<meta property=\"og:locale\" content=\"gl_ES\" \/>\n<meta property=\"og:type\" content=\"article\" \/>\n<meta property=\"og:title\" content=\"Accesibilidade\" \/>\n<meta property=\"og:description\" content=\"Accesibilidade Co obxectivo de mellorar a accesibilidade, a web de Entreculturas adoptou unha serie de medidas destinadas a facilitar a experiencia dos usuarios, inclu\u00eddos colectivos de persoas con alg\u00fan tipo de discapacidade. Algunhas destas medidas implementadas foron as seguintes:\" \/>\n<meta property=\"og:url\" content=\"https:\/\/www.entreculturas.org\/gl\/accesibilidade\/\" \/>\n<meta property=\"og:site_name\" content=\"Entreculturas\" \/>\n<meta property=\"article:publisher\" content=\"https:\/\/www.facebook.com\/entreculturas\" \/>\n<meta property=\"article:modified_time\" content=\"2024-02-26T07:41:48+00:00\" \/>\n<meta name=\"twitter:card\" content=\"summary_large_image\" \/>\n<meta name=\"twitter:site\" content=\"@Entreculturas\" \/>\n<script type=\"application\/ld+json\" class=\"yoast-schema-graph\">{\"@context\":\"https:\\\/\\\/schema.org\",\"@graph\":[{\"@type\":\"WebPage\",\"@id\":\"https:\\\/\\\/www.entreculturas.org\\\/gl\\\/accesibilidade\\\/\",\"url\":\"https:\\\/\\\/www.entreculturas.org\\\/gl\\\/accesibilidade\\\/\",\"name\":\"Accesibilidade - Entreculturas\",\"isPartOf\":{\"@id\":\"https:\\\/\\\/www.entreculturas.org\\\/gl\\\/#website\"},\"datePublished\":\"2023-12-04T10:17:10+00:00\",\"dateModified\":\"2024-02-26T07:41:48+00:00\",\"breadcrumb\":{\"@id\":\"https:\\\/\\\/www.entreculturas.org\\\/gl\\\/accesibilidade\\\/#breadcrumb\"},\"inLanguage\":\"gl-ES\",\"potentialAction\":[{\"@type\":\"ReadAction\",\"target\":[\"https:\\\/\\\/www.entreculturas.org\\\/gl\\\/accesibilidade\\\/\"]}]},{\"@type\":\"BreadcrumbList\",\"@id\":\"https:\\\/\\\/www.entreculturas.org\\\/gl\\\/accesibilidade\\\/#breadcrumb\",\"itemListElement\":[{\"@type\":\"ListItem\",\"position\":1,\"name\":\"Home\",\"item\":\"https:\\\/\\\/www.entreculturas.org\\\/gl\\\/\"},{\"@type\":\"ListItem\",\"position\":2,\"name\":\"Accesibilidade\"}]},{\"@type\":\"WebSite\",\"@id\":\"https:\\\/\\\/www.entreculturas.org\\\/gl\\\/#website\",\"url\":\"https:\\\/\\\/www.entreculturas.org\\\/gl\\\/\",\"name\":\"Entreculturas\",\"description\":\"\",\"publisher\":{\"@id\":\"https:\\\/\\\/www.entreculturas.org\\\/gl\\\/#organization\"},\"alternateName\":\"Entreculturas\",\"potentialAction\":[{\"@type\":\"SearchAction\",\"target\":{\"@type\":\"EntryPoint\",\"urlTemplate\":\"https:\\\/\\\/www.entreculturas.org\\\/gl\\\/?s={search_term_string}\"},\"query-input\":{\"@type\":\"PropertyValueSpecification\",\"valueRequired\":true,\"valueName\":\"search_term_string\"}}],\"inLanguage\":\"gl-ES\"},{\"@type\":\"Organization\",\"@id\":\"https:\\\/\\\/www.entreculturas.org\\\/gl\\\/#organization\",\"name\":\"Entreculturas\",\"url\":\"https:\\\/\\\/www.entreculturas.org\\\/gl\\\/\",\"logo\":{\"@type\":\"ImageObject\",\"inLanguage\":\"gl-ES\",\"@id\":\"https:\\\/\\\/www.entreculturas.org\\\/gl\\\/#\\\/schema\\\/logo\\\/image\\\/\",\"url\":\"https:\\\/\\\/www.entreculturas.org\\\/wp-content\\\/uploads\\\/2025\\\/10\\\/ESP.svg\",\"contentUrl\":\"https:\\\/\\\/www.entreculturas.org\\\/wp-content\\\/uploads\\\/2025\\\/10\\\/ESP.svg\",\"caption\":\"Entreculturas\"},\"image\":{\"@id\":\"https:\\\/\\\/www.entreculturas.org\\\/gl\\\/#\\\/schema\\\/logo\\\/image\\\/\"},\"sameAs\":[\"https:\\\/\\\/www.facebook.com\\\/entreculturas\",\"https:\\\/\\\/x.com\\\/Entreculturas\",\"https:\\\/\\\/www.instagram.com\\\/entreculturas\\\/\",\"https:\\\/\\\/www.youtube.com\\\/user\\\/entreculturasvideo\",\"https:\\\/\\\/www.linkedin.com\\\/company\\\/fundacion-entreculturas-ngdo\\\/\",\"https:\\\/\\\/www.flickr.com\\\/photos\\\/98455522@N04\\\/albums\\\/\"]}]}<\/script>\n<!-- \/ Yoast SEO Premium plugin. -->","yoast_head_json":{"title":"Accesibilidade - Entreculturas","robots":{"index":"noindex","follow":"follow"},"og_locale":"gl_ES","og_type":"article","og_title":"Accesibilidade","og_description":"Accesibilidade Co obxectivo de mellorar a accesibilidade, a web de Entreculturas adoptou unha serie de medidas destinadas a facilitar a experiencia dos usuarios, inclu\u00eddos colectivos de persoas con alg\u00fan tipo de discapacidade. Algunhas destas medidas implementadas foron as seguintes:","og_url":"https:\/\/www.entreculturas.org\/gl\/accesibilidade\/","og_site_name":"Entreculturas","article_publisher":"https:\/\/www.facebook.com\/entreculturas","article_modified_time":"2024-02-26T07:41:48+00:00","twitter_card":"summary_large_image","twitter_site":"@Entreculturas","schema":{"@context":"https:\/\/schema.org","@graph":[{"@type":"WebPage","@id":"https:\/\/www.entreculturas.org\/gl\/accesibilidade\/","url":"https:\/\/www.entreculturas.org\/gl\/accesibilidade\/","name":"Accesibilidade - Entreculturas","isPartOf":{"@id":"https:\/\/www.entreculturas.org\/gl\/#website"},"datePublished":"2023-12-04T10:17:10+00:00","dateModified":"2024-02-26T07:41:48+00:00","breadcrumb":{"@id":"https:\/\/www.entreculturas.org\/gl\/accesibilidade\/#breadcrumb"},"inLanguage":"gl-ES","potentialAction":[{"@type":"ReadAction","target":["https:\/\/www.entreculturas.org\/gl\/accesibilidade\/"]}]},{"@type":"BreadcrumbList","@id":"https:\/\/www.entreculturas.org\/gl\/accesibilidade\/#breadcrumb","itemListElement":[{"@type":"ListItem","position":1,"name":"Home","item":"https:\/\/www.entreculturas.org\/gl\/"},{"@type":"ListItem","position":2,"name":"Accesibilidade"}]},{"@type":"WebSite","@id":"https:\/\/www.entreculturas.org\/gl\/#website","url":"https:\/\/www.entreculturas.org\/gl\/","name":"Entreculturas","description":"","publisher":{"@id":"https:\/\/www.entreculturas.org\/gl\/#organization"},"alternateName":"Entreculturas","potentialAction":[{"@type":"SearchAction","target":{"@type":"EntryPoint","urlTemplate":"https:\/\/www.entreculturas.org\/gl\/?s={search_term_string}"},"query-input":{"@type":"PropertyValueSpecification","valueRequired":true,"valueName":"search_term_string"}}],"inLanguage":"gl-ES"},{"@type":"Organization","@id":"https:\/\/www.entreculturas.org\/gl\/#organization","name":"Entreculturas","url":"https:\/\/www.entreculturas.org\/gl\/","logo":{"@type":"ImageObject","inLanguage":"gl-ES","@id":"https:\/\/www.entreculturas.org\/gl\/#\/schema\/logo\/image\/","url":"https:\/\/www.entreculturas.org\/wp-content\/uploads\/2025\/10\/ESP.svg","contentUrl":"https:\/\/www.entreculturas.org\/wp-content\/uploads\/2025\/10\/ESP.svg","caption":"Entreculturas"},"image":{"@id":"https:\/\/www.entreculturas.org\/gl\/#\/schema\/logo\/image\/"},"sameAs":["https:\/\/www.facebook.com\/entreculturas","https:\/\/x.com\/Entreculturas","https:\/\/www.instagram.com\/entreculturas\/","https:\/\/www.youtube.com\/user\/entreculturasvideo","https:\/\/www.linkedin.com\/company\/fundacion-entreculturas-ngdo\/","https:\/\/www.flickr.com\/photos\/98455522@N04\/albums\/"]}]}},"_links":{"self":[{"href":"https:\/\/www.entreculturas.org\/gl\/wp-json\/wp\/v2\/pages\/21569","targetHints":{"allow":["GET"]}}],"collection":[{"href":"https:\/\/www.entreculturas.org\/gl\/wp-json\/wp\/v2\/pages"}],"about":[{"href":"https:\/\/www.entreculturas.org\/gl\/wp-json\/wp\/v2\/types\/page"}],"author":[{"embeddable":true,"href":"https:\/\/www.entreculturas.org\/gl\/wp-json\/wp\/v2\/users\/1"}],"replies":[{"embeddable":true,"href":"https:\/\/www.entreculturas.org\/gl\/wp-json\/wp\/v2\/comments?post=21569"}],"version-history":[{"count":1,"href":"https:\/\/www.entreculturas.org\/gl\/wp-json\/wp\/v2\/pages\/21569\/revisions"}],"predecessor-version":[{"id":21570,"href":"https:\/\/www.entreculturas.org\/gl\/wp-json\/wp\/v2\/pages\/21569\/revisions\/21570"}],"wp:attachment":[{"href":"https:\/\/www.entreculturas.org\/gl\/wp-json\/wp\/v2\/media?parent=21569"}],"curies":[{"name":"wp","href":"https:\/\/api.w.org\/{rel}","templated":true}]}}

<div class="wp-block-group has-global-padding is-layout-constrained wp-container-core-group-is-layout-2eabd02e wp-block-group-is-layout-constrained" style="margin-top:var(--wp--preset--spacing--70);margin-bottom:var(--wp--preset--spacing--70);padding-right:20px;padding-left:20px;line-height:1.5">
<h2 class="wp-block-heading">Accesibilidade</h2>



<p><br/>Co obxectivo de mellorar a accesibilidade, a web de Entreculturas adoptou unha serie de medidas destinadas a facilitar a experiencia dos usuarios, incluídos colectivos de persoas con algún tipo de discapacidade. Algunhas destas medidas implementadas foron as seguintes:<br/></p>



<ul class="wp-block-list" style="margin-top:var(--wp--preset--spacing--30);margin-bottom:var(--wp--preset--spacing--30)">
<li>Seguindo as especificacións WAI-ARIA, marcamos roles de zonas funcionais básicas como navegación, cabeceira, pé de páxina, información principal e información complementaria, etc.</li>



<li>Se un usuario accede á web de Entreculturas desde un navegador que non admite follas de estilo, non atopará ningún problema de navegación, xa que poderá ver calquera contido con CSS desactivado.</li>



<li>Separamos as capas de presentación (CSS) e comportamento (JavaScript) da capa de estrutura (HTML), para que o contido sexa máis facilmente accesible.</li>



<li>O código HTML e CSS garante a visualización correcta de calquera das páxinas do sitio desde calquera navegador.</li>



<li>Establecemos unha forma accesible de navegación a través das claves de acceso, a través da seguinte lista:<br/></li>
</ul>



<ol class="wp-block-list">
<li>Páxina de inicio &#8211; Inicio: <a href="https://www.entreculturas.org/es/home">https://www.entreculturas.org/es/home</a></li>



<li>Novidades &#8211; Infórmate: <a href="https://www.entreculturas.org/es/informate">https://www.entreculturas.org/es/informate</a></li>



<li>Que podes facer: <a href="https://www.entreculturas.org/es/que-puedes-hacer-tu">https://www.entreculturas.org/es/que-trabajos-hacer-tu</a></li>



<li>Busca: <a href="https://www.entreculturas.org/es/search/node">https://www.entreculturas.org/es/search/node</a></li>



<li>Aviso legal: <a href="https://www.entreculturas.org/es/cookies-entreculturas">https://www.entreculturas.org/es/cookies-entreculturas</a></li>



<li>Cookies: <a href="https://www.entreculturas.org/es/cookies-entreculturas">https://www.entreculturas.org/es/cookies-entreculturas</a></li>



<li>Privacidade: <a href="https://www.entreculturas.org/es/privacidad-entreculturas">https://www.entreculturas.org/es/privacidad-entreculturas</a></li>



<li>Coñecenos: <a href="https://www.entreculturas.org/es/conocenos">https://www.entreculturas.org/es/conocenos</a></li>



<li>Formulario de contacto: <a href="https://www.entreculturas.org/es/conocenos/contacto">https://www.entreculturas.org/es/conocenos/contacto</a></li>
</ol>
</div>

<p>Accesibilidade Co obxectivo de mellorar a accesibilidade, a web de Entreculturas adoptou unha serie de medidas destinadas a facilitar a experiencia dos usuarios, incluídos colectivos de persoas con algún tipo de discapacidade. Algunhas destas medidas implementadas foron as seguintes:</p>

<!-- This site is optimized with the Yoast SEO Premium plugin v21.6 (Yoast SEO v27.5) - https://yoast.com/product/yoast-seo-premium-wordpress/ -->
<title>Accesibilidade - Entreculturas</title>
<meta name="robots" content="noindex, follow" />
<meta property="og:locale" content="gl_ES" />
<meta property="og:type" content="article" />
<meta property="og:title" content="Accesibilidade" />
<meta property="og:description" content="Accesibilidade Co obxectivo de mellorar a accesibilidade, a web de Entreculturas adoptou unha serie de medidas destinadas a facilitar a experiencia dos usuarios, incluídos colectivos de persoas con algún tipo de discapacidade. Algunhas destas medidas implementadas foron as seguintes:" />
<meta property="og:url" content="https://www.entreculturas.org/gl/accesibilidade/" />
<meta property="og:site_name" content="Entreculturas" />
<meta property="article:publisher" content="https://www.facebook.com/entreculturas" />
<meta property="article:modified_time" content="2024-02-26T07:41:48+00:00" />
<meta name="twitter:card" content="summary_large_image" />
<meta name="twitter:site" content="@Entreculturas" />
<script type="application/ld+json" class="yoast-schema-graph">{"@context":"https:\/\/schema.org","@graph":[{"@type":"WebPage","@id":"https:\/\/www.entreculturas.org\/gl\/accesibilidade\/","url":"https:\/\/www.entreculturas.org\/gl\/accesibilidade\/","name":"Accesibilidade - Entreculturas","isPartOf":{"@id":"https:\/\/www.entreculturas.org\/gl\/#website"},"datePublished":"2023-12-04T10:17:10+00:00","dateModified":"2024-02-26T07:41:48+00:00","breadcrumb":{"@id":"https:\/\/www.entreculturas.org\/gl\/accesibilidade\/#breadcrumb"},"inLanguage":"gl-ES","potentialAction":[{"@type":"ReadAction","target":["https:\/\/www.entreculturas.org\/gl\/accesibilidade\/"]}]},{"@type":"BreadcrumbList","@id":"https:\/\/www.entreculturas.org\/gl\/accesibilidade\/#breadcrumb","itemListElement":[{"@type":"ListItem","position":1,"name":"Home","item":"https:\/\/www.entreculturas.org\/gl\/"},{"@type":"ListItem","position":2,"name":"Accesibilidade"}]},{"@type":"WebSite","@id":"https:\/\/www.entreculturas.org\/gl\/#website","url":"https:\/\/www.entreculturas.org\/gl\/","name":"Entreculturas","description":"","publisher":{"@id":"https:\/\/www.entreculturas.org\/gl\/#organization"},"alternateName":"Entreculturas","potentialAction":[{"@type":"SearchAction","target":{"@type":"EntryPoint","urlTemplate":"https:\/\/www.entreculturas.org\/gl\/?s={search_term_string}"},"query-input":{"@type":"PropertyValueSpecification","valueRequired":true,"valueName":"search_term_string"}}],"inLanguage":"gl-ES"},{"@type":"Organization","@id":"https:\/\/www.entreculturas.org\/gl\/#organization","name":"Entreculturas","url":"https:\/\/www.entreculturas.org\/gl\/","logo":{"@type":"ImageObject","inLanguage":"gl-ES","@id":"https:\/\/www.entreculturas.org\/gl\/#\/schema\/logo\/image\/","url":"https:\/\/www.entreculturas.org\/wp-content\/uploads\/2025\/10\/ESP.svg","contentUrl":"https:\/\/www.entreculturas.org\/wp-content\/uploads\/2025\/10\/ESP.svg","caption":"Entreculturas"},"image":{"@id":"https:\/\/www.entreculturas.org\/gl\/#\/schema\/logo\/image\/"},"sameAs":["https:\/\/www.facebook.com\/entreculturas","https:\/\/x.com\/Entreculturas","https:\/\/www.instagram.com\/entreculturas\/","https:\/\/www.youtube.com\/user\/entreculturasvideo","https:\/\/www.linkedin.com\/company\/fundacion-entreculturas-ngdo\/","https:\/\/www.flickr.com\/photos\/98455522@N04\/albums\/"]}]}</script>
<!-- / Yoast SEO Premium plugin. -->

Accesibilidade Co obxectivo de mellorar a accesibilidade, a web de Entreculturas adoptou unha serie de medidas destinadas a facilitar a experiencia dos usuarios, incluídos colectivos de persoas con algún tipo de discapacidade. Algunhas destas medidas implementadas foron as seguintes:
