{"id":31055,"date":"2024-09-06T09:17:40","date_gmt":"2024-09-06T07:17:40","guid":{"rendered":"https:\/\/www.entreculturas.org\/?post_type=material&#038;p=31055"},"modified":"2024-09-06T09:17:42","modified_gmt":"2024-09-06T07:17:42","slug":"cuento-afaf-y-el-huevo-dorado","status":"publish","type":"material","link":"https:\/\/www.entreculturas.org\/gl\/material\/cuento-afaf-y-el-huevo-dorado\/","title":{"rendered":"CUENTO AFAF Y EL HUEVO DORADO"},"content":{"rendered":"","protected":false},"excerpt":{"rendered":"<p>A trav\u00e9s de ilustraciones y canciones las ni\u00f1as refugiadas en Chad han compartido sus experiencias y sue\u00f1os con la artista Salma Khalil. El resultado final de estos talleres ha sido este cuento ilustrado que ha permitido a las ni\u00f1as tomar la palabra y combatir la sombra de la violencia que planea sobre sus vidas.<\/p>\n","protected":false},"featured_media":31057,"template":"","categories":[12],"tags":[631],"link-pdf":[],"class_list":["post-31055","material","type-material","status-publish","has-post-thumbnail","hentry","category-recursos-educativos","tag-https-www-entreculturas-org-wp-content-uploads-2024-07-afaf-y-el-huevo-dorado-pdf"],"acf":[],"yoast_head":"<!-- This site is optimized with the Yoast SEO Premium plugin v21.6 (Yoast SEO v27.5) - https:\/\/yoast.com\/product\/yoast-seo-premium-wordpress\/ -->\n<title>CUENTO AFAF Y EL HUEVO DORADO - Entreculturas<\/title>\n<meta name=\"robots\" content=\"index, follow, max-snippet:-1, max-image-preview:large, max-video-preview:-1\" \/>\n<link rel=\"canonical\" href=\"https:\/\/www.entreculturas.org\/gl\/material\/cuento-afaf-y-el-huevo-dorado\/\" \/>\n<meta property=\"og:locale\" content=\"gl_ES\" \/>\n<meta property=\"og:type\" content=\"article\" \/>\n<meta property=\"og:title\" content=\"CUENTO AFAF Y EL HUEVO DORADO\" \/>\n<meta property=\"og:description\" content=\"A trav\u00e9s de ilustraciones y canciones las ni\u00f1as refugiadas en Chad han compartido sus experiencias y sue\u00f1os con la artista Salma Khalil. El resultado final de estos talleres ha sido este cuento ilustrado que ha permitido a las ni\u00f1as tomar la palabra y combatir la sombra de la violencia que planea sobre sus vidas.\" \/>\n<meta property=\"og:url\" content=\"https:\/\/www.entreculturas.org\/gl\/material\/cuento-afaf-y-el-huevo-dorado\/\" \/>\n<meta property=\"og:site_name\" content=\"Entreculturas\" \/>\n<meta property=\"article:publisher\" content=\"https:\/\/www.facebook.com\/entreculturas\" \/>\n<meta property=\"article:modified_time\" content=\"2024-09-06T07:17:42+00:00\" \/>\n<meta property=\"og:image\" content=\"https:\/\/www.entreculturas.org\/wp-content\/uploads\/2024\/09\/afaf-crop-2.jpg\" \/>\n\t<meta property=\"og:image:width\" content=\"637\" \/>\n\t<meta property=\"og:image:height\" content=\"314\" \/>\n\t<meta property=\"og:image:type\" content=\"image\/jpeg\" \/>\n<meta name=\"twitter:card\" content=\"summary_large_image\" \/>\n<meta name=\"twitter:site\" content=\"@Entreculturas\" \/>\n<script type=\"application\/ld+json\" class=\"yoast-schema-graph\">{\"@context\":\"https:\\\/\\\/schema.org\",\"@graph\":[{\"@type\":\"WebPage\",\"@id\":\"https:\\\/\\\/www.entreculturas.org\\\/gl\\\/material\\\/cuento-afaf-y-el-huevo-dorado\\\/\",\"url\":\"https:\\\/\\\/www.entreculturas.org\\\/gl\\\/material\\\/cuento-afaf-y-el-huevo-dorado\\\/\",\"name\":\"CUENTO AFAF Y EL HUEVO DORADO - Entreculturas\",\"isPartOf\":{\"@id\":\"https:\\\/\\\/www.entreculturas.org\\\/gl\\\/#website\"},\"primaryImageOfPage\":{\"@id\":\"https:\\\/\\\/www.entreculturas.org\\\/gl\\\/material\\\/cuento-afaf-y-el-huevo-dorado\\\/#primaryimage\"},\"image\":{\"@id\":\"https:\\\/\\\/www.entreculturas.org\\\/gl\\\/material\\\/cuento-afaf-y-el-huevo-dorado\\\/#primaryimage\"},\"thumbnailUrl\":\"https:\\\/\\\/www.entreculturas.org\\\/wp-content\\\/uploads\\\/2024\\\/09\\\/afaf-crop-2.jpg\",\"datePublished\":\"2024-09-06T07:17:40+00:00\",\"dateModified\":\"2024-09-06T07:17:42+00:00\",\"breadcrumb\":{\"@id\":\"https:\\\/\\\/www.entreculturas.org\\\/gl\\\/material\\\/cuento-afaf-y-el-huevo-dorado\\\/#breadcrumb\"},\"inLanguage\":\"gl-ES\",\"potentialAction\":[{\"@type\":\"ReadAction\",\"target\":[\"https:\\\/\\\/www.entreculturas.org\\\/gl\\\/material\\\/cuento-afaf-y-el-huevo-dorado\\\/\"]}]},{\"@type\":\"ImageObject\",\"inLanguage\":\"gl-ES\",\"@id\":\"https:\\\/\\\/www.entreculturas.org\\\/gl\\\/material\\\/cuento-afaf-y-el-huevo-dorado\\\/#primaryimage\",\"url\":\"https:\\\/\\\/www.entreculturas.org\\\/wp-content\\\/uploads\\\/2024\\\/09\\\/afaf-crop-2.jpg\",\"contentUrl\":\"https:\\\/\\\/www.entreculturas.org\\\/wp-content\\\/uploads\\\/2024\\\/09\\\/afaf-crop-2.jpg\",\"width\":637,\"height\":314},{\"@type\":\"BreadcrumbList\",\"@id\":\"https:\\\/\\\/www.entreculturas.org\\\/gl\\\/material\\\/cuento-afaf-y-el-huevo-dorado\\\/#breadcrumb\",\"itemListElement\":[{\"@type\":\"ListItem\",\"position\":1,\"name\":\"Home\",\"item\":\"https:\\\/\\\/www.entreculturas.org\\\/gl\\\/\"},{\"@type\":\"ListItem\",\"position\":2,\"name\":\"CUENTO AFAF Y EL HUEVO DORADO\"}]},{\"@type\":\"WebSite\",\"@id\":\"https:\\\/\\\/www.entreculturas.org\\\/gl\\\/#website\",\"url\":\"https:\\\/\\\/www.entreculturas.org\\\/gl\\\/\",\"name\":\"Entreculturas\",\"description\":\"\",\"publisher\":{\"@id\":\"https:\\\/\\\/www.entreculturas.org\\\/gl\\\/#organization\"},\"alternateName\":\"Entreculturas\",\"potentialAction\":[{\"@type\":\"SearchAction\",\"target\":{\"@type\":\"EntryPoint\",\"urlTemplate\":\"https:\\\/\\\/www.entreculturas.org\\\/gl\\\/?s={search_term_string}\"},\"query-input\":{\"@type\":\"PropertyValueSpecification\",\"valueRequired\":true,\"valueName\":\"search_term_string\"}}],\"inLanguage\":\"gl-ES\"},{\"@type\":\"Organization\",\"@id\":\"https:\\\/\\\/www.entreculturas.org\\\/gl\\\/#organization\",\"name\":\"Entreculturas\",\"url\":\"https:\\\/\\\/www.entreculturas.org\\\/gl\\\/\",\"logo\":{\"@type\":\"ImageObject\",\"inLanguage\":\"gl-ES\",\"@id\":\"https:\\\/\\\/www.entreculturas.org\\\/gl\\\/#\\\/schema\\\/logo\\\/image\\\/\",\"url\":\"https:\\\/\\\/www.entreculturas.org\\\/wp-content\\\/uploads\\\/2025\\\/10\\\/ESP.svg\",\"contentUrl\":\"https:\\\/\\\/www.entreculturas.org\\\/wp-content\\\/uploads\\\/2025\\\/10\\\/ESP.svg\",\"caption\":\"Entreculturas\"},\"image\":{\"@id\":\"https:\\\/\\\/www.entreculturas.org\\\/gl\\\/#\\\/schema\\\/logo\\\/image\\\/\"},\"sameAs\":[\"https:\\\/\\\/www.facebook.com\\\/entreculturas\",\"https:\\\/\\\/x.com\\\/Entreculturas\",\"https:\\\/\\\/www.instagram.com\\\/entreculturas\\\/\",\"https:\\\/\\\/www.youtube.com\\\/user\\\/entreculturasvideo\",\"https:\\\/\\\/www.linkedin.com\\\/company\\\/fundacion-entreculturas-ngdo\\\/\",\"https:\\\/\\\/www.flickr.com\\\/photos\\\/98455522@N04\\\/albums\\\/\"]}]}<\/script>\n<!-- \/ Yoast SEO Premium plugin. -->","yoast_head_json":{"title":"CUENTO AFAF Y EL HUEVO DORADO - Entreculturas","robots":{"index":"index","follow":"follow","max-snippet":"max-snippet:-1","max-image-preview":"max-image-preview:large","max-video-preview":"max-video-preview:-1"},"canonical":"https:\/\/www.entreculturas.org\/gl\/material\/cuento-afaf-y-el-huevo-dorado\/","og_locale":"gl_ES","og_type":"article","og_title":"CUENTO AFAF Y EL HUEVO DORADO","og_description":"A trav\u00e9s de ilustraciones y canciones las ni\u00f1as refugiadas en Chad han compartido sus experiencias y sue\u00f1os con la artista Salma Khalil. El resultado final de estos talleres ha sido este cuento ilustrado que ha permitido a las ni\u00f1as tomar la palabra y combatir la sombra de la violencia que planea sobre sus vidas.","og_url":"https:\/\/www.entreculturas.org\/gl\/material\/cuento-afaf-y-el-huevo-dorado\/","og_site_name":"Entreculturas","article_publisher":"https:\/\/www.facebook.com\/entreculturas","article_modified_time":"2024-09-06T07:17:42+00:00","og_image":[{"width":637,"height":314,"url":"https:\/\/www.entreculturas.org\/wp-content\/uploads\/2024\/09\/afaf-crop-2.jpg","type":"image\/jpeg"}],"twitter_card":"summary_large_image","twitter_site":"@Entreculturas","schema":{"@context":"https:\/\/schema.org","@graph":[{"@type":"WebPage","@id":"https:\/\/www.entreculturas.org\/gl\/material\/cuento-afaf-y-el-huevo-dorado\/","url":"https:\/\/www.entreculturas.org\/gl\/material\/cuento-afaf-y-el-huevo-dorado\/","name":"CUENTO AFAF Y EL HUEVO DORADO - Entreculturas","isPartOf":{"@id":"https:\/\/www.entreculturas.org\/gl\/#website"},"primaryImageOfPage":{"@id":"https:\/\/www.entreculturas.org\/gl\/material\/cuento-afaf-y-el-huevo-dorado\/#primaryimage"},"image":{"@id":"https:\/\/www.entreculturas.org\/gl\/material\/cuento-afaf-y-el-huevo-dorado\/#primaryimage"},"thumbnailUrl":"https:\/\/www.entreculturas.org\/wp-content\/uploads\/2024\/09\/afaf-crop-2.jpg","datePublished":"2024-09-06T07:17:40+00:00","dateModified":"2024-09-06T07:17:42+00:00","breadcrumb":{"@id":"https:\/\/www.entreculturas.org\/gl\/material\/cuento-afaf-y-el-huevo-dorado\/#breadcrumb"},"inLanguage":"gl-ES","potentialAction":[{"@type":"ReadAction","target":["https:\/\/www.entreculturas.org\/gl\/material\/cuento-afaf-y-el-huevo-dorado\/"]}]},{"@type":"ImageObject","inLanguage":"gl-ES","@id":"https:\/\/www.entreculturas.org\/gl\/material\/cuento-afaf-y-el-huevo-dorado\/#primaryimage","url":"https:\/\/www.entreculturas.org\/wp-content\/uploads\/2024\/09\/afaf-crop-2.jpg","contentUrl":"https:\/\/www.entreculturas.org\/wp-content\/uploads\/2024\/09\/afaf-crop-2.jpg","width":637,"height":314},{"@type":"BreadcrumbList","@id":"https:\/\/www.entreculturas.org\/gl\/material\/cuento-afaf-y-el-huevo-dorado\/#breadcrumb","itemListElement":[{"@type":"ListItem","position":1,"name":"Home","item":"https:\/\/www.entreculturas.org\/gl\/"},{"@type":"ListItem","position":2,"name":"CUENTO AFAF Y EL HUEVO DORADO"}]},{"@type":"WebSite","@id":"https:\/\/www.entreculturas.org\/gl\/#website","url":"https:\/\/www.entreculturas.org\/gl\/","name":"Entreculturas","description":"","publisher":{"@id":"https:\/\/www.entreculturas.org\/gl\/#organization"},"alternateName":"Entreculturas","potentialAction":[{"@type":"SearchAction","target":{"@type":"EntryPoint","urlTemplate":"https:\/\/www.entreculturas.org\/gl\/?s={search_term_string}"},"query-input":{"@type":"PropertyValueSpecification","valueRequired":true,"valueName":"search_term_string"}}],"inLanguage":"gl-ES"},{"@type":"Organization","@id":"https:\/\/www.entreculturas.org\/gl\/#organization","name":"Entreculturas","url":"https:\/\/www.entreculturas.org\/gl\/","logo":{"@type":"ImageObject","inLanguage":"gl-ES","@id":"https:\/\/www.entreculturas.org\/gl\/#\/schema\/logo\/image\/","url":"https:\/\/www.entreculturas.org\/wp-content\/uploads\/2025\/10\/ESP.svg","contentUrl":"https:\/\/www.entreculturas.org\/wp-content\/uploads\/2025\/10\/ESP.svg","caption":"Entreculturas"},"image":{"@id":"https:\/\/www.entreculturas.org\/gl\/#\/schema\/logo\/image\/"},"sameAs":["https:\/\/www.facebook.com\/entreculturas","https:\/\/x.com\/Entreculturas","https:\/\/www.instagram.com\/entreculturas\/","https:\/\/www.youtube.com\/user\/entreculturasvideo","https:\/\/www.linkedin.com\/company\/fundacion-entreculturas-ngdo\/","https:\/\/www.flickr.com\/photos\/98455522@N04\/albums\/"]}]}},"_links":{"self":[{"href":"https:\/\/www.entreculturas.org\/gl\/wp-json\/wp\/v2\/material\/31055","targetHints":{"allow":["GET"]}}],"collection":[{"href":"https:\/\/www.entreculturas.org\/gl\/wp-json\/wp\/v2\/material"}],"about":[{"href":"https:\/\/www.entreculturas.org\/gl\/wp-json\/wp\/v2\/types\/material"}],"wp:featuredmedia":[{"embeddable":true,"href":"https:\/\/www.entreculturas.org\/gl\/wp-json\/wp\/v2\/media\/31057"}],"wp:attachment":[{"href":"https:\/\/www.entreculturas.org\/gl\/wp-json\/wp\/v2\/media?parent=31055"}],"wp:term":[{"taxonomy":"category","embeddable":true,"href":"https:\/\/www.entreculturas.org\/gl\/wp-json\/wp\/v2\/categories?post=31055"},{"taxonomy":"post_tag","embeddable":true,"href":"https:\/\/www.entreculturas.org\/gl\/wp-json\/wp\/v2\/tags?post=31055"},{"taxonomy":"link-pdf","embeddable":true,"href":"https:\/\/www.entreculturas.org\/gl\/wp-json\/wp\/v2\/link-pdf?post=31055"}],"curies":[{"name":"wp","href":"https:\/\/api.w.org\/{rel}","templated":true}]}}

<p>A través de ilustraciones y canciones las niñas refugiadas en Chad han compartido sus experiencias y sueños con la artista Salma Khalil. El resultado final de estos talleres ha sido este cuento ilustrado que ha permitido a las niñas tomar la palabra y combatir la sombra de la violencia que planea sobre sus vidas.</p>

<!-- This site is optimized with the Yoast SEO Premium plugin v21.6 (Yoast SEO v27.5) - https://yoast.com/product/yoast-seo-premium-wordpress/ -->
<title>CUENTO AFAF Y EL HUEVO DORADO - Entreculturas</title>
<meta name="robots" content="index, follow, max-snippet:-1, max-image-preview:large, max-video-preview:-1" />
<link rel="canonical" href="https://www.entreculturas.org/gl/material/cuento-afaf-y-el-huevo-dorado/" />
<meta property="og:locale" content="gl_ES" />
<meta property="og:type" content="article" />
<meta property="og:title" content="CUENTO AFAF Y EL HUEVO DORADO" />
<meta property="og:description" content="A través de ilustraciones y canciones las niñas refugiadas en Chad han compartido sus experiencias y sueños con la artista Salma Khalil. El resultado final de estos talleres ha sido este cuento ilustrado que ha permitido a las niñas tomar la palabra y combatir la sombra de la violencia que planea sobre sus vidas." />
<meta property="og:url" content="https://www.entreculturas.org/gl/material/cuento-afaf-y-el-huevo-dorado/" />
<meta property="og:site_name" content="Entreculturas" />
<meta property="article:publisher" content="https://www.facebook.com/entreculturas" />
<meta property="article:modified_time" content="2024-09-06T07:17:42+00:00" />
<meta property="og:image" content="https://www.entreculturas.org/wp-content/uploads/2024/09/afaf-crop-2.jpg" />
	<meta property="og:image:width" content="637" />
	<meta property="og:image:height" content="314" />
	<meta property="og:image:type" content="image/jpeg" />
<meta name="twitter:card" content="summary_large_image" />
<meta name="twitter:site" content="@Entreculturas" />
<script type="application/ld+json" class="yoast-schema-graph">{"@context":"https:\/\/schema.org","@graph":[{"@type":"WebPage","@id":"https:\/\/www.entreculturas.org\/gl\/material\/cuento-afaf-y-el-huevo-dorado\/","url":"https:\/\/www.entreculturas.org\/gl\/material\/cuento-afaf-y-el-huevo-dorado\/","name":"CUENTO AFAF Y EL HUEVO DORADO - Entreculturas","isPartOf":{"@id":"https:\/\/www.entreculturas.org\/gl\/#website"},"primaryImageOfPage":{"@id":"https:\/\/www.entreculturas.org\/gl\/material\/cuento-afaf-y-el-huevo-dorado\/#primaryimage"},"image":{"@id":"https:\/\/www.entreculturas.org\/gl\/material\/cuento-afaf-y-el-huevo-dorado\/#primaryimage"},"thumbnailUrl":"https:\/\/www.entreculturas.org\/wp-content\/uploads\/2024\/09\/afaf-crop-2.jpg","datePublished":"2024-09-06T07:17:40+00:00","dateModified":"2024-09-06T07:17:42+00:00","breadcrumb":{"@id":"https:\/\/www.entreculturas.org\/gl\/material\/cuento-afaf-y-el-huevo-dorado\/#breadcrumb"},"inLanguage":"gl-ES","potentialAction":[{"@type":"ReadAction","target":["https:\/\/www.entreculturas.org\/gl\/material\/cuento-afaf-y-el-huevo-dorado\/"]}]},{"@type":"ImageObject","inLanguage":"gl-ES","@id":"https:\/\/www.entreculturas.org\/gl\/material\/cuento-afaf-y-el-huevo-dorado\/#primaryimage","url":"https:\/\/www.entreculturas.org\/wp-content\/uploads\/2024\/09\/afaf-crop-2.jpg","contentUrl":"https:\/\/www.entreculturas.org\/wp-content\/uploads\/2024\/09\/afaf-crop-2.jpg","width":637,"height":314},{"@type":"BreadcrumbList","@id":"https:\/\/www.entreculturas.org\/gl\/material\/cuento-afaf-y-el-huevo-dorado\/#breadcrumb","itemListElement":[{"@type":"ListItem","position":1,"name":"Home","item":"https:\/\/www.entreculturas.org\/gl\/"},{"@type":"ListItem","position":2,"name":"CUENTO AFAF Y EL HUEVO DORADO"}]},{"@type":"WebSite","@id":"https:\/\/www.entreculturas.org\/gl\/#website","url":"https:\/\/www.entreculturas.org\/gl\/","name":"Entreculturas","description":"","publisher":{"@id":"https:\/\/www.entreculturas.org\/gl\/#organization"},"alternateName":"Entreculturas","potentialAction":[{"@type":"SearchAction","target":{"@type":"EntryPoint","urlTemplate":"https:\/\/www.entreculturas.org\/gl\/?s={search_term_string}"},"query-input":{"@type":"PropertyValueSpecification","valueRequired":true,"valueName":"search_term_string"}}],"inLanguage":"gl-ES"},{"@type":"Organization","@id":"https:\/\/www.entreculturas.org\/gl\/#organization","name":"Entreculturas","url":"https:\/\/www.entreculturas.org\/gl\/","logo":{"@type":"ImageObject","inLanguage":"gl-ES","@id":"https:\/\/www.entreculturas.org\/gl\/#\/schema\/logo\/image\/","url":"https:\/\/www.entreculturas.org\/wp-content\/uploads\/2025\/10\/ESP.svg","contentUrl":"https:\/\/www.entreculturas.org\/wp-content\/uploads\/2025\/10\/ESP.svg","caption":"Entreculturas"},"image":{"@id":"https:\/\/www.entreculturas.org\/gl\/#\/schema\/logo\/image\/"},"sameAs":["https:\/\/www.facebook.com\/entreculturas","https:\/\/x.com\/Entreculturas","https:\/\/www.instagram.com\/entreculturas\/","https:\/\/www.youtube.com\/user\/entreculturasvideo","https:\/\/www.linkedin.com\/company\/fundacion-entreculturas-ngdo\/","https:\/\/www.flickr.com\/photos\/98455522@N04\/albums\/"]}]}</script>
<!-- / Yoast SEO Premium plugin. -->

A través de ilustraciones y canciones las niñas refugiadas en Chad han compartido sus experiencias y sueños con la artista Salma Khalil. El resultado final de estos talleres ha sido este cuento ilustrado que ha permitido a las niñas tomar la palabra y combatir la sombra de la violencia que planea sobre sus vidas.
