{"id":31021,"date":"2024-09-06T08:53:30","date_gmt":"2024-09-06T06:53:30","guid":{"rendered":"https:\/\/www.entreculturas.org\/?post_type=material&#038;p=31021"},"modified":"2024-09-06T09:03:38","modified_gmt":"2024-09-06T07:03:38","slug":"diagnostico-somos-ninas-y-adolescentes-valiosas-con-dignidad-y-derechos","status":"publish","type":"material","link":"https:\/\/www.entreculturas.org\/gl\/material\/diagnostico-somos-ninas-y-adolescentes-valiosas-con-dignidad-y-derechos\/","title":{"rendered":"Diagn\u00f3stico &#8220;Somos ni\u00f1as y adolescentes valiosas, con dignidad y derechos&#8221;"},"content":{"rendered":"","protected":false},"excerpt":{"rendered":"<p>La iniciativa de G\u00e9nero de la Federaci\u00f3n Internacional de Fe y Alegr\u00eda ha desarrollado este diagn\u00f3stico, tras entrevistar ni\u00f1as de Per\u00fa, El Salvador, Honduras y Nicaragua. Los datos de este diagn\u00f3stico presentan la situaci\u00f3n de violencia que viven las ni\u00f1as en Centroam\u00e9rica.<\/p>\n","protected":false},"featured_media":31022,"template":"","categories":[],"tags":[579],"link-pdf":[629],"class_list":["post-31021","material","type-material","status-publish","has-post-thumbnail","hentry","tag-noticias-la-luz-de-las-ninas","link-pdf-https-www-entreculturas-org-wp-content-uploads-2024-07-diagnostico-violencias_la-luz-de-las-ninas_2021-pdf"],"acf":[],"yoast_head":"<!-- This site is optimized with the Yoast SEO Premium plugin v21.6 (Yoast SEO v27.5) - https:\/\/yoast.com\/product\/yoast-seo-premium-wordpress\/ -->\n<title>Diagn\u00f3stico &quot;Somos ni\u00f1as y adolescentes valiosas, con dignidad y derechos&quot; - Entreculturas<\/title>\n<meta name=\"robots\" content=\"index, follow, max-snippet:-1, max-image-preview:large, max-video-preview:-1\" \/>\n<link rel=\"canonical\" href=\"https:\/\/www.entreculturas.org\/gl\/material\/diagnostico-somos-ninas-y-adolescentes-valiosas-con-dignidad-y-derechos\/\" \/>\n<meta property=\"og:locale\" content=\"gl_ES\" \/>\n<meta property=\"og:type\" content=\"article\" \/>\n<meta property=\"og:title\" content=\"Diagn\u00f3stico &quot;Somos ni\u00f1as y adolescentes valiosas, con dignidad y derechos&quot;\" \/>\n<meta property=\"og:description\" content=\"La iniciativa de G\u00e9nero de la Federaci\u00f3n Internacional de Fe y Alegr\u00eda ha desarrollado este diagn\u00f3stico, tras entrevistar ni\u00f1as de Per\u00fa, El Salvador, Honduras y Nicaragua. Los datos de este diagn\u00f3stico presentan la situaci\u00f3n de violencia que viven las ni\u00f1as en Centroam\u00e9rica.\" \/>\n<meta property=\"og:url\" content=\"https:\/\/www.entreculturas.org\/gl\/material\/diagnostico-somos-ninas-y-adolescentes-valiosas-con-dignidad-y-derechos\/\" \/>\n<meta property=\"og:site_name\" content=\"Entreculturas\" \/>\n<meta property=\"article:publisher\" content=\"https:\/\/www.facebook.com\/entreculturas\" \/>\n<meta property=\"article:modified_time\" content=\"2024-09-06T07:03:38+00:00\" \/>\n<meta property=\"og:image\" content=\"https:\/\/www.entreculturas.org\/wp-content\/uploads\/2024\/09\/Captura-de-Pantalla-2024-09-06-a-las-8.54.33.png\" \/>\n\t<meta property=\"og:image:width\" content=\"690\" \/>\n\t<meta property=\"og:image:height\" content=\"424\" \/>\n\t<meta property=\"og:image:type\" content=\"image\/png\" \/>\n<meta name=\"twitter:card\" content=\"summary_large_image\" \/>\n<meta name=\"twitter:site\" content=\"@Entreculturas\" \/>\n<script type=\"application\/ld+json\" class=\"yoast-schema-graph\">{\"@context\":\"https:\\\/\\\/schema.org\",\"@graph\":[{\"@type\":\"WebPage\",\"@id\":\"https:\\\/\\\/www.entreculturas.org\\\/gl\\\/material\\\/diagnostico-somos-ninas-y-adolescentes-valiosas-con-dignidad-y-derechos\\\/\",\"url\":\"https:\\\/\\\/www.entreculturas.org\\\/gl\\\/material\\\/diagnostico-somos-ninas-y-adolescentes-valiosas-con-dignidad-y-derechos\\\/\",\"name\":\"Diagn\u00f3stico \\\"Somos ni\u00f1as y adolescentes valiosas, con dignidad y derechos\\\" - Entreculturas\",\"isPartOf\":{\"@id\":\"https:\\\/\\\/www.entreculturas.org\\\/gl\\\/#website\"},\"primaryImageOfPage\":{\"@id\":\"https:\\\/\\\/www.entreculturas.org\\\/gl\\\/material\\\/diagnostico-somos-ninas-y-adolescentes-valiosas-con-dignidad-y-derechos\\\/#primaryimage\"},\"image\":{\"@id\":\"https:\\\/\\\/www.entreculturas.org\\\/gl\\\/material\\\/diagnostico-somos-ninas-y-adolescentes-valiosas-con-dignidad-y-derechos\\\/#primaryimage\"},\"thumbnailUrl\":\"https:\\\/\\\/www.entreculturas.org\\\/wp-content\\\/uploads\\\/2024\\\/09\\\/Captura-de-Pantalla-2024-09-06-a-las-8.54.33.png\",\"datePublished\":\"2024-09-06T06:53:30+00:00\",\"dateModified\":\"2024-09-06T07:03:38+00:00\",\"breadcrumb\":{\"@id\":\"https:\\\/\\\/www.entreculturas.org\\\/gl\\\/material\\\/diagnostico-somos-ninas-y-adolescentes-valiosas-con-dignidad-y-derechos\\\/#breadcrumb\"},\"inLanguage\":\"gl-ES\",\"potentialAction\":[{\"@type\":\"ReadAction\",\"target\":[\"https:\\\/\\\/www.entreculturas.org\\\/gl\\\/material\\\/diagnostico-somos-ninas-y-adolescentes-valiosas-con-dignidad-y-derechos\\\/\"]}]},{\"@type\":\"ImageObject\",\"inLanguage\":\"gl-ES\",\"@id\":\"https:\\\/\\\/www.entreculturas.org\\\/gl\\\/material\\\/diagnostico-somos-ninas-y-adolescentes-valiosas-con-dignidad-y-derechos\\\/#primaryimage\",\"url\":\"https:\\\/\\\/www.entreculturas.org\\\/wp-content\\\/uploads\\\/2024\\\/09\\\/Captura-de-Pantalla-2024-09-06-a-las-8.54.33.png\",\"contentUrl\":\"https:\\\/\\\/www.entreculturas.org\\\/wp-content\\\/uploads\\\/2024\\\/09\\\/Captura-de-Pantalla-2024-09-06-a-las-8.54.33.png\",\"width\":690,\"height\":424},{\"@type\":\"BreadcrumbList\",\"@id\":\"https:\\\/\\\/www.entreculturas.org\\\/gl\\\/material\\\/diagnostico-somos-ninas-y-adolescentes-valiosas-con-dignidad-y-derechos\\\/#breadcrumb\",\"itemListElement\":[{\"@type\":\"ListItem\",\"position\":1,\"name\":\"Home\",\"item\":\"https:\\\/\\\/www.entreculturas.org\\\/gl\\\/\"},{\"@type\":\"ListItem\",\"position\":2,\"name\":\"Diagn\u00f3stico &#8220;Somos ni\u00f1as y adolescentes valiosas, con dignidad y derechos&#8221;\"}]},{\"@type\":\"WebSite\",\"@id\":\"https:\\\/\\\/www.entreculturas.org\\\/gl\\\/#website\",\"url\":\"https:\\\/\\\/www.entreculturas.org\\\/gl\\\/\",\"name\":\"Entreculturas\",\"description\":\"\",\"publisher\":{\"@id\":\"https:\\\/\\\/www.entreculturas.org\\\/gl\\\/#organization\"},\"alternateName\":\"Entreculturas\",\"potentialAction\":[{\"@type\":\"SearchAction\",\"target\":{\"@type\":\"EntryPoint\",\"urlTemplate\":\"https:\\\/\\\/www.entreculturas.org\\\/gl\\\/?s={search_term_string}\"},\"query-input\":{\"@type\":\"PropertyValueSpecification\",\"valueRequired\":true,\"valueName\":\"search_term_string\"}}],\"inLanguage\":\"gl-ES\"},{\"@type\":\"Organization\",\"@id\":\"https:\\\/\\\/www.entreculturas.org\\\/gl\\\/#organization\",\"name\":\"Entreculturas\",\"url\":\"https:\\\/\\\/www.entreculturas.org\\\/gl\\\/\",\"logo\":{\"@type\":\"ImageObject\",\"inLanguage\":\"gl-ES\",\"@id\":\"https:\\\/\\\/www.entreculturas.org\\\/gl\\\/#\\\/schema\\\/logo\\\/image\\\/\",\"url\":\"https:\\\/\\\/www.entreculturas.org\\\/wp-content\\\/uploads\\\/2025\\\/10\\\/ESP.svg\",\"contentUrl\":\"https:\\\/\\\/www.entreculturas.org\\\/wp-content\\\/uploads\\\/2025\\\/10\\\/ESP.svg\",\"caption\":\"Entreculturas\"},\"image\":{\"@id\":\"https:\\\/\\\/www.entreculturas.org\\\/gl\\\/#\\\/schema\\\/logo\\\/image\\\/\"},\"sameAs\":[\"https:\\\/\\\/www.facebook.com\\\/entreculturas\",\"https:\\\/\\\/x.com\\\/Entreculturas\",\"https:\\\/\\\/www.instagram.com\\\/entreculturas\\\/\",\"https:\\\/\\\/www.youtube.com\\\/user\\\/entreculturasvideo\",\"https:\\\/\\\/www.linkedin.com\\\/company\\\/fundacion-entreculturas-ngdo\\\/\",\"https:\\\/\\\/www.flickr.com\\\/photos\\\/98455522@N04\\\/albums\\\/\"]}]}<\/script>\n<!-- \/ Yoast SEO Premium plugin. -->","yoast_head_json":{"title":"Diagn\u00f3stico \"Somos ni\u00f1as y adolescentes valiosas, con dignidad y derechos\" - Entreculturas","robots":{"index":"index","follow":"follow","max-snippet":"max-snippet:-1","max-image-preview":"max-image-preview:large","max-video-preview":"max-video-preview:-1"},"canonical":"https:\/\/www.entreculturas.org\/gl\/material\/diagnostico-somos-ninas-y-adolescentes-valiosas-con-dignidad-y-derechos\/","og_locale":"gl_ES","og_type":"article","og_title":"Diagn\u00f3stico \"Somos ni\u00f1as y adolescentes valiosas, con dignidad y derechos\"","og_description":"La iniciativa de G\u00e9nero de la Federaci\u00f3n Internacional de Fe y Alegr\u00eda ha desarrollado este diagn\u00f3stico, tras entrevistar ni\u00f1as de Per\u00fa, El Salvador, Honduras y Nicaragua. Los datos de este diagn\u00f3stico presentan la situaci\u00f3n de violencia que viven las ni\u00f1as en Centroam\u00e9rica.","og_url":"https:\/\/www.entreculturas.org\/gl\/material\/diagnostico-somos-ninas-y-adolescentes-valiosas-con-dignidad-y-derechos\/","og_site_name":"Entreculturas","article_publisher":"https:\/\/www.facebook.com\/entreculturas","article_modified_time":"2024-09-06T07:03:38+00:00","og_image":[{"width":690,"height":424,"url":"https:\/\/www.entreculturas.org\/wp-content\/uploads\/2024\/09\/Captura-de-Pantalla-2024-09-06-a-las-8.54.33.png","type":"image\/png"}],"twitter_card":"summary_large_image","twitter_site":"@Entreculturas","schema":{"@context":"https:\/\/schema.org","@graph":[{"@type":"WebPage","@id":"https:\/\/www.entreculturas.org\/gl\/material\/diagnostico-somos-ninas-y-adolescentes-valiosas-con-dignidad-y-derechos\/","url":"https:\/\/www.entreculturas.org\/gl\/material\/diagnostico-somos-ninas-y-adolescentes-valiosas-con-dignidad-y-derechos\/","name":"Diagn\u00f3stico \"Somos ni\u00f1as y adolescentes valiosas, con dignidad y derechos\" - Entreculturas","isPartOf":{"@id":"https:\/\/www.entreculturas.org\/gl\/#website"},"primaryImageOfPage":{"@id":"https:\/\/www.entreculturas.org\/gl\/material\/diagnostico-somos-ninas-y-adolescentes-valiosas-con-dignidad-y-derechos\/#primaryimage"},"image":{"@id":"https:\/\/www.entreculturas.org\/gl\/material\/diagnostico-somos-ninas-y-adolescentes-valiosas-con-dignidad-y-derechos\/#primaryimage"},"thumbnailUrl":"https:\/\/www.entreculturas.org\/wp-content\/uploads\/2024\/09\/Captura-de-Pantalla-2024-09-06-a-las-8.54.33.png","datePublished":"2024-09-06T06:53:30+00:00","dateModified":"2024-09-06T07:03:38+00:00","breadcrumb":{"@id":"https:\/\/www.entreculturas.org\/gl\/material\/diagnostico-somos-ninas-y-adolescentes-valiosas-con-dignidad-y-derechos\/#breadcrumb"},"inLanguage":"gl-ES","potentialAction":[{"@type":"ReadAction","target":["https:\/\/www.entreculturas.org\/gl\/material\/diagnostico-somos-ninas-y-adolescentes-valiosas-con-dignidad-y-derechos\/"]}]},{"@type":"ImageObject","inLanguage":"gl-ES","@id":"https:\/\/www.entreculturas.org\/gl\/material\/diagnostico-somos-ninas-y-adolescentes-valiosas-con-dignidad-y-derechos\/#primaryimage","url":"https:\/\/www.entreculturas.org\/wp-content\/uploads\/2024\/09\/Captura-de-Pantalla-2024-09-06-a-las-8.54.33.png","contentUrl":"https:\/\/www.entreculturas.org\/wp-content\/uploads\/2024\/09\/Captura-de-Pantalla-2024-09-06-a-las-8.54.33.png","width":690,"height":424},{"@type":"BreadcrumbList","@id":"https:\/\/www.entreculturas.org\/gl\/material\/diagnostico-somos-ninas-y-adolescentes-valiosas-con-dignidad-y-derechos\/#breadcrumb","itemListElement":[{"@type":"ListItem","position":1,"name":"Home","item":"https:\/\/www.entreculturas.org\/gl\/"},{"@type":"ListItem","position":2,"name":"Diagn\u00f3stico &#8220;Somos ni\u00f1as y adolescentes valiosas, con dignidad y derechos&#8221;"}]},{"@type":"WebSite","@id":"https:\/\/www.entreculturas.org\/gl\/#website","url":"https:\/\/www.entreculturas.org\/gl\/","name":"Entreculturas","description":"","publisher":{"@id":"https:\/\/www.entreculturas.org\/gl\/#organization"},"alternateName":"Entreculturas","potentialAction":[{"@type":"SearchAction","target":{"@type":"EntryPoint","urlTemplate":"https:\/\/www.entreculturas.org\/gl\/?s={search_term_string}"},"query-input":{"@type":"PropertyValueSpecification","valueRequired":true,"valueName":"search_term_string"}}],"inLanguage":"gl-ES"},{"@type":"Organization","@id":"https:\/\/www.entreculturas.org\/gl\/#organization","name":"Entreculturas","url":"https:\/\/www.entreculturas.org\/gl\/","logo":{"@type":"ImageObject","inLanguage":"gl-ES","@id":"https:\/\/www.entreculturas.org\/gl\/#\/schema\/logo\/image\/","url":"https:\/\/www.entreculturas.org\/wp-content\/uploads\/2025\/10\/ESP.svg","contentUrl":"https:\/\/www.entreculturas.org\/wp-content\/uploads\/2025\/10\/ESP.svg","caption":"Entreculturas"},"image":{"@id":"https:\/\/www.entreculturas.org\/gl\/#\/schema\/logo\/image\/"},"sameAs":["https:\/\/www.facebook.com\/entreculturas","https:\/\/x.com\/Entreculturas","https:\/\/www.instagram.com\/entreculturas\/","https:\/\/www.youtube.com\/user\/entreculturasvideo","https:\/\/www.linkedin.com\/company\/fundacion-entreculturas-ngdo\/","https:\/\/www.flickr.com\/photos\/98455522@N04\/albums\/"]}]}},"_links":{"self":[{"href":"https:\/\/www.entreculturas.org\/gl\/wp-json\/wp\/v2\/material\/31021","targetHints":{"allow":["GET"]}}],"collection":[{"href":"https:\/\/www.entreculturas.org\/gl\/wp-json\/wp\/v2\/material"}],"about":[{"href":"https:\/\/www.entreculturas.org\/gl\/wp-json\/wp\/v2\/types\/material"}],"wp:featuredmedia":[{"embeddable":true,"href":"https:\/\/www.entreculturas.org\/gl\/wp-json\/wp\/v2\/media\/31022"}],"wp:attachment":[{"href":"https:\/\/www.entreculturas.org\/gl\/wp-json\/wp\/v2\/media?parent=31021"}],"wp:term":[{"taxonomy":"category","embeddable":true,"href":"https:\/\/www.entreculturas.org\/gl\/wp-json\/wp\/v2\/categories?post=31021"},{"taxonomy":"post_tag","embeddable":true,"href":"https:\/\/www.entreculturas.org\/gl\/wp-json\/wp\/v2\/tags?post=31021"},{"taxonomy":"link-pdf","embeddable":true,"href":"https:\/\/www.entreculturas.org\/gl\/wp-json\/wp\/v2\/link-pdf?post=31021"}],"curies":[{"name":"wp","href":"https:\/\/api.w.org\/{rel}","templated":true}]}}

Diagnóstico &#8220;Somos niñas y adolescentes valiosas, con dignidad y derechos&#8221;

<p>La iniciativa de Género de la Federación Internacional de Fe y Alegría ha desarrollado este diagnóstico, tras entrevistar niñas de Perú, El Salvador, Honduras y Nicaragua. Los datos de este diagnóstico presentan la situación de violencia que viven las niñas en Centroamérica.</p>

<!-- This site is optimized with the Yoast SEO Premium plugin v21.6 (Yoast SEO v27.5) - https://yoast.com/product/yoast-seo-premium-wordpress/ -->
<title>Diagnóstico &quot;Somos niñas y adolescentes valiosas, con dignidad y derechos&quot; - Entreculturas</title>
<meta name="robots" content="index, follow, max-snippet:-1, max-image-preview:large, max-video-preview:-1" />
<link rel="canonical" href="https://www.entreculturas.org/gl/material/diagnostico-somos-ninas-y-adolescentes-valiosas-con-dignidad-y-derechos/" />
<meta property="og:locale" content="gl_ES" />
<meta property="og:type" content="article" />
<meta property="og:title" content="Diagnóstico &quot;Somos niñas y adolescentes valiosas, con dignidad y derechos&quot;" />
<meta property="og:description" content="La iniciativa de Género de la Federación Internacional de Fe y Alegría ha desarrollado este diagnóstico, tras entrevistar niñas de Perú, El Salvador, Honduras y Nicaragua. Los datos de este diagnóstico presentan la situación de violencia que viven las niñas en Centroamérica." />
<meta property="og:url" content="https://www.entreculturas.org/gl/material/diagnostico-somos-ninas-y-adolescentes-valiosas-con-dignidad-y-derechos/" />
<meta property="og:site_name" content="Entreculturas" />
<meta property="article:publisher" content="https://www.facebook.com/entreculturas" />
<meta property="article:modified_time" content="2024-09-06T07:03:38+00:00" />
<meta property="og:image" content="https://www.entreculturas.org/wp-content/uploads/2024/09/Captura-de-Pantalla-2024-09-06-a-las-8.54.33.png" />
	<meta property="og:image:width" content="690" />
	<meta property="og:image:height" content="424" />
	<meta property="og:image:type" content="image/png" />
<meta name="twitter:card" content="summary_large_image" />
<meta name="twitter:site" content="@Entreculturas" />
<script type="application/ld+json" class="yoast-schema-graph">{"@context":"https:\/\/schema.org","@graph":[{"@type":"WebPage","@id":"https:\/\/www.entreculturas.org\/gl\/material\/diagnostico-somos-ninas-y-adolescentes-valiosas-con-dignidad-y-derechos\/","url":"https:\/\/www.entreculturas.org\/gl\/material\/diagnostico-somos-ninas-y-adolescentes-valiosas-con-dignidad-y-derechos\/","name":"Diagnóstico \"Somos niñas y adolescentes valiosas, con dignidad y derechos\" - Entreculturas","isPartOf":{"@id":"https:\/\/www.entreculturas.org\/gl\/#website"},"primaryImageOfPage":{"@id":"https:\/\/www.entreculturas.org\/gl\/material\/diagnostico-somos-ninas-y-adolescentes-valiosas-con-dignidad-y-derechos\/#primaryimage"},"image":{"@id":"https:\/\/www.entreculturas.org\/gl\/material\/diagnostico-somos-ninas-y-adolescentes-valiosas-con-dignidad-y-derechos\/#primaryimage"},"thumbnailUrl":"https:\/\/www.entreculturas.org\/wp-content\/uploads\/2024\/09\/Captura-de-Pantalla-2024-09-06-a-las-8.54.33.png","datePublished":"2024-09-06T06:53:30+00:00","dateModified":"2024-09-06T07:03:38+00:00","breadcrumb":{"@id":"https:\/\/www.entreculturas.org\/gl\/material\/diagnostico-somos-ninas-y-adolescentes-valiosas-con-dignidad-y-derechos\/#breadcrumb"},"inLanguage":"gl-ES","potentialAction":[{"@type":"ReadAction","target":["https:\/\/www.entreculturas.org\/gl\/material\/diagnostico-somos-ninas-y-adolescentes-valiosas-con-dignidad-y-derechos\/"]}]},{"@type":"ImageObject","inLanguage":"gl-ES","@id":"https:\/\/www.entreculturas.org\/gl\/material\/diagnostico-somos-ninas-y-adolescentes-valiosas-con-dignidad-y-derechos\/#primaryimage","url":"https:\/\/www.entreculturas.org\/wp-content\/uploads\/2024\/09\/Captura-de-Pantalla-2024-09-06-a-las-8.54.33.png","contentUrl":"https:\/\/www.entreculturas.org\/wp-content\/uploads\/2024\/09\/Captura-de-Pantalla-2024-09-06-a-las-8.54.33.png","width":690,"height":424},{"@type":"BreadcrumbList","@id":"https:\/\/www.entreculturas.org\/gl\/material\/diagnostico-somos-ninas-y-adolescentes-valiosas-con-dignidad-y-derechos\/#breadcrumb","itemListElement":[{"@type":"ListItem","position":1,"name":"Home","item":"https:\/\/www.entreculturas.org\/gl\/"},{"@type":"ListItem","position":2,"name":"Diagnóstico &#8220;Somos niñas y adolescentes valiosas, con dignidad y derechos&#8221;"}]},{"@type":"WebSite","@id":"https:\/\/www.entreculturas.org\/gl\/#website","url":"https:\/\/www.entreculturas.org\/gl\/","name":"Entreculturas","description":"","publisher":{"@id":"https:\/\/www.entreculturas.org\/gl\/#organization"},"alternateName":"Entreculturas","potentialAction":[{"@type":"SearchAction","target":{"@type":"EntryPoint","urlTemplate":"https:\/\/www.entreculturas.org\/gl\/?s={search_term_string}"},"query-input":{"@type":"PropertyValueSpecification","valueRequired":true,"valueName":"search_term_string"}}],"inLanguage":"gl-ES"},{"@type":"Organization","@id":"https:\/\/www.entreculturas.org\/gl\/#organization","name":"Entreculturas","url":"https:\/\/www.entreculturas.org\/gl\/","logo":{"@type":"ImageObject","inLanguage":"gl-ES","@id":"https:\/\/www.entreculturas.org\/gl\/#\/schema\/logo\/image\/","url":"https:\/\/www.entreculturas.org\/wp-content\/uploads\/2025\/10\/ESP.svg","contentUrl":"https:\/\/www.entreculturas.org\/wp-content\/uploads\/2025\/10\/ESP.svg","caption":"Entreculturas"},"image":{"@id":"https:\/\/www.entreculturas.org\/gl\/#\/schema\/logo\/image\/"},"sameAs":["https:\/\/www.facebook.com\/entreculturas","https:\/\/x.com\/Entreculturas","https:\/\/www.instagram.com\/entreculturas\/","https:\/\/www.youtube.com\/user\/entreculturasvideo","https:\/\/www.linkedin.com\/company\/fundacion-entreculturas-ngdo\/","https:\/\/www.flickr.com\/photos\/98455522@N04\/albums\/"]}]}</script>
<!-- / Yoast SEO Premium plugin. -->

Diagnóstico "Somos niñas y adolescentes valiosas, con dignidad y derechos" - Entreculturas

Diagnóstico "Somos niñas y adolescentes valiosas, con dignidad y derechos"

La iniciativa de Género de la Federación Internacional de Fe y Alegría ha desarrollado este diagnóstico, tras entrevistar niñas de Perú, El Salvador, Honduras y Nicaragua. Los datos de este diagnóstico presentan la situación de violencia que viven las niñas en Centroamérica.
