{"version":"1.0","provider_name":"Entreculturas","provider_url":"https:\/\/www.entreculturas.org\/gl\/","title":"Escuelas que construyen paz","type":"rich","width":600,"height":338,"html":"<blockquote class=\"wp-embedded-content\" data-secret=\"7YvkJAXfCu\"><a href=\"https:\/\/www.entreculturas.org\/gl\/publicacion\/escuelas-que-construyen-paz\/\">Escuelas que construyen paz<\/a><\/blockquote><iframe sandbox=\"allow-scripts\" security=\"restricted\" src=\"https:\/\/www.entreculturas.org\/gl\/publicacion\/escuelas-que-construyen-paz\/embed\/#?secret=7YvkJAXfCu\" width=\"600\" height=\"338\" title=\"&#8220;Escuelas que construyen paz&#8221; &#8212; Entreculturas\" data-secret=\"7YvkJAXfCu\" frameborder=\"0\" marginwidth=\"0\" marginheight=\"0\" scrolling=\"no\" class=\"wp-embedded-content\"><\/iframe><script>\n\/*! This file is auto-generated *\/\n!function(d,l){\"use strict\";l.querySelector&&d.addEventListener&&\"undefined\"!=typeof URL&&(d.wp=d.wp||{},d.wp.receiveEmbedMessage||(d.wp.receiveEmbedMessage=function(e){var t=e.data;if((t||t.secret||t.message||t.value)&&!\/[^a-zA-Z0-9]\/.test(t.secret)){for(var s,r,n,a=l.querySelectorAll('iframe[data-secret=\"'+t.secret+'\"]'),o=l.querySelectorAll('blockquote[data-secret=\"'+t.secret+'\"]'),c=new RegExp(\"^https?:$\",\"i\"),i=0;i<o.length;i++)o[i].style.display=\"none\";for(i=0;i<a.length;i++)s=a[i],e.source===s.contentWindow&&(s.removeAttribute(\"style\"),\"height\"===t.message?(1e3<(r=parseInt(t.value,10))?r=1e3:~~r<200&&(r=200),s.height=r):\"link\"===t.message&&(r=new URL(s.getAttribute(\"src\")),n=new URL(t.value),c.test(n.protocol))&&n.host===r.host&&l.activeElement===s&&(d.top.location.href=t.value))}},d.addEventListener(\"message\",d.wp.receiveEmbedMessage,!1),l.addEventListener(\"DOMContentLoaded\",function(){for(var e,t,s=l.querySelectorAll(\"iframe.wp-embedded-content\"),r=0;r<s.length;r++)(t=(e=s[r]).getAttribute(\"data-secret\"))||(t=Math.random().toString(36).substring(2,12),e.src+=\"#?secret=\"+t,e.setAttribute(\"data-secret\",t)),e.contentWindow.postMessage({message:\"ready\",secret:t},\"*\")},!1)))}(window,document);\n\/\/# sourceURL=https:\/\/www.entreculturas.org\/wp-includes\/js\/wp-embed.min.js\n<\/script>\n","thumbnail_url":"https:\/\/www.entreculturas.org\/wp-content\/uploads\/2022\/06\/captura_de_pantalla_2022-06-16_a_las_10.11.01.png","thumbnail_width":590,"thumbnail_height":835,"description":"Con motivo del D\u00eda Internacional de las Personas Refugiadas, desde Entreculturas y Alboan lanzamos una nueva publicaci\u00f3n donde abordamos c\u00f3mo ha sido la vuelta de los ni\u00f1os y ni\u00f1as refugiados sirios a las aulas libanesas tras la Covid-19. Para ello, profundizamos en la respuesta educativa que el Servicio Jesuita a Refugiados L\u00edbano ha realizado para garantizar y fortalecer su derecho a la educaci\u00f3n en un contexto de emergencia y crisis sobrevenida. En la publicaci\u00f3n partimos de testimonios para relatar c\u00f3mo ha sido el regreso a las escuelas y recoger el impacto que han tenido los a\u00f1os de educaci\u00f3n en l\u00ednea en el aprendizaje del alumnado. Adem\u00e1s, reivindicamos el importante papel que tiene la educaci\u00f3n en la construcci\u00f3n de la paz y la convivencia, as\u00ed como el espacio de protecci\u00f3n y refugio que brinda a la infancia refugiada. En contextos de emergencia, la educaci\u00f3n es el primer derecho que se interrumpe [&hellip;]"}

Con motivo del Día Internacional de las Personas Refugiadas, desde Entreculturas y Alboan lanzamos una nueva publicación donde abordamos cómo ha sido la vuelta de los niños y niñas refugiados sirios a las aulas libanesas tras la Covid-19. Para ello, profundizamos en la respuesta educativa que el Servicio Jesuita a Refugiados Líbano ha realizado para garantizar y fortalecer su derecho a la educación en un contexto de emergencia y crisis sobrevenida. En la publicación partimos de testimonios para relatar cómo ha sido el regreso a las escuelas y recoger el impacto que han tenido los años de educación en línea en el aprendizaje del alumnado. Además, reivindicamos el importante papel que tiene la educación en la construcción de la paz y la convivencia, así como el espacio de protección y refugio que brinda a la infancia refugiada. En contextos de emergencia, la educación es el primer derecho que se interrumpe [&hellip;]
