{"version":"1.0","provider_name":"Entreculturas","provider_url":"https:\/\/www.entreculturas.org\/gl\/","title":"Educar es incluir","type":"rich","width":600,"height":338,"html":"<blockquote class=\"wp-embedded-content\" data-secret=\"Z3HAUh6qqI\"><a href=\"https:\/\/www.entreculturas.org\/gl\/publicacion\/educar-es-incluir\/\">Educar es incluir<\/a><\/blockquote><iframe sandbox=\"allow-scripts\" security=\"restricted\" src=\"https:\/\/www.entreculturas.org\/gl\/publicacion\/educar-es-incluir\/embed\/#?secret=Z3HAUh6qqI\" width=\"600\" height=\"338\" title=\"&#8220;Educar es incluir&#8221; &#8212; Entreculturas\" data-secret=\"Z3HAUh6qqI\" frameborder=\"0\" marginwidth=\"0\" marginheight=\"0\" scrolling=\"no\" class=\"wp-embedded-content\"><\/iframe><script>\n\/*! This file is auto-generated *\/\n!function(d,l){\"use strict\";l.querySelector&&d.addEventListener&&\"undefined\"!=typeof URL&&(d.wp=d.wp||{},d.wp.receiveEmbedMessage||(d.wp.receiveEmbedMessage=function(e){var t=e.data;if((t||t.secret||t.message||t.value)&&!\/[^a-zA-Z0-9]\/.test(t.secret)){for(var s,r,n,a=l.querySelectorAll('iframe[data-secret=\"'+t.secret+'\"]'),o=l.querySelectorAll('blockquote[data-secret=\"'+t.secret+'\"]'),c=new RegExp(\"^https?:$\",\"i\"),i=0;i<o.length;i++)o[i].style.display=\"none\";for(i=0;i<a.length;i++)s=a[i],e.source===s.contentWindow&&(s.removeAttribute(\"style\"),\"height\"===t.message?(1e3<(r=parseInt(t.value,10))?r=1e3:~~r<200&&(r=200),s.height=r):\"link\"===t.message&&(r=new URL(s.getAttribute(\"src\")),n=new URL(t.value),c.test(n.protocol))&&n.host===r.host&&l.activeElement===s&&(d.top.location.href=t.value))}},d.addEventListener(\"message\",d.wp.receiveEmbedMessage,!1),l.addEventListener(\"DOMContentLoaded\",function(){for(var e,t,s=l.querySelectorAll(\"iframe.wp-embedded-content\"),r=0;r<s.length;r++)(t=(e=s[r]).getAttribute(\"data-secret\"))||(t=Math.random().toString(36).substring(2,12),e.src+=\"#?secret=\"+t,e.setAttribute(\"data-secret\",t)),e.contentWindow.postMessage({message:\"ready\",secret:t},\"*\")},!1)))}(window,document);\n\/\/# sourceURL=https:\/\/www.entreculturas.org\/wp-includes\/js\/wp-embed.min.js\n<\/script>\n","thumbnail_url":"https:\/\/www.entreculturas.org\/wp-content\/uploads\/2024\/09\/portada-educar-es-incluir.jpg","thumbnail_width":500,"thumbnail_height":714,"description":"Despu\u00e9s de recorrer brevemente los datos que revelan la exclusi\u00f3n por motivos de discapacidad en cada regi\u00f3n \u2013de los que queda claro que la situaci\u00f3n de pobreza agrava la discriminaci\u00f3n, aunque la riqueza tampoco la resuelve\u2013, este informe confirma el hecho de que las personas con discapacidad se encuentran entre las m\u00e1s marginadas en cualquier comunidad y que, en la base de su discriminaci\u00f3n, se hallan los prejuicios y estereotipos de sociedades intolerantes a la diversidad. El informe tambi\u00e9n repasa las barreras y respuestas a la educaci\u00f3n de las personas con discapacidad y especialmente el rol que cumplen las instituciones educativas, considerando que, seg\u00fan la ONU, 1 de cada 3 ni\u00f1os y ni\u00f1as con discapacidad en edad de cursar primaria no est\u00e1 escolarizado, en comparaci\u00f3n con 1 de cada 7 ni\u00f1os sin discapacidad. La exclusi\u00f3n es la principal forma de violencia estructural, pero, adem\u00e1s, los y las estudiantes con discapacidad [&hellip;]"}

Después de recorrer brevemente los datos que revelan la exclusión por motivos de discapacidad en cada región –de los que queda claro que la situación de pobreza agrava la discriminación, aunque la riqueza tampoco la resuelve–, este informe confirma el hecho de que las personas con discapacidad se encuentran entre las más marginadas en cualquier comunidad y que, en la base de su discriminación, se hallan los prejuicios y estereotipos de sociedades intolerantes a la diversidad. El informe también repasa las barreras y respuestas a la educación de las personas con discapacidad y especialmente el rol que cumplen las instituciones educativas, considerando que, según la ONU, 1 de cada 3 niños y niñas con discapacidad en edad de cursar primaria no está escolarizado, en comparación con 1 de cada 7 niños sin discapacidad. La exclusión es la principal forma de violencia estructural, pero, además, los y las estudiantes con discapacidad [&hellip;]
