{"version":"1.0","provider_name":"Entreculturas","provider_url":"https:\/\/www.entreculturas.org\/gl\/","title":"D\u00edas D curso 2021\/2022","type":"rich","width":600,"height":338,"html":"<blockquote class=\"wp-embedded-content\" data-secret=\"9eCisJnyde\"><a href=\"https:\/\/www.entreculturas.org\/gl\/publicacion\/dias-d-curso-20212022\/\">D\u00edas D curso 2021\/2022<\/a><\/blockquote><iframe sandbox=\"allow-scripts\" security=\"restricted\" src=\"https:\/\/www.entreculturas.org\/gl\/publicacion\/dias-d-curso-20212022\/embed\/#?secret=9eCisJnyde\" width=\"600\" height=\"338\" title=\"&#8220;D\u00edas D curso 2021\/2022&#8221; &#8212; Entreculturas\" data-secret=\"9eCisJnyde\" frameborder=\"0\" marginwidth=\"0\" marginheight=\"0\" scrolling=\"no\" class=\"wp-embedded-content\"><\/iframe><script>\n\/*! This file is auto-generated *\/\n!function(d,l){\"use strict\";l.querySelector&&d.addEventListener&&\"undefined\"!=typeof URL&&(d.wp=d.wp||{},d.wp.receiveEmbedMessage||(d.wp.receiveEmbedMessage=function(e){var t=e.data;if((t||t.secret||t.message||t.value)&&!\/[^a-zA-Z0-9]\/.test(t.secret)){for(var s,r,n,a=l.querySelectorAll('iframe[data-secret=\"'+t.secret+'\"]'),o=l.querySelectorAll('blockquote[data-secret=\"'+t.secret+'\"]'),c=new RegExp(\"^https?:$\",\"i\"),i=0;i<o.length;i++)o[i].style.display=\"none\";for(i=0;i<a.length;i++)s=a[i],e.source===s.contentWindow&&(s.removeAttribute(\"style\"),\"height\"===t.message?(1e3<(r=parseInt(t.value,10))?r=1e3:~~r<200&&(r=200),s.height=r):\"link\"===t.message&&(r=new URL(s.getAttribute(\"src\")),n=new URL(t.value),c.test(n.protocol))&&n.host===r.host&&l.activeElement===s&&(d.top.location.href=t.value))}},d.addEventListener(\"message\",d.wp.receiveEmbedMessage,!1),l.addEventListener(\"DOMContentLoaded\",function(){for(var e,t,s=l.querySelectorAll(\"iframe.wp-embedded-content\"),r=0;r<s.length;r++)(t=(e=s[r]).getAttribute(\"data-secret\"))||(t=Math.random().toString(36).substring(2,12),e.src+=\"#?secret=\"+t,e.setAttribute(\"data-secret\",t)),e.contentWindow.postMessage({message:\"ready\",secret:t},\"*\")},!1)))}(window,document);\n\/\/# sourceURL=https:\/\/www.entreculturas.org\/wp-includes\/js\/wp-embed.min.js\n<\/script>\n","thumbnail_url":"https:\/\/www.entreculturas.org\/wp-content\/uploads\/2021\/06\/migraciones_forzosas_2021-1_page-0001-scaled-1.jpg","thumbnail_width":2560,"thumbnail_height":1890,"description":"Presentamos los D\u00edas D del curso 2021\/2022: un conjunto de 5 p\u00f3sters con im\u00e1genes y lemas educativos sobre los siguientes retos globales relacionados con la ciudadan\u00eda global y la Agenda 2030.&nbsp; &#8211; Migraciones forzosas.&nbsp; &#8211; Igualdad de g\u00e9nero.&nbsp; &#8211; Defensa del Medioambiente.&nbsp; &#8211; Cultura de paz.&nbsp; &#8211; Derechos de la infancia.&nbsp; Estos p\u00f3sters pueden ser utilizados para actividades educativas, de movilizaci\u00f3n o incidencia, as\u00ed como para vestir los espacios educativos, de manera que estas tem\u00e1ticas est\u00e9n siempre presentes en nuestra actividad y en el&nbsp;imaginario de los grupos con los que trabajamos.&nbsp; Los ponemos a disposici\u00f3n en castellano, catal\u00e1n, valenciano, gallego e ingl\u00e9s.&nbsp; Adem\u00e1s, los p\u00f3sters incluyen un c\u00f3digo QR que os enlazar\u00e1 a la p\u00e1gina web www.redec.es, en cuyo apartado de &#8220;Recursos&#8221; podr\u00e9is encontrar un buscador en el que podr\u00e9is encontrar mucho material did\u00e1ctico con propuestas y actividades para trabajar estas tem\u00e1ticas.&nbsp;"}

Días D curso 2021/2022

<blockquote class="wp-embedded-content" data-secret="9eCisJnyde"><a href="https://www.entreculturas.org/gl/publicacion/dias-d-curso-20212022/">Días D curso 2021/2022</a></blockquote><iframe sandbox="allow-scripts" security="restricted" src="https://www.entreculturas.org/gl/publicacion/dias-d-curso-20212022/embed/#?secret=9eCisJnyde" width="600" height="338" title="&#8220;Días D curso 2021/2022&#8221; &#8212; Entreculturas" data-secret="9eCisJnyde" frameborder="0" marginwidth="0" marginheight="0" scrolling="no" class="wp-embedded-content"></iframe><script>
/*! This file is auto-generated */
!function(d,l){"use strict";l.querySelector&&d.addEventListener&&"undefined"!=typeof URL&&(d.wp=d.wp||{},d.wp.receiveEmbedMessage||(d.wp.receiveEmbedMessage=function(e){var t=e.data;if((t||t.secret||t.message||t.value)&&!/[^a-zA-Z0-9]/.test(t.secret)){for(var s,r,n,a=l.querySelectorAll('iframe[data-secret="'+t.secret+'"]'),o=l.querySelectorAll('blockquote[data-secret="'+t.secret+'"]'),c=new RegExp("^https?:$","i"),i=0;i<o.length;i++)o[i].style.display="none";for(i=0;i<a.length;i++)s=a[i],e.source===s.contentWindow&&(s.removeAttribute("style"),"height"===t.message?(1e3<(r=parseInt(t.value,10))?r=1e3:~~r<200&&(r=200),s.height=r):"link"===t.message&&(r=new URL(s.getAttribute("src")),n=new URL(t.value),c.test(n.protocol))&&n.host===r.host&&l.activeElement===s&&(d.top.location.href=t.value))}},d.addEventListener("message",d.wp.receiveEmbedMessage,!1),l.addEventListener("DOMContentLoaded",function(){for(var e,t,s=l.querySelectorAll("iframe.wp-embedded-content"),r=0;r<s.length;r++)(t=(e=s[r]).getAttribute("data-secret"))||(t=Math.random().toString(36).substring(2,12),e.src+="#?secret="+t,e.setAttribute("data-secret",t)),e.contentWindow.postMessage({message:"ready",secret:t},"*")},!1)))}(window,document);
//# sourceURL=https://www.entreculturas.org/wp-includes/js/wp-embed.min.js
</script>

Presentamos los Días D del curso 2021/2022: un conjunto de 5 pósters con imágenes y lemas educativos sobre los siguientes retos globales relacionados con la ciudadanía global y la Agenda 2030.&nbsp; &#8211; Migraciones forzosas.&nbsp; &#8211; Igualdad de género.&nbsp; &#8211; Defensa del Medioambiente.&nbsp; &#8211; Cultura de paz.&nbsp; &#8211; Derechos de la infancia.&nbsp; Estos pósters pueden ser utilizados para actividades educativas, de movilización o incidencia, así como para vestir los espacios educativos, de manera que estas temáticas estén siempre presentes en nuestra actividad y en el&nbsp;imaginario de los grupos con los que trabajamos.&nbsp; Los ponemos a disposición en castellano, catalán, valenciano, gallego e inglés.&nbsp; Además, los pósters incluyen un código QR que os enlazará a la página web www.redec.es, en cuyo apartado de &#8220;Recursos&#8221; podréis encontrar un buscador en el que podréis encontrar mucho material didáctico con propuestas y actividades para trabajar estas temáticas.&nbsp;
