{"version":"1.0","provider_name":"Entreculturas","provider_url":"https:\/\/www.entreculturas.org\/gl\/","title":"Fede Gerona e Isa Alfonso, VOLPAS en Brasil","type":"rich","width":600,"height":338,"html":"<blockquote class=\"wp-embedded-content\" data-secret=\"tMXIBeCS0t\"><a href=\"https:\/\/www.entreculturas.org\/gl\/noticia\/fede-gerona-e-isa-alfonso-volpas-en-brasil\/\">Fede Gerona e Isa Alfonso, VOLPAS en Brasil<\/a><\/blockquote><iframe sandbox=\"allow-scripts\" security=\"restricted\" src=\"https:\/\/www.entreculturas.org\/gl\/noticia\/fede-gerona-e-isa-alfonso-volpas-en-brasil\/embed\/#?secret=tMXIBeCS0t\" width=\"600\" height=\"338\" title=\"&#8220;Fede Gerona e Isa Alfonso, VOLPAS en Brasil&#8221; &#8212; Entreculturas\" data-secret=\"tMXIBeCS0t\" frameborder=\"0\" marginwidth=\"0\" marginheight=\"0\" scrolling=\"no\" class=\"wp-embedded-content\"><\/iframe><script>\n\/*! This file is auto-generated *\/\n!function(d,l){\"use strict\";l.querySelector&&d.addEventListener&&\"undefined\"!=typeof URL&&(d.wp=d.wp||{},d.wp.receiveEmbedMessage||(d.wp.receiveEmbedMessage=function(e){var t=e.data;if((t||t.secret||t.message||t.value)&&!\/[^a-zA-Z0-9]\/.test(t.secret)){for(var s,r,n,a=l.querySelectorAll('iframe[data-secret=\"'+t.secret+'\"]'),o=l.querySelectorAll('blockquote[data-secret=\"'+t.secret+'\"]'),c=new RegExp(\"^https?:$\",\"i\"),i=0;i<o.length;i++)o[i].style.display=\"none\";for(i=0;i<a.length;i++)s=a[i],e.source===s.contentWindow&&(s.removeAttribute(\"style\"),\"height\"===t.message?(1e3<(r=parseInt(t.value,10))?r=1e3:~~r<200&&(r=200),s.height=r):\"link\"===t.message&&(r=new URL(s.getAttribute(\"src\")),n=new URL(t.value),c.test(n.protocol))&&n.host===r.host&&l.activeElement===s&&(d.top.location.href=t.value))}},d.addEventListener(\"message\",d.wp.receiveEmbedMessage,!1),l.addEventListener(\"DOMContentLoaded\",function(){for(var e,t,s=l.querySelectorAll(\"iframe.wp-embedded-content\"),r=0;r<s.length;r++)(t=(e=s[r]).getAttribute(\"data-secret\"))||(t=Math.random().toString(36).substring(2,12),e.src+=\"#?secret=\"+t,e.setAttribute(\"data-secret\",t)),e.contentWindow.postMessage({message:\"ready\",secret:t},\"*\")},!1)))}(window,document);\n\/\/# sourceURL=https:\/\/www.entreculturas.org\/wp-includes\/js\/wp-embed.min.js\n<\/script>\n","thumbnail_url":"https:\/\/www.entreculturas.org\/wp-content\/uploads\/2023\/12\/volpasmanaus.jpg","thumbnail_width":400,"thumbnail_height":300,"description":"Somos Fede e Isa, de 30 y 26 a\u00f1os respectivamente y somos de Badajoz. En estos momentos nos encontramos en el barrio de Compensa, en la periferia de Manaus, la ciudad m\u00e1s grande del norte de Brasil y de la Panamazonia. Hemos venido aqu\u00ed a trav\u00e9s del Programa de Voluntariado Internacional Pedro Arrupe (VOLPA) que ofrece Entreculturas. Llegamos aqu\u00ed en abril de 2014 y, desde entonces, hemos participado en dos iniciativas s\u00faper interesantes: en primer lugar, hasta diciembre de 2015, trabaj\u00e1bamos en una parroquia local atendiendo a migrantes haitianos y ayud\u00e1ndoles en el proceso de regularizaci\u00f3n de sus documentos. Y despu\u00e9s, cuando el flujo de haitianos comenz\u00f3 a disminuir por cambios en su trayecto migratorio, empezamos a colaborar con el CIMI (Conselho Indigenista Mission\u00e1rio), al que acud\u00edamos dos d\u00edas por semana para ayudar en las labores de la sede y con visitas a algunas tierras ind\u00edgenas que est\u00e1n cerca de [&hellip;]"}

Somos Fede e Isa, de 30 y 26 años respectivamente y somos de Badajoz. En estos momentos nos encontramos en el barrio de Compensa, en la periferia de Manaus, la ciudad más grande del norte de Brasil y de la Panamazonia. Hemos venido aquí a través del Programa de Voluntariado Internacional Pedro Arrupe (VOLPA) que ofrece Entreculturas. Llegamos aquí en abril de 2014 y, desde entonces, hemos participado en dos iniciativas súper interesantes: en primer lugar, hasta diciembre de 2015, trabajábamos en una parroquia local atendiendo a migrantes haitianos y ayudándoles en el proceso de regularización de sus documentos. Y después, cuando el flujo de haitianos comenzó a disminuir por cambios en su trayecto migratorio, empezamos a colaborar con el CIMI (Conselho Indigenista Missionário), al que acudíamos dos días por semana para ayudar en las labores de la sede y con visitas a algunas tierras indígenas que están cerca de [&hellip;]
