{"version":"1.0","provider_name":"Entreculturas","provider_url":"https:\/\/www.entreculturas.org\/gl\/","title":"Entrevista a Ara Malikian","type":"rich","width":600,"height":338,"html":"<blockquote class=\"wp-embedded-content\" data-secret=\"RDjz9PhFdz\"><a href=\"https:\/\/www.entreculturas.org\/gl\/noticia\/entrevista-ara-malikian\/\">Entrevista a Ara Malikian<\/a><\/blockquote><iframe sandbox=\"allow-scripts\" security=\"restricted\" src=\"https:\/\/www.entreculturas.org\/gl\/noticia\/entrevista-ara-malikian\/embed\/#?secret=RDjz9PhFdz\" width=\"600\" height=\"338\" title=\"&#8220;Entrevista a Ara Malikian&#8221; &#8212; Entreculturas\" data-secret=\"RDjz9PhFdz\" frameborder=\"0\" marginwidth=\"0\" marginheight=\"0\" scrolling=\"no\" class=\"wp-embedded-content\"><\/iframe><script>\n\/*! This file is auto-generated *\/\n!function(d,l){\"use strict\";l.querySelector&&d.addEventListener&&\"undefined\"!=typeof URL&&(d.wp=d.wp||{},d.wp.receiveEmbedMessage||(d.wp.receiveEmbedMessage=function(e){var t=e.data;if((t||t.secret||t.message||t.value)&&!\/[^a-zA-Z0-9]\/.test(t.secret)){for(var s,r,n,a=l.querySelectorAll('iframe[data-secret=\"'+t.secret+'\"]'),o=l.querySelectorAll('blockquote[data-secret=\"'+t.secret+'\"]'),c=new RegExp(\"^https?:$\",\"i\"),i=0;i<o.length;i++)o[i].style.display=\"none\";for(i=0;i<a.length;i++)s=a[i],e.source===s.contentWindow&&(s.removeAttribute(\"style\"),\"height\"===t.message?(1e3<(r=parseInt(t.value,10))?r=1e3:~~r<200&&(r=200),s.height=r):\"link\"===t.message&&(r=new URL(s.getAttribute(\"src\")),n=new URL(t.value),c.test(n.protocol))&&n.host===r.host&&l.activeElement===s&&(d.top.location.href=t.value))}},d.addEventListener(\"message\",d.wp.receiveEmbedMessage,!1),l.addEventListener(\"DOMContentLoaded\",function(){for(var e,t,s=l.querySelectorAll(\"iframe.wp-embedded-content\"),r=0;r<s.length;r++)(t=(e=s[r]).getAttribute(\"data-secret\"))||(t=Math.random().toString(36).substring(2,12),e.src+=\"#?secret=\"+t,e.setAttribute(\"data-secret\",t)),e.contentWindow.postMessage({message:\"ready\",secret:t},\"*\")},!1)))}(window,document);\n\/\/# sourceURL=https:\/\/www.entreculturas.org\/wp-includes\/js\/wp-embed.min.js\n<\/script>\n","thumbnail_url":"https:\/\/www.entreculturas.org\/wp-content\/uploads\/2021\/12\/malikian_en_oficina.jpeg","thumbnail_width":1600,"thumbnail_height":1066,"description":"Violinista liban\u00e9s de nacimiento, de ascendencia armenia y con nacionalidad espa\u00f1ola. Su talento fue reconocido tempranamente, a los 12 a\u00f1os de edad, a pesar de las dif\u00edciles circunstancias que la guerra civil libanesa le oblig\u00f3 a vivir, forz\u00e1ndole incluso a estudiar durante largos periodos en los refugios antia\u00e9reos. En esta Navidad, en la que colabora con Entreculturas, quiere que su tour mundial sea \u201cun encuentro con el ni\u00f1o que no pude ser y hubiera so\u00f1ado ser. Es un homenaje a esos seres que son tan libres como un p\u00e1jaro libre\u201d."}

Violinista libanés de nacimiento, de ascendencia armenia y con nacionalidad española. Su talento fue reconocido tempranamente, a los 12 años de edad, a pesar de las difíciles circunstancias que la guerra civil libanesa le obligó a vivir, forzándole incluso a estudiar durante largos periodos en los refugios antiaéreos. En esta Navidad, en la que colabora con Entreculturas, quiere que su tour mundial sea “un encuentro con el niño que no pude ser y hubiera soñado ser. Es un homenaje a esos seres que son tan libres como un pájaro libre”.
