{"version":"1.0","provider_name":"Entreculturas","provider_url":"https:\/\/www.entreculturas.org\/gl\/","title":"Daniel Castilla - Red Solidaria de J\u00f3venes de Madrid","type":"rich","width":600,"height":338,"html":"<blockquote class=\"wp-embedded-content\" data-secret=\"RgELMVLv8P\"><a href=\"https:\/\/www.entreculturas.org\/gl\/noticia\/daniel-castilla-red-solidaria-de-jovenes-de-madrid\/\">Daniel Castilla &#8211;  Red Solidaria de J\u00f3venes de Madrid<\/a><\/blockquote><iframe sandbox=\"allow-scripts\" security=\"restricted\" src=\"https:\/\/www.entreculturas.org\/gl\/noticia\/daniel-castilla-red-solidaria-de-jovenes-de-madrid\/embed\/#?secret=RgELMVLv8P\" width=\"600\" height=\"338\" title=\"&#8220;Daniel Castilla &#8211;  Red Solidaria de J\u00f3venes de Madrid&#8221; &#8212; Entreculturas\" data-secret=\"RgELMVLv8P\" frameborder=\"0\" marginwidth=\"0\" marginheight=\"0\" scrolling=\"no\" class=\"wp-embedded-content\"><\/iframe><script>\n\/*! This file is auto-generated *\/\n!function(d,l){\"use strict\";l.querySelector&&d.addEventListener&&\"undefined\"!=typeof URL&&(d.wp=d.wp||{},d.wp.receiveEmbedMessage||(d.wp.receiveEmbedMessage=function(e){var t=e.data;if((t||t.secret||t.message||t.value)&&!\/[^a-zA-Z0-9]\/.test(t.secret)){for(var s,r,n,a=l.querySelectorAll('iframe[data-secret=\"'+t.secret+'\"]'),o=l.querySelectorAll('blockquote[data-secret=\"'+t.secret+'\"]'),c=new RegExp(\"^https?:$\",\"i\"),i=0;i<o.length;i++)o[i].style.display=\"none\";for(i=0;i<a.length;i++)s=a[i],e.source===s.contentWindow&&(s.removeAttribute(\"style\"),\"height\"===t.message?(1e3<(r=parseInt(t.value,10))?r=1e3:~~r<200&&(r=200),s.height=r):\"link\"===t.message&&(r=new URL(s.getAttribute(\"src\")),n=new URL(t.value),c.test(n.protocol))&&n.host===r.host&&l.activeElement===s&&(d.top.location.href=t.value))}},d.addEventListener(\"message\",d.wp.receiveEmbedMessage,!1),l.addEventListener(\"DOMContentLoaded\",function(){for(var e,t,s=l.querySelectorAll(\"iframe.wp-embedded-content\"),r=0;r<s.length;r++)(t=(e=s[r]).getAttribute(\"data-secret\"))||(t=Math.random().toString(36).substring(2,12),e.src+=\"#?secret=\"+t,e.setAttribute(\"data-secret\",t)),e.contentWindow.postMessage({message:\"ready\",secret:t},\"*\")},!1)))}(window,document);\n\/\/# sourceURL=https:\/\/www.entreculturas.org\/wp-includes\/js\/wp-embed.min.js\n<\/script>\n","thumbnail_url":"https:\/\/www.entreculturas.org\/wp-content\/uploads\/2023\/12\/dani-rsj-2-e1726828245678.jpg","thumbnail_width":500,"thumbnail_height":476,"description":"Daniel Castilla M\u00e1jer vive en Madrid y estudia en el instituto Padre Piquer en M\u00e1rtires en la Ventilla. Le gusta dedicar su&nbsp;tiempo a la gente, a sus amigos, familia&#8230; as\u00ed siente que no deja a nadie de lado. Participa en la Red Solidaria de J\u00f3venes. \u00bfQu\u00e9 hac\u00e9is en la Red Solidaria?Solemos hacer actividades que envuelvan al mayor n\u00famero de estudiantes posibles, de manera entretenida y din\u00e1mica para hacerles saber todo lo que ocurre en el mundo sin que ellos lo sepan, o ampliar su conocimiento de problemas que ya conocen o creen que conocen.&nbsp; \u00bfC\u00f3mo conociste la Red? Llegu\u00e9 a la Red porque me habl\u00f3 de ella un profesor, que es el que dirige todos los voluntariados del instituto.&nbsp; \u00bfQu\u00e9 temas trat\u00e1is? La \u00faltima vez que estuve se trataron una enorme cantidad de temas, pero los que m\u00e1s destacaron y m\u00e1s me interesaron fueron: los derechos de la infancia y [&hellip;]"}

Daniel Castilla - Red Solidaria de Jóvenes de Madrid

<blockquote class="wp-embedded-content" data-secret="RgELMVLv8P"><a href="https://www.entreculturas.org/gl/noticia/daniel-castilla-red-solidaria-de-jovenes-de-madrid/">Daniel Castilla &#8211;  Red Solidaria de Jóvenes de Madrid</a></blockquote><iframe sandbox="allow-scripts" security="restricted" src="https://www.entreculturas.org/gl/noticia/daniel-castilla-red-solidaria-de-jovenes-de-madrid/embed/#?secret=RgELMVLv8P" width="600" height="338" title="&#8220;Daniel Castilla &#8211;  Red Solidaria de Jóvenes de Madrid&#8221; &#8212; Entreculturas" data-secret="RgELMVLv8P" frameborder="0" marginwidth="0" marginheight="0" scrolling="no" class="wp-embedded-content"></iframe><script>
/*! This file is auto-generated */
!function(d,l){"use strict";l.querySelector&&d.addEventListener&&"undefined"!=typeof URL&&(d.wp=d.wp||{},d.wp.receiveEmbedMessage||(d.wp.receiveEmbedMessage=function(e){var t=e.data;if((t||t.secret||t.message||t.value)&&!/[^a-zA-Z0-9]/.test(t.secret)){for(var s,r,n,a=l.querySelectorAll('iframe[data-secret="'+t.secret+'"]'),o=l.querySelectorAll('blockquote[data-secret="'+t.secret+'"]'),c=new RegExp("^https?:$","i"),i=0;i<o.length;i++)o[i].style.display="none";for(i=0;i<a.length;i++)s=a[i],e.source===s.contentWindow&&(s.removeAttribute("style"),"height"===t.message?(1e3<(r=parseInt(t.value,10))?r=1e3:~~r<200&&(r=200),s.height=r):"link"===t.message&&(r=new URL(s.getAttribute("src")),n=new URL(t.value),c.test(n.protocol))&&n.host===r.host&&l.activeElement===s&&(d.top.location.href=t.value))}},d.addEventListener("message",d.wp.receiveEmbedMessage,!1),l.addEventListener("DOMContentLoaded",function(){for(var e,t,s=l.querySelectorAll("iframe.wp-embedded-content"),r=0;r<s.length;r++)(t=(e=s[r]).getAttribute("data-secret"))||(t=Math.random().toString(36).substring(2,12),e.src+="#?secret="+t,e.setAttribute("data-secret",t)),e.contentWindow.postMessage({message:"ready",secret:t},"*")},!1)))}(window,document);
//# sourceURL=https://www.entreculturas.org/wp-includes/js/wp-embed.min.js
</script>

Daniel Castilla Májer vive en Madrid y estudia en el instituto Padre Piquer en Mártires en la Ventilla. Le gusta dedicar su&nbsp;tiempo a la gente, a sus amigos, familia&#8230; así siente que no deja a nadie de lado. Participa en la Red Solidaria de Jóvenes. ¿Qué hacéis en la Red Solidaria?Solemos hacer actividades que envuelvan al mayor número de estudiantes posibles, de manera entretenida y dinámica para hacerles saber todo lo que ocurre en el mundo sin que ellos lo sepan, o ampliar su conocimiento de problemas que ya conocen o creen que conocen.&nbsp; ¿Cómo conociste la Red? Llegué a la Red porque me habló de ella un profesor, que es el que dirige todos los voluntariados del instituto.&nbsp; ¿Qué temas tratáis? La última vez que estuve se trataron una enorme cantidad de temas, pero los que más destacaron y más me interesaron fueron: los derechos de la infancia y [&hellip;]
