{"version":"1.0","provider_name":"Entreculturas","provider_url":"https:\/\/www.entreculturas.org\/gl\/","title":"Claudia Joaquina Rodr\u00edguez - Representante del Consejo Estatal de Participaci\u00f3n de la Infancia y de la Adolescencia.","type":"rich","width":600,"height":338,"html":"<blockquote class=\"wp-embedded-content\" data-secret=\"NSuUvOVOJe\"><a href=\"https:\/\/www.entreculturas.org\/gl\/noticia\/claudia-joaquina-rodriguez-representante-del-consejo\/\">Claudia Joaquina Rodr\u00edguez &#8211; Representante del Consejo Estatal de Participaci\u00f3n de la Infancia y de la Adolescencia.<\/a><\/blockquote><iframe sandbox=\"allow-scripts\" security=\"restricted\" src=\"https:\/\/www.entreculturas.org\/gl\/noticia\/claudia-joaquina-rodriguez-representante-del-consejo\/embed\/#?secret=NSuUvOVOJe\" width=\"600\" height=\"338\" title=\"&#8220;Claudia Joaquina Rodr\u00edguez &#8211; Representante del Consejo Estatal de Participaci\u00f3n de la Infancia y de la Adolescencia.&#8221; &#8212; Entreculturas\" data-secret=\"NSuUvOVOJe\" frameborder=\"0\" marginwidth=\"0\" marginheight=\"0\" scrolling=\"no\" class=\"wp-embedded-content\"><\/iframe><script>\n\/*! This file is auto-generated *\/\n!function(d,l){\"use strict\";l.querySelector&&d.addEventListener&&\"undefined\"!=typeof URL&&(d.wp=d.wp||{},d.wp.receiveEmbedMessage||(d.wp.receiveEmbedMessage=function(e){var t=e.data;if((t||t.secret||t.message||t.value)&&!\/[^a-zA-Z0-9]\/.test(t.secret)){for(var s,r,n,a=l.querySelectorAll('iframe[data-secret=\"'+t.secret+'\"]'),o=l.querySelectorAll('blockquote[data-secret=\"'+t.secret+'\"]'),c=new RegExp(\"^https?:$\",\"i\"),i=0;i<o.length;i++)o[i].style.display=\"none\";for(i=0;i<a.length;i++)s=a[i],e.source===s.contentWindow&&(s.removeAttribute(\"style\"),\"height\"===t.message?(1e3<(r=parseInt(t.value,10))?r=1e3:~~r<200&&(r=200),s.height=r):\"link\"===t.message&&(r=new URL(s.getAttribute(\"src\")),n=new URL(t.value),c.test(n.protocol))&&n.host===r.host&&l.activeElement===s&&(d.top.location.href=t.value))}},d.addEventListener(\"message\",d.wp.receiveEmbedMessage,!1),l.addEventListener(\"DOMContentLoaded\",function(){for(var e,t,s=l.querySelectorAll(\"iframe.wp-embedded-content\"),r=0;r<s.length;r++)(t=(e=s[r]).getAttribute(\"data-secret\"))||(t=Math.random().toString(36).substring(2,12),e.src+=\"#?secret=\"+t,e.setAttribute(\"data-secret\",t)),e.contentWindow.postMessage({message:\"ready\",secret:t},\"*\")},!1)))}(window,document);\n\/\/# sourceURL=https:\/\/www.entreculturas.org\/wp-includes\/js\/wp-embed.min.js\n<\/script>\n","thumbnail_url":"https:\/\/www.entreculturas.org\/wp-content\/uploads\/2023\/12\/cj_baja.jpg","thumbnail_width":600,"thumbnail_height":450,"description":"Me llamo Claudia Joaquina Rodr\u00edguez, m\u00e1s conocida como CJ. Tengo 15 a\u00f1o, y pertenezco a la Red Solidaria de J\u00f3venes (RSJ) de Extremadura. He sido seleccionada para formar parte del nuevo Consejo Estatal de Participaci\u00f3n de Infancia y Adolescencia, promovido por el Ministerio de Derechos Sociales y Agenda 2030,&nbsp; formado por 34 chicos y chicas de entre 8 y 17 a\u00f1os, junto a mi compa\u00f1era June Elyse Benito Lucero de la RSJ de Galicia, que tambi\u00e9n ha sido seleccionada como suplente.&nbsp; Ambas representamos a centenares de chicas y chicos de la RSJ de toda Espa\u00f1a, que estamos sensibilizados sobre la importancia de la igualdad de g\u00e9nero, la sostenibilidad ambiental y el fomento de la interculturalidad. Hemos sido unas de las 34 elegidas de entre m\u00e1s de 120 candidaturas recibidas por parte del Gobierno.&nbsp; Me encuentro dentro de la RSJ de la Fundaci\u00f3n Entreculturas, y nuestro proyecto de Educaci\u00f3n para la [&hellip;]"}

Claudia Joaquina Rodríguez - Representante del Consejo Estatal de Participación de la Infancia y de la Adolescencia.

<blockquote class="wp-embedded-content" data-secret="NSuUvOVOJe"><a href="https://www.entreculturas.org/gl/noticia/claudia-joaquina-rodriguez-representante-del-consejo/">Claudia Joaquina Rodríguez &#8211; Representante del Consejo Estatal de Participación de la Infancia y de la Adolescencia.</a></blockquote><iframe sandbox="allow-scripts" security="restricted" src="https://www.entreculturas.org/gl/noticia/claudia-joaquina-rodriguez-representante-del-consejo/embed/#?secret=NSuUvOVOJe" width="600" height="338" title="&#8220;Claudia Joaquina Rodríguez &#8211; Representante del Consejo Estatal de Participación de la Infancia y de la Adolescencia.&#8221; &#8212; Entreculturas" data-secret="NSuUvOVOJe" frameborder="0" marginwidth="0" marginheight="0" scrolling="no" class="wp-embedded-content"></iframe><script>
/*! This file is auto-generated */
!function(d,l){"use strict";l.querySelector&&d.addEventListener&&"undefined"!=typeof URL&&(d.wp=d.wp||{},d.wp.receiveEmbedMessage||(d.wp.receiveEmbedMessage=function(e){var t=e.data;if((t||t.secret||t.message||t.value)&&!/[^a-zA-Z0-9]/.test(t.secret)){for(var s,r,n,a=l.querySelectorAll('iframe[data-secret="'+t.secret+'"]'),o=l.querySelectorAll('blockquote[data-secret="'+t.secret+'"]'),c=new RegExp("^https?:$","i"),i=0;i<o.length;i++)o[i].style.display="none";for(i=0;i<a.length;i++)s=a[i],e.source===s.contentWindow&&(s.removeAttribute("style"),"height"===t.message?(1e3<(r=parseInt(t.value,10))?r=1e3:~~r<200&&(r=200),s.height=r):"link"===t.message&&(r=new URL(s.getAttribute("src")),n=new URL(t.value),c.test(n.protocol))&&n.host===r.host&&l.activeElement===s&&(d.top.location.href=t.value))}},d.addEventListener("message",d.wp.receiveEmbedMessage,!1),l.addEventListener("DOMContentLoaded",function(){for(var e,t,s=l.querySelectorAll("iframe.wp-embedded-content"),r=0;r<s.length;r++)(t=(e=s[r]).getAttribute("data-secret"))||(t=Math.random().toString(36).substring(2,12),e.src+="#?secret="+t,e.setAttribute("data-secret",t)),e.contentWindow.postMessage({message:"ready",secret:t},"*")},!1)))}(window,document);
//# sourceURL=https://www.entreculturas.org/wp-includes/js/wp-embed.min.js
</script>

Me llamo Claudia Joaquina Rodríguez, más conocida como CJ. Tengo 15 año, y pertenezco a la Red Solidaria de Jóvenes (RSJ) de Extremadura. He sido seleccionada para formar parte del nuevo Consejo Estatal de Participación de Infancia y Adolescencia, promovido por el Ministerio de Derechos Sociales y Agenda 2030,&nbsp; formado por 34 chicos y chicas de entre 8 y 17 años, junto a mi compañera June Elyse Benito Lucero de la RSJ de Galicia, que también ha sido seleccionada como suplente.&nbsp; Ambas representamos a centenares de chicas y chicos de la RSJ de toda España, que estamos sensibilizados sobre la importancia de la igualdad de género, la sostenibilidad ambiental y el fomento de la interculturalidad. Hemos sido unas de las 34 elegidas de entre más de 120 candidaturas recibidas por parte del Gobierno.&nbsp; Me encuentro dentro de la RSJ de la Fundación Entreculturas, y nuestro proyecto de Educación para la [&hellip;]
