{"version":"1.0","provider_name":"Entreculturas","provider_url":"https:\/\/www.entreculturas.org\/gl\/","title":"Clara Gallego - Delegaci\u00f3n de Valencia","type":"rich","width":600,"height":338,"html":"<blockquote class=\"wp-embedded-content\" data-secret=\"d54IDczHEQ\"><a href=\"https:\/\/www.entreculturas.org\/gl\/noticia\/clara-gallego-delegacion-de-valencia\/\">Clara Gallego &#8211; Delegaci\u00f3n de Valencia<\/a><\/blockquote><iframe sandbox=\"allow-scripts\" security=\"restricted\" src=\"https:\/\/www.entreculturas.org\/gl\/noticia\/clara-gallego-delegacion-de-valencia\/embed\/#?secret=d54IDczHEQ\" width=\"600\" height=\"338\" title=\"&#8220;Clara Gallego &#8211; Delegaci\u00f3n de Valencia&#8221; &#8212; Entreculturas\" data-secret=\"d54IDczHEQ\" frameborder=\"0\" marginwidth=\"0\" marginheight=\"0\" scrolling=\"no\" class=\"wp-embedded-content\"><\/iframe><script>\n\/*! This file is auto-generated *\/\n!function(d,l){\"use strict\";l.querySelector&&d.addEventListener&&\"undefined\"!=typeof URL&&(d.wp=d.wp||{},d.wp.receiveEmbedMessage||(d.wp.receiveEmbedMessage=function(e){var t=e.data;if((t||t.secret||t.message||t.value)&&!\/[^a-zA-Z0-9]\/.test(t.secret)){for(var s,r,n,a=l.querySelectorAll('iframe[data-secret=\"'+t.secret+'\"]'),o=l.querySelectorAll('blockquote[data-secret=\"'+t.secret+'\"]'),c=new RegExp(\"^https?:$\",\"i\"),i=0;i<o.length;i++)o[i].style.display=\"none\";for(i=0;i<a.length;i++)s=a[i],e.source===s.contentWindow&&(s.removeAttribute(\"style\"),\"height\"===t.message?(1e3<(r=parseInt(t.value,10))?r=1e3:~~r<200&&(r=200),s.height=r):\"link\"===t.message&&(r=new URL(s.getAttribute(\"src\")),n=new URL(t.value),c.test(n.protocol))&&n.host===r.host&&l.activeElement===s&&(d.top.location.href=t.value))}},d.addEventListener(\"message\",d.wp.receiveEmbedMessage,!1),l.addEventListener(\"DOMContentLoaded\",function(){for(var e,t,s=l.querySelectorAll(\"iframe.wp-embedded-content\"),r=0;r<s.length;r++)(t=(e=s[r]).getAttribute(\"data-secret\"))||(t=Math.random().toString(36).substring(2,12),e.src+=\"#?secret=\"+t,e.setAttribute(\"data-secret\",t)),e.contentWindow.postMessage({message:\"ready\",secret:t},\"*\")},!1)))}(window,document);\n\/\/# sourceURL=https:\/\/www.entreculturas.org\/wp-includes\/js\/wp-embed.min.js\n<\/script>\n","thumbnail_url":"https:\/\/www.entreculturas.org\/wp-content\/uploads\/2023\/12\/clara_gallegos_1_1_0.jpg","thumbnail_width":500,"thumbnail_height":375,"description":"Me llamo Clara Gallego, soy voluntaria de la delegaci\u00f3n de Valencia desde el a\u00f1o 2011. Profesionalmente me he dedicado a la ense\u00f1anza y hoy d\u00eda soy maestra jubilada.&nbsp; &nbsp; Conoc\u00ed Entreculturas por una propaganda que lleg\u00f3&nbsp;a mis manos, me atrajo su dedicaci\u00f3n a que la educaci\u00f3n llegara a todos y todas.&nbsp;Los primeros contactos con la entidad fueron para m\u00ed como una ventana abierta por la que vi un mundo completamente desconocido. &nbsp; Me dieron formaci\u00f3n y acompa\u00f1amiento, mi mirada cambio. Empec\u00e9&nbsp;a relacionarme con una diversidad que me conmov\u00eda, me complicaba la vida y a la vez me enriquec\u00eda. &nbsp; Todas esas vivencias provocaron una b\u00fasqueda, una mirada hacia el interior. Encontr\u00e9 el apoyo y la formaci\u00f3n en el Centro Arrupe, en&nbsp;la Espiritualidad Ignaciana, que ha&nbsp;sido mi sost\u00e9n&nbsp;y mi alimento&nbsp;para poder llevar a cabo&nbsp;las misiones que se me encomendaban.&nbsp;Todo ello me ha ayudado a crecer, a situarme en el mundo de [&hellip;]"}

Clara Gallego - Delegación de Valencia

<blockquote class="wp-embedded-content" data-secret="d54IDczHEQ"><a href="https://www.entreculturas.org/gl/noticia/clara-gallego-delegacion-de-valencia/">Clara Gallego &#8211; Delegación de Valencia</a></blockquote><iframe sandbox="allow-scripts" security="restricted" src="https://www.entreculturas.org/gl/noticia/clara-gallego-delegacion-de-valencia/embed/#?secret=d54IDczHEQ" width="600" height="338" title="&#8220;Clara Gallego &#8211; Delegación de Valencia&#8221; &#8212; Entreculturas" data-secret="d54IDczHEQ" frameborder="0" marginwidth="0" marginheight="0" scrolling="no" class="wp-embedded-content"></iframe><script>
/*! This file is auto-generated */
!function(d,l){"use strict";l.querySelector&&d.addEventListener&&"undefined"!=typeof URL&&(d.wp=d.wp||{},d.wp.receiveEmbedMessage||(d.wp.receiveEmbedMessage=function(e){var t=e.data;if((t||t.secret||t.message||t.value)&&!/[^a-zA-Z0-9]/.test(t.secret)){for(var s,r,n,a=l.querySelectorAll('iframe[data-secret="'+t.secret+'"]'),o=l.querySelectorAll('blockquote[data-secret="'+t.secret+'"]'),c=new RegExp("^https?:$","i"),i=0;i<o.length;i++)o[i].style.display="none";for(i=0;i<a.length;i++)s=a[i],e.source===s.contentWindow&&(s.removeAttribute("style"),"height"===t.message?(1e3<(r=parseInt(t.value,10))?r=1e3:~~r<200&&(r=200),s.height=r):"link"===t.message&&(r=new URL(s.getAttribute("src")),n=new URL(t.value),c.test(n.protocol))&&n.host===r.host&&l.activeElement===s&&(d.top.location.href=t.value))}},d.addEventListener("message",d.wp.receiveEmbedMessage,!1),l.addEventListener("DOMContentLoaded",function(){for(var e,t,s=l.querySelectorAll("iframe.wp-embedded-content"),r=0;r<s.length;r++)(t=(e=s[r]).getAttribute("data-secret"))||(t=Math.random().toString(36).substring(2,12),e.src+="#?secret="+t,e.setAttribute("data-secret",t)),e.contentWindow.postMessage({message:"ready",secret:t},"*")},!1)))}(window,document);
//# sourceURL=https://www.entreculturas.org/wp-includes/js/wp-embed.min.js
</script>

Me llamo Clara Gallego, soy voluntaria de la delegación de Valencia desde el año 2011. Profesionalmente me he dedicado a la enseñanza y hoy día soy maestra jubilada.&nbsp; &nbsp; Conocí Entreculturas por una propaganda que llegó&nbsp;a mis manos, me atrajo su dedicación a que la educación llegara a todos y todas.&nbsp;Los primeros contactos con la entidad fueron para mí como una ventana abierta por la que vi un mundo completamente desconocido. &nbsp; Me dieron formación y acompañamiento, mi mirada cambio. Empecé&nbsp;a relacionarme con una diversidad que me conmovía, me complicaba la vida y a la vez me enriquecía. &nbsp; Todas esas vivencias provocaron una búsqueda, una mirada hacia el interior. Encontré el apoyo y la formación en el Centro Arrupe, en&nbsp;la Espiritualidad Ignaciana, que ha&nbsp;sido mi sostén&nbsp;y mi alimento&nbsp;para poder llevar a cabo&nbsp;las misiones que se me encomendaban.&nbsp;Todo ello me ha ayudado a crecer, a situarme en el mundo de [&hellip;]
