{"version":"1.0","provider_name":"Entreculturas","provider_url":"https:\/\/www.entreculturas.org\/gl\/","title":"Chema Lanillos - Voluntario en Pa\u00eds Vasco","type":"rich","width":600,"height":338,"html":"<blockquote class=\"wp-embedded-content\" data-secret=\"zOszINBRnM\"><a href=\"https:\/\/www.entreculturas.org\/gl\/noticia\/chema-lanillos-voluntario-en-pais-vasco\/\">Chema Lanillos &#8211; Voluntario en Pa\u00eds Vasco<\/a><\/blockquote><iframe sandbox=\"allow-scripts\" security=\"restricted\" src=\"https:\/\/www.entreculturas.org\/gl\/noticia\/chema-lanillos-voluntario-en-pais-vasco\/embed\/#?secret=zOszINBRnM\" width=\"600\" height=\"338\" title=\"&#8220;Chema Lanillos &#8211; Voluntario en Pa\u00eds Vasco&#8221; &#8212; Entreculturas\" data-secret=\"zOszINBRnM\" frameborder=\"0\" marginwidth=\"0\" marginheight=\"0\" scrolling=\"no\" class=\"wp-embedded-content\"><\/iframe><script>\n\/*! This file is auto-generated *\/\n!function(d,l){\"use strict\";l.querySelector&&d.addEventListener&&\"undefined\"!=typeof URL&&(d.wp=d.wp||{},d.wp.receiveEmbedMessage||(d.wp.receiveEmbedMessage=function(e){var t=e.data;if((t||t.secret||t.message||t.value)&&!\/[^a-zA-Z0-9]\/.test(t.secret)){for(var s,r,n,a=l.querySelectorAll('iframe[data-secret=\"'+t.secret+'\"]'),o=l.querySelectorAll('blockquote[data-secret=\"'+t.secret+'\"]'),c=new RegExp(\"^https?:$\",\"i\"),i=0;i<o.length;i++)o[i].style.display=\"none\";for(i=0;i<a.length;i++)s=a[i],e.source===s.contentWindow&&(s.removeAttribute(\"style\"),\"height\"===t.message?(1e3<(r=parseInt(t.value,10))?r=1e3:~~r<200&&(r=200),s.height=r):\"link\"===t.message&&(r=new URL(s.getAttribute(\"src\")),n=new URL(t.value),c.test(n.protocol))&&n.host===r.host&&l.activeElement===s&&(d.top.location.href=t.value))}},d.addEventListener(\"message\",d.wp.receiveEmbedMessage,!1),l.addEventListener(\"DOMContentLoaded\",function(){for(var e,t,s=l.querySelectorAll(\"iframe.wp-embedded-content\"),r=0;r<s.length;r++)(t=(e=s[r]).getAttribute(\"data-secret\"))||(t=Math.random().toString(36).substring(2,12),e.src+=\"#?secret=\"+t,e.setAttribute(\"data-secret\",t)),e.contentWindow.postMessage({message:\"ready\",secret:t},\"*\")},!1)))}(window,document);\n\/\/# sourceURL=https:\/\/www.entreculturas.org\/wp-includes\/js\/wp-embed.min.js\n<\/script>\n","thumbnail_url":"https:\/\/www.entreculturas.org\/wp-content\/uploads\/2023\/12\/20210402_120832_baja-e1726829163356.jpg","thumbnail_width":500,"thumbnail_height":180,"description":"Soy un \u201cjoven\u201d de 53 a\u00f1os y siempre me gust\u00f3 aportar, de manera desinteresada, en la medida de mis capacidades y disponibilidad de&nbsp; tiempo, participando como voluntario en alguna ONG, asociaciones culturales y juveniles y agrupaciones deportivas. Por poner algunos ejemplos, colabor\u00e9 con el departamento de educaci\u00f3n de Ayuda en Acci\u00f3n, realic\u00e9 un programa de radio en una emisora local, fui miembro del grupo de rescate en monta\u00f1a de Cruz Roja en Madrid, fui voluntario de Amnist\u00eda Internacional&nbsp; y colabor\u00e9 en la organizaci\u00f3n de actividades en un club de monta\u00f1a en Coslada, entre otras muchas cosas. Desde muy joven fui un gran aficionado a la monta\u00f1a y gracias a esta \u00abexcusa\u00bb he visitado varias cadenas monta\u00f1osas del mundo. He desempe\u00f1ado m\u00faltiples trabajos: Gu\u00eda y profesor de monta\u00f1a, monitor de cicloturismo, logista para M\u00e9dicos sin Fronteras en Angola y Sud\u00e1n del Sur, trabajador vertical colgado de cuerdas en cientos de edificios [&hellip;]"}

Chema Lanillos - Voluntario en País Vasco

<blockquote class="wp-embedded-content" data-secret="zOszINBRnM"><a href="https://www.entreculturas.org/gl/noticia/chema-lanillos-voluntario-en-pais-vasco/">Chema Lanillos &#8211; Voluntario en País Vasco</a></blockquote><iframe sandbox="allow-scripts" security="restricted" src="https://www.entreculturas.org/gl/noticia/chema-lanillos-voluntario-en-pais-vasco/embed/#?secret=zOszINBRnM" width="600" height="338" title="&#8220;Chema Lanillos &#8211; Voluntario en País Vasco&#8221; &#8212; Entreculturas" data-secret="zOszINBRnM" frameborder="0" marginwidth="0" marginheight="0" scrolling="no" class="wp-embedded-content"></iframe><script>
/*! This file is auto-generated */
!function(d,l){"use strict";l.querySelector&&d.addEventListener&&"undefined"!=typeof URL&&(d.wp=d.wp||{},d.wp.receiveEmbedMessage||(d.wp.receiveEmbedMessage=function(e){var t=e.data;if((t||t.secret||t.message||t.value)&&!/[^a-zA-Z0-9]/.test(t.secret)){for(var s,r,n,a=l.querySelectorAll('iframe[data-secret="'+t.secret+'"]'),o=l.querySelectorAll('blockquote[data-secret="'+t.secret+'"]'),c=new RegExp("^https?:$","i"),i=0;i<o.length;i++)o[i].style.display="none";for(i=0;i<a.length;i++)s=a[i],e.source===s.contentWindow&&(s.removeAttribute("style"),"height"===t.message?(1e3<(r=parseInt(t.value,10))?r=1e3:~~r<200&&(r=200),s.height=r):"link"===t.message&&(r=new URL(s.getAttribute("src")),n=new URL(t.value),c.test(n.protocol))&&n.host===r.host&&l.activeElement===s&&(d.top.location.href=t.value))}},d.addEventListener("message",d.wp.receiveEmbedMessage,!1),l.addEventListener("DOMContentLoaded",function(){for(var e,t,s=l.querySelectorAll("iframe.wp-embedded-content"),r=0;r<s.length;r++)(t=(e=s[r]).getAttribute("data-secret"))||(t=Math.random().toString(36).substring(2,12),e.src+="#?secret="+t,e.setAttribute("data-secret",t)),e.contentWindow.postMessage({message:"ready",secret:t},"*")},!1)))}(window,document);
//# sourceURL=https://www.entreculturas.org/wp-includes/js/wp-embed.min.js
</script>

Soy un “joven” de 53 años y siempre me gustó aportar, de manera desinteresada, en la medida de mis capacidades y disponibilidad de&nbsp; tiempo, participando como voluntario en alguna ONG, asociaciones culturales y juveniles y agrupaciones deportivas. Por poner algunos ejemplos, colaboré con el departamento de educación de Ayuda en Acción, realicé un programa de radio en una emisora local, fui miembro del grupo de rescate en montaña de Cruz Roja en Madrid, fui voluntario de Amnistía Internacional&nbsp; y colaboré en la organización de actividades en un club de montaña en Coslada, entre otras muchas cosas. Desde muy joven fui un gran aficionado a la montaña y gracias a esta «excusa» he visitado varias cadenas montañosas del mundo. He desempeñado múltiples trabajos: Guía y profesor de montaña, monitor de cicloturismo, logista para Médicos sin Fronteras en Angola y Sudán del Sur, trabajador vertical colgado de cuerdas en cientos de edificios [&hellip;]
