{"id":7961,"date":"2015-05-11T13:38:44","date_gmt":"2015-05-11T13:38:44","guid":{"rendered":"https:\/\/entreculturasi.wpenginepowered.com\/?publicaciones=convivir-con-los-otros-y-con-la-naturaleza"},"modified":"2024-03-25T14:55:48","modified_gmt":"2024-03-25T13:55:48","slug":"convivir-con-los-otros-y-con-la-naturaleza","status":"publish","type":"publicacion","link":"https:\/\/www.entreculturas.org\/fr\/publicacion\/convivir-con-los-otros-y-con-la-naturaleza\/","title":{"rendered":"Convivir con los otros y con la naturaleza"},"content":{"rendered":"<p><!--StartFragment--><!--StartFragment-->Los educadores ense\u00f1amos esencialmente lo que somos, es decir, nuestra manera de actuar, nuestra manera de percibir el mundo, las maneras de relacionarnos con los semejantes, con el entorno, nuestros valores y actitudes. Por ello, cuando hablamos de la necesidad de formaci\u00f3n del educador para mejorar las pr\u00e1cticas educativas, estamos asumiendo que esta formaci\u00f3n implica la construcci\u00f3n de su persona, la reflexi\u00f3n, revisi\u00f3n y comprensi\u00f3n de su ser, afectividad, valores y actitudes.<!--EndFragment--><!--EndFragment--><\/p>\n","protected":false},"excerpt":{"rendered":"<p>Los educadores ense\u00f1amos esencialmente lo que somos, es decir, nuestra manera de actuar, nuestra manera de percibir el mundo, las maneras de relacionarnos con los semejantes, con el entorno, nuestros valores y actitudes. Por ello, cuando hablamos de la necesidad de formaci\u00f3n del educador para mejorar las pr\u00e1cticas educativas, estamos asumiendo que esta formaci\u00f3n implica la construcci\u00f3n de su persona, la reflexi\u00f3n, revisi\u00f3n y comprensi\u00f3n de su ser, afectividad, valores y actitudes.<\/p>\n","protected":false},"featured_media":1826,"template":"","format":[115],"categories":[12],"tags":[8],"cause":[128],"class_list":["post-7961","publicacion","type-publicacion","status-publish","has-post-thumbnail","hentry","category-recursos-educativos","tag-participacion-y-ciudadania-global","cause-educacion","format-recursos-educativos"],"acf":[],"yoast_head":"<!-- This site is optimized with the Yoast SEO Premium plugin v21.6 (Yoast SEO v27.5) - https:\/\/yoast.com\/product\/yoast-seo-premium-wordpress\/ -->\n<title>Convivir con los otros y con la naturaleza - Entreculturas<\/title>\n<meta name=\"robots\" content=\"index, follow, max-snippet:-1, max-image-preview:large, max-video-preview:-1\" \/>\n<link rel=\"canonical\" href=\"https:\/\/www.entreculturas.org\/fr\/publicacion\/convivir-con-los-otros-y-con-la-naturaleza\/\" \/>\n<meta property=\"og:locale\" content=\"fr_FR\" \/>\n<meta property=\"og:type\" content=\"article\" \/>\n<meta property=\"og:title\" content=\"Convivir con los otros y con la naturaleza\" \/>\n<meta property=\"og:description\" content=\"Los educadores ense\u00f1amos esencialmente lo que somos, es decir, nuestra manera de actuar, nuestra manera de percibir el mundo, las maneras de relacionarnos con los semejantes, con el entorno, nuestros valores y actitudes. Por ello, cuando hablamos de la necesidad de formaci\u00f3n del educador para mejorar las pr\u00e1cticas educativas, estamos asumiendo que esta formaci\u00f3n implica la construcci\u00f3n de su persona, la reflexi\u00f3n, revisi\u00f3n y comprensi\u00f3n de su ser, afectividad, valores y actitudes.\" \/>\n<meta property=\"og:url\" content=\"https:\/\/www.entreculturas.org\/fr\/publicacion\/convivir-con-los-otros-y-con-la-naturaleza\/\" \/>\n<meta property=\"og:site_name\" content=\"Entreculturas\" \/>\n<meta property=\"article:publisher\" content=\"https:\/\/www.facebook.com\/entreculturas\" \/>\n<meta property=\"article:modified_time\" content=\"2024-03-25T13:55:48+00:00\" \/>\n<meta name=\"twitter:card\" content=\"summary_large_image\" \/>\n<meta name=\"twitter:site\" content=\"@Entreculturas\" \/>\n<script type=\"application\/ld+json\" class=\"yoast-schema-graph\">{\"@context\":\"https:\\\/\\\/schema.org\",\"@graph\":[{\"@type\":\"WebPage\",\"@id\":\"https:\\\/\\\/www.entreculturas.org\\\/fr\\\/publicacion\\\/convivir-con-los-otros-y-con-la-naturaleza\\\/\",\"url\":\"https:\\\/\\\/www.entreculturas.org\\\/fr\\\/publicacion\\\/convivir-con-los-otros-y-con-la-naturaleza\\\/\",\"name\":\"Convivir con los otros y con la naturaleza - Entreculturas\",\"isPartOf\":{\"@id\":\"https:\\\/\\\/www.entreculturas.org\\\/fr\\\/#website\"},\"primaryImageOfPage\":{\"@id\":\"https:\\\/\\\/www.entreculturas.org\\\/fr\\\/publicacion\\\/convivir-con-los-otros-y-con-la-naturaleza\\\/#primaryimage\"},\"image\":{\"@id\":\"https:\\\/\\\/www.entreculturas.org\\\/fr\\\/publicacion\\\/convivir-con-los-otros-y-con-la-naturaleza\\\/#primaryimage\"},\"thumbnailUrl\":\"\",\"datePublished\":\"2015-05-11T13:38:44+00:00\",\"dateModified\":\"2024-03-25T13:55:48+00:00\",\"breadcrumb\":{\"@id\":\"https:\\\/\\\/www.entreculturas.org\\\/fr\\\/publicacion\\\/convivir-con-los-otros-y-con-la-naturaleza\\\/#breadcrumb\"},\"inLanguage\":\"fr-FR\",\"potentialAction\":[{\"@type\":\"ReadAction\",\"target\":[\"https:\\\/\\\/www.entreculturas.org\\\/fr\\\/publicacion\\\/convivir-con-los-otros-y-con-la-naturaleza\\\/\"]}]},{\"@type\":\"ImageObject\",\"inLanguage\":\"fr-FR\",\"@id\":\"https:\\\/\\\/www.entreculturas.org\\\/fr\\\/publicacion\\\/convivir-con-los-otros-y-con-la-naturaleza\\\/#primaryimage\",\"url\":\"\",\"contentUrl\":\"\"},{\"@type\":\"BreadcrumbList\",\"@id\":\"https:\\\/\\\/www.entreculturas.org\\\/fr\\\/publicacion\\\/convivir-con-los-otros-y-con-la-naturaleza\\\/#breadcrumb\",\"itemListElement\":[{\"@type\":\"ListItem\",\"position\":1,\"name\":\"Home\",\"item\":\"https:\\\/\\\/www.entreculturas.org\\\/fr\\\/\"},{\"@type\":\"ListItem\",\"position\":2,\"name\":\"Publicaciones\",\"item\":\"https:\\\/\\\/www.entreculturas.org\\\/fr\\\/publicaciones\\\/\"},{\"@type\":\"ListItem\",\"position\":3,\"name\":\"Convivir con los otros y con la naturaleza\"}]},{\"@type\":\"WebSite\",\"@id\":\"https:\\\/\\\/www.entreculturas.org\\\/fr\\\/#website\",\"url\":\"https:\\\/\\\/www.entreculturas.org\\\/fr\\\/\",\"name\":\"Entreculturas\",\"description\":\"\",\"publisher\":{\"@id\":\"https:\\\/\\\/www.entreculturas.org\\\/fr\\\/#organization\"},\"alternateName\":\"Entreculturas\",\"potentialAction\":[{\"@type\":\"SearchAction\",\"target\":{\"@type\":\"EntryPoint\",\"urlTemplate\":\"https:\\\/\\\/www.entreculturas.org\\\/fr\\\/?s={search_term_string}\"},\"query-input\":{\"@type\":\"PropertyValueSpecification\",\"valueRequired\":true,\"valueName\":\"search_term_string\"}}],\"inLanguage\":\"fr-FR\"},{\"@type\":\"Organization\",\"@id\":\"https:\\\/\\\/www.entreculturas.org\\\/fr\\\/#organization\",\"name\":\"Entreculturas\",\"url\":\"https:\\\/\\\/www.entreculturas.org\\\/fr\\\/\",\"logo\":{\"@type\":\"ImageObject\",\"inLanguage\":\"fr-FR\",\"@id\":\"https:\\\/\\\/www.entreculturas.org\\\/fr\\\/#\\\/schema\\\/logo\\\/image\\\/\",\"url\":\"https:\\\/\\\/www.entreculturas.org\\\/wp-content\\\/uploads\\\/2025\\\/10\\\/ESP.svg\",\"contentUrl\":\"https:\\\/\\\/www.entreculturas.org\\\/wp-content\\\/uploads\\\/2025\\\/10\\\/ESP.svg\",\"caption\":\"Entreculturas\"},\"image\":{\"@id\":\"https:\\\/\\\/www.entreculturas.org\\\/fr\\\/#\\\/schema\\\/logo\\\/image\\\/\"},\"sameAs\":[\"https:\\\/\\\/www.facebook.com\\\/entreculturas\",\"https:\\\/\\\/x.com\\\/Entreculturas\",\"https:\\\/\\\/www.instagram.com\\\/entreculturas\\\/\",\"https:\\\/\\\/www.youtube.com\\\/user\\\/entreculturasvideo\",\"https:\\\/\\\/www.linkedin.com\\\/company\\\/fundacion-entreculturas-ngdo\\\/\",\"https:\\\/\\\/www.flickr.com\\\/photos\\\/98455522@N04\\\/albums\\\/\"]}]}<\/script>\n<!-- \/ Yoast SEO Premium plugin. -->","yoast_head_json":{"title":"Convivir con los otros y con la naturaleza - Entreculturas","robots":{"index":"index","follow":"follow","max-snippet":"max-snippet:-1","max-image-preview":"max-image-preview:large","max-video-preview":"max-video-preview:-1"},"canonical":"https:\/\/www.entreculturas.org\/fr\/publicacion\/convivir-con-los-otros-y-con-la-naturaleza\/","og_locale":"fr_FR","og_type":"article","og_title":"Convivir con los otros y con la naturaleza","og_description":"Los educadores ense\u00f1amos esencialmente lo que somos, es decir, nuestra manera de actuar, nuestra manera de percibir el mundo, las maneras de relacionarnos con los semejantes, con el entorno, nuestros valores y actitudes. Por ello, cuando hablamos de la necesidad de formaci\u00f3n del educador para mejorar las pr\u00e1cticas educativas, estamos asumiendo que esta formaci\u00f3n implica la construcci\u00f3n de su persona, la reflexi\u00f3n, revisi\u00f3n y comprensi\u00f3n de su ser, afectividad, valores y actitudes.","og_url":"https:\/\/www.entreculturas.org\/fr\/publicacion\/convivir-con-los-otros-y-con-la-naturaleza\/","og_site_name":"Entreculturas","article_publisher":"https:\/\/www.facebook.com\/entreculturas","article_modified_time":"2024-03-25T13:55:48+00:00","twitter_card":"summary_large_image","twitter_site":"@Entreculturas","schema":{"@context":"https:\/\/schema.org","@graph":[{"@type":"WebPage","@id":"https:\/\/www.entreculturas.org\/fr\/publicacion\/convivir-con-los-otros-y-con-la-naturaleza\/","url":"https:\/\/www.entreculturas.org\/fr\/publicacion\/convivir-con-los-otros-y-con-la-naturaleza\/","name":"Convivir con los otros y con la naturaleza - Entreculturas","isPartOf":{"@id":"https:\/\/www.entreculturas.org\/fr\/#website"},"primaryImageOfPage":{"@id":"https:\/\/www.entreculturas.org\/fr\/publicacion\/convivir-con-los-otros-y-con-la-naturaleza\/#primaryimage"},"image":{"@id":"https:\/\/www.entreculturas.org\/fr\/publicacion\/convivir-con-los-otros-y-con-la-naturaleza\/#primaryimage"},"thumbnailUrl":"","datePublished":"2015-05-11T13:38:44+00:00","dateModified":"2024-03-25T13:55:48+00:00","breadcrumb":{"@id":"https:\/\/www.entreculturas.org\/fr\/publicacion\/convivir-con-los-otros-y-con-la-naturaleza\/#breadcrumb"},"inLanguage":"fr-FR","potentialAction":[{"@type":"ReadAction","target":["https:\/\/www.entreculturas.org\/fr\/publicacion\/convivir-con-los-otros-y-con-la-naturaleza\/"]}]},{"@type":"ImageObject","inLanguage":"fr-FR","@id":"https:\/\/www.entreculturas.org\/fr\/publicacion\/convivir-con-los-otros-y-con-la-naturaleza\/#primaryimage","url":"","contentUrl":""},{"@type":"BreadcrumbList","@id":"https:\/\/www.entreculturas.org\/fr\/publicacion\/convivir-con-los-otros-y-con-la-naturaleza\/#breadcrumb","itemListElement":[{"@type":"ListItem","position":1,"name":"Home","item":"https:\/\/www.entreculturas.org\/fr\/"},{"@type":"ListItem","position":2,"name":"Publicaciones","item":"https:\/\/www.entreculturas.org\/fr\/publicaciones\/"},{"@type":"ListItem","position":3,"name":"Convivir con los otros y con la naturaleza"}]},{"@type":"WebSite","@id":"https:\/\/www.entreculturas.org\/fr\/#website","url":"https:\/\/www.entreculturas.org\/fr\/","name":"Entreculturas","description":"","publisher":{"@id":"https:\/\/www.entreculturas.org\/fr\/#organization"},"alternateName":"Entreculturas","potentialAction":[{"@type":"SearchAction","target":{"@type":"EntryPoint","urlTemplate":"https:\/\/www.entreculturas.org\/fr\/?s={search_term_string}"},"query-input":{"@type":"PropertyValueSpecification","valueRequired":true,"valueName":"search_term_string"}}],"inLanguage":"fr-FR"},{"@type":"Organization","@id":"https:\/\/www.entreculturas.org\/fr\/#organization","name":"Entreculturas","url":"https:\/\/www.entreculturas.org\/fr\/","logo":{"@type":"ImageObject","inLanguage":"fr-FR","@id":"https:\/\/www.entreculturas.org\/fr\/#\/schema\/logo\/image\/","url":"https:\/\/www.entreculturas.org\/wp-content\/uploads\/2025\/10\/ESP.svg","contentUrl":"https:\/\/www.entreculturas.org\/wp-content\/uploads\/2025\/10\/ESP.svg","caption":"Entreculturas"},"image":{"@id":"https:\/\/www.entreculturas.org\/fr\/#\/schema\/logo\/image\/"},"sameAs":["https:\/\/www.facebook.com\/entreculturas","https:\/\/x.com\/Entreculturas","https:\/\/www.instagram.com\/entreculturas\/","https:\/\/www.youtube.com\/user\/entreculturasvideo","https:\/\/www.linkedin.com\/company\/fundacion-entreculturas-ngdo\/","https:\/\/www.flickr.com\/photos\/98455522@N04\/albums\/"]}]}},"_links":{"self":[{"href":"https:\/\/www.entreculturas.org\/fr\/wp-json\/wp\/v2\/publicacion\/7961","targetHints":{"allow":["GET"]}}],"collection":[{"href":"https:\/\/www.entreculturas.org\/fr\/wp-json\/wp\/v2\/publicacion"}],"about":[{"href":"https:\/\/www.entreculturas.org\/fr\/wp-json\/wp\/v2\/types\/publicacion"}],"wp:featuredmedia":[{"embeddable":true,"href":"https:\/\/www.entreculturas.org\/fr\/wp-json\/wp\/v2\/pages\/1826"}],"wp:attachment":[{"href":"https:\/\/www.entreculturas.org\/fr\/wp-json\/wp\/v2\/media?parent=7961"}],"wp:term":[{"taxonomy":"category","embeddable":true,"href":"https:\/\/www.entreculturas.org\/fr\/wp-json\/wp\/v2\/categories?post=7961"},{"taxonomy":"post_tag","embeddable":true,"href":"https:\/\/www.entreculturas.org\/fr\/wp-json\/wp\/v2\/tags?post=7961"},{"taxonomy":"cause","embeddable":true,"href":"https:\/\/www.entreculturas.org\/fr\/wp-json\/wp\/v2\/cause?post=7961"},{"taxonomy":"format","embeddable":true,"href":"https:\/\/www.entreculturas.org\/fr\/wp-json\/wp\/v2\/format?post=7961"}],"curies":[{"name":"wp","href":"https:\/\/api.w.org\/{rel}","templated":true}]}}

<p><!--StartFragment--><!--StartFragment-->Los educadores enseñamos esencialmente lo que somos, es decir, nuestra manera de actuar, nuestra manera de percibir el mundo, las maneras de relacionarnos con los semejantes, con el entorno, nuestros valores y actitudes. Por ello, cuando hablamos de la necesidad de formación del educador para mejorar las prácticas educativas, estamos asumiendo que esta formación implica la construcción de su persona, la reflexión, revisión y comprensión de su ser, afectividad, valores y actitudes.<!--EndFragment--><!--EndFragment--></p>

<p>Los educadores enseñamos esencialmente lo que somos, es decir, nuestra manera de actuar, nuestra manera de percibir el mundo, las maneras de relacionarnos con los semejantes, con el entorno, nuestros valores y actitudes. Por ello, cuando hablamos de la necesidad de formación del educador para mejorar las prácticas educativas, estamos asumiendo que esta formación implica la construcción de su persona, la reflexión, revisión y comprensión de su ser, afectividad, valores y actitudes.</p>

<!-- This site is optimized with the Yoast SEO Premium plugin v21.6 (Yoast SEO v27.5) - https://yoast.com/product/yoast-seo-premium-wordpress/ -->
<title>Convivir con los otros y con la naturaleza - Entreculturas</title>
<meta name="robots" content="index, follow, max-snippet:-1, max-image-preview:large, max-video-preview:-1" />
<link rel="canonical" href="https://www.entreculturas.org/fr/publicacion/convivir-con-los-otros-y-con-la-naturaleza/" />
<meta property="og:locale" content="fr_FR" />
<meta property="og:type" content="article" />
<meta property="og:title" content="Convivir con los otros y con la naturaleza" />
<meta property="og:description" content="Los educadores enseñamos esencialmente lo que somos, es decir, nuestra manera de actuar, nuestra manera de percibir el mundo, las maneras de relacionarnos con los semejantes, con el entorno, nuestros valores y actitudes. Por ello, cuando hablamos de la necesidad de formación del educador para mejorar las prácticas educativas, estamos asumiendo que esta formación implica la construcción de su persona, la reflexión, revisión y comprensión de su ser, afectividad, valores y actitudes." />
<meta property="og:url" content="https://www.entreculturas.org/fr/publicacion/convivir-con-los-otros-y-con-la-naturaleza/" />
<meta property="og:site_name" content="Entreculturas" />
<meta property="article:publisher" content="https://www.facebook.com/entreculturas" />
<meta property="article:modified_time" content="2024-03-25T13:55:48+00:00" />
<meta name="twitter:card" content="summary_large_image" />
<meta name="twitter:site" content="@Entreculturas" />
<script type="application/ld+json" class="yoast-schema-graph">{"@context":"https:\/\/schema.org","@graph":[{"@type":"WebPage","@id":"https:\/\/www.entreculturas.org\/fr\/publicacion\/convivir-con-los-otros-y-con-la-naturaleza\/","url":"https:\/\/www.entreculturas.org\/fr\/publicacion\/convivir-con-los-otros-y-con-la-naturaleza\/","name":"Convivir con los otros y con la naturaleza - Entreculturas","isPartOf":{"@id":"https:\/\/www.entreculturas.org\/fr\/#website"},"primaryImageOfPage":{"@id":"https:\/\/www.entreculturas.org\/fr\/publicacion\/convivir-con-los-otros-y-con-la-naturaleza\/#primaryimage"},"image":{"@id":"https:\/\/www.entreculturas.org\/fr\/publicacion\/convivir-con-los-otros-y-con-la-naturaleza\/#primaryimage"},"thumbnailUrl":"","datePublished":"2015-05-11T13:38:44+00:00","dateModified":"2024-03-25T13:55:48+00:00","breadcrumb":{"@id":"https:\/\/www.entreculturas.org\/fr\/publicacion\/convivir-con-los-otros-y-con-la-naturaleza\/#breadcrumb"},"inLanguage":"fr-FR","potentialAction":[{"@type":"ReadAction","target":["https:\/\/www.entreculturas.org\/fr\/publicacion\/convivir-con-los-otros-y-con-la-naturaleza\/"]}]},{"@type":"ImageObject","inLanguage":"fr-FR","@id":"https:\/\/www.entreculturas.org\/fr\/publicacion\/convivir-con-los-otros-y-con-la-naturaleza\/#primaryimage","url":"","contentUrl":""},{"@type":"BreadcrumbList","@id":"https:\/\/www.entreculturas.org\/fr\/publicacion\/convivir-con-los-otros-y-con-la-naturaleza\/#breadcrumb","itemListElement":[{"@type":"ListItem","position":1,"name":"Home","item":"https:\/\/www.entreculturas.org\/fr\/"},{"@type":"ListItem","position":2,"name":"Publicaciones","item":"https:\/\/www.entreculturas.org\/fr\/publicaciones\/"},{"@type":"ListItem","position":3,"name":"Convivir con los otros y con la naturaleza"}]},{"@type":"WebSite","@id":"https:\/\/www.entreculturas.org\/fr\/#website","url":"https:\/\/www.entreculturas.org\/fr\/","name":"Entreculturas","description":"","publisher":{"@id":"https:\/\/www.entreculturas.org\/fr\/#organization"},"alternateName":"Entreculturas","potentialAction":[{"@type":"SearchAction","target":{"@type":"EntryPoint","urlTemplate":"https:\/\/www.entreculturas.org\/fr\/?s={search_term_string}"},"query-input":{"@type":"PropertyValueSpecification","valueRequired":true,"valueName":"search_term_string"}}],"inLanguage":"fr-FR"},{"@type":"Organization","@id":"https:\/\/www.entreculturas.org\/fr\/#organization","name":"Entreculturas","url":"https:\/\/www.entreculturas.org\/fr\/","logo":{"@type":"ImageObject","inLanguage":"fr-FR","@id":"https:\/\/www.entreculturas.org\/fr\/#\/schema\/logo\/image\/","url":"https:\/\/www.entreculturas.org\/wp-content\/uploads\/2025\/10\/ESP.svg","contentUrl":"https:\/\/www.entreculturas.org\/wp-content\/uploads\/2025\/10\/ESP.svg","caption":"Entreculturas"},"image":{"@id":"https:\/\/www.entreculturas.org\/fr\/#\/schema\/logo\/image\/"},"sameAs":["https:\/\/www.facebook.com\/entreculturas","https:\/\/x.com\/Entreculturas","https:\/\/www.instagram.com\/entreculturas\/","https:\/\/www.youtube.com\/user\/entreculturasvideo","https:\/\/www.linkedin.com\/company\/fundacion-entreculturas-ngdo\/","https:\/\/www.flickr.com\/photos\/98455522@N04\/albums\/"]}]}</script>
<!-- / Yoast SEO Premium plugin. -->

Los educadores enseñamos esencialmente lo que somos, es decir, nuestra manera de actuar, nuestra manera de percibir el mundo, las maneras de relacionarnos con los semejantes, con el entorno, nuestros valores y actitudes. Por ello, cuando hablamos de la necesidad de formación del educador para mejorar las prácticas educativas, estamos asumiendo que esta formación implica la construcción de su persona, la reflexión, revisión y comprensión de su ser, afectividad, valores y actitudes.
