{"id":10256,"date":"2019-12-11T15:54:27","date_gmt":"2019-12-11T14:54:27","guid":{"rendered":"https:\/\/www.entreculturas.org\/ficha\/educacion-en-emergencias-y-rehabilitacion-psicosocial-a-las-comunidades-de-maban-afectadas-por-el-conflicto\/"},"modified":"2024-03-12T09:42:15","modified_gmt":"2024-03-12T08:42:15","slug":"educacion-en-emergencias-y-rehabilitacion-psicosocial-a-las-comunidades-de-maban-afectadas-por-el-conflicto","status":"publish","type":"ficha","link":"https:\/\/www.entreculturas.org\/fr\/ficha\/educacion-en-emergencias-y-rehabilitacion-psicosocial-a-las-comunidades-de-maban-afectadas-por-el-conflicto\/","title":{"rendered":"Educaci\u00f3n en emergencias y rehabilitaci\u00f3n psicosocial a las comunidades de Mab\u00e1n afectadas por el conflicto."},"content":{"rendered":"<p>1. Reducir el sufrimiento y mejorar la salud mental y el bienestar psicosocial de las personas afectadas por el<br \/>\nconflicto<br \/>\n2. Promover el acceso a una educaci\u00f3n de calidad, segura y pertinente para las personas afectadas por el conflicto.<\/p>\n","protected":false},"excerpt":{"rendered":"<p>1. Reducir el sufrimiento y mejorar la salud mental y el bienestar psicosocial de las personas afectadas por el conflicto 2. Promover el acceso a una educaci\u00f3n de calidad, segura y pertinente para las personas afectadas por el conflicto.<\/p>\n","protected":false},"featured_media":20552,"template":"","country":[136],"cause":[],"link-pdf":[382],"anio":[379],"class_list":["post-10256","ficha","type-ficha","status-publish","has-post-thumbnail","hentry","country-sudan-del-sur","link-pdf-https-drive-google-com-file-d-1iazllve-ljf29znrnnldvbtwsrpmx1si-viewuspsharing","anio-379"],"acf":[],"yoast_head":"<!-- This site is optimized with the Yoast SEO Premium plugin v21.6 (Yoast SEO v27.5) - https:\/\/yoast.com\/product\/yoast-seo-premium-wordpress\/ -->\n<title>Educaci\u00f3n en emergencias y rehabilitaci\u00f3n psicosocial a las comunidades de Mab\u00e1n afectadas por el conflicto. - Entreculturas<\/title>\n<meta name=\"robots\" content=\"noindex, follow\" \/>\n<meta property=\"og:locale\" content=\"fr_FR\" \/>\n<meta property=\"og:type\" content=\"article\" \/>\n<meta property=\"og:title\" content=\"Educaci\u00f3n en emergencias y rehabilitaci\u00f3n psicosocial a las comunidades de Mab\u00e1n afectadas por el conflicto.\" \/>\n<meta property=\"og:description\" content=\"1. Reducir el sufrimiento y mejorar la salud mental y el bienestar psicosocial de las personas afectadas por el conflicto 2. Promover el acceso a una educaci\u00f3n de calidad, segura y pertinente para las personas afectadas por el conflicto.\" \/>\n<meta property=\"og:url\" content=\"https:\/\/www.entreculturas.org\/fr\/ficha\/educacion-en-emergencias-y-rehabilitacion-psicosocial-a-las-comunidades-de-maban-afectadas-por-el-conflicto\/\" \/>\n<meta property=\"og:site_name\" content=\"Entreculturas\" \/>\n<meta property=\"article:publisher\" content=\"https:\/\/www.facebook.com\/entreculturas\" \/>\n<meta property=\"article:modified_time\" content=\"2024-03-12T08:42:15+00:00\" \/>\n<meta property=\"og:image\" content=\"https:\/\/www.entreculturas.org\/wp-content\/uploads\/2024\/02\/placeholder04.png\" \/>\n\t<meta property=\"og:image:width\" content=\"585\" \/>\n\t<meta property=\"og:image:height\" content=\"699\" \/>\n\t<meta property=\"og:image:type\" content=\"image\/png\" \/>\n<meta name=\"twitter:card\" content=\"summary_large_image\" \/>\n<meta name=\"twitter:site\" content=\"@Entreculturas\" \/>\n<script type=\"application\/ld+json\" class=\"yoast-schema-graph\">{\"@context\":\"https:\\\/\\\/schema.org\",\"@graph\":[{\"@type\":\"WebPage\",\"@id\":\"https:\\\/\\\/www.entreculturas.org\\\/fr\\\/ficha\\\/educacion-en-emergencias-y-rehabilitacion-psicosocial-a-las-comunidades-de-maban-afectadas-por-el-conflicto\\\/\",\"url\":\"https:\\\/\\\/www.entreculturas.org\\\/fr\\\/ficha\\\/educacion-en-emergencias-y-rehabilitacion-psicosocial-a-las-comunidades-de-maban-afectadas-por-el-conflicto\\\/\",\"name\":\"Educaci\u00f3n en emergencias y rehabilitaci\u00f3n psicosocial a las comunidades de Mab\u00e1n afectadas por el conflicto. - Entreculturas\",\"isPartOf\":{\"@id\":\"https:\\\/\\\/www.entreculturas.org\\\/fr\\\/#website\"},\"primaryImageOfPage\":{\"@id\":\"https:\\\/\\\/www.entreculturas.org\\\/fr\\\/ficha\\\/educacion-en-emergencias-y-rehabilitacion-psicosocial-a-las-comunidades-de-maban-afectadas-por-el-conflicto\\\/#primaryimage\"},\"image\":{\"@id\":\"https:\\\/\\\/www.entreculturas.org\\\/fr\\\/ficha\\\/educacion-en-emergencias-y-rehabilitacion-psicosocial-a-las-comunidades-de-maban-afectadas-por-el-conflicto\\\/#primaryimage\"},\"thumbnailUrl\":\"https:\\\/\\\/www.entreculturas.org\\\/wp-content\\\/uploads\\\/2024\\\/02\\\/placeholder04.png\",\"datePublished\":\"2019-12-11T14:54:27+00:00\",\"dateModified\":\"2024-03-12T08:42:15+00:00\",\"breadcrumb\":{\"@id\":\"https:\\\/\\\/www.entreculturas.org\\\/fr\\\/ficha\\\/educacion-en-emergencias-y-rehabilitacion-psicosocial-a-las-comunidades-de-maban-afectadas-por-el-conflicto\\\/#breadcrumb\"},\"inLanguage\":\"fr-FR\",\"potentialAction\":[{\"@type\":\"ReadAction\",\"target\":[\"https:\\\/\\\/www.entreculturas.org\\\/fr\\\/ficha\\\/educacion-en-emergencias-y-rehabilitacion-psicosocial-a-las-comunidades-de-maban-afectadas-por-el-conflicto\\\/\"]}]},{\"@type\":\"ImageObject\",\"inLanguage\":\"fr-FR\",\"@id\":\"https:\\\/\\\/www.entreculturas.org\\\/fr\\\/ficha\\\/educacion-en-emergencias-y-rehabilitacion-psicosocial-a-las-comunidades-de-maban-afectadas-por-el-conflicto\\\/#primaryimage\",\"url\":\"https:\\\/\\\/www.entreculturas.org\\\/wp-content\\\/uploads\\\/2024\\\/02\\\/placeholder04.png\",\"contentUrl\":\"https:\\\/\\\/www.entreculturas.org\\\/wp-content\\\/uploads\\\/2024\\\/02\\\/placeholder04.png\",\"width\":585,\"height\":699,\"caption\":\"corazon\"},{\"@type\":\"BreadcrumbList\",\"@id\":\"https:\\\/\\\/www.entreculturas.org\\\/fr\\\/ficha\\\/educacion-en-emergencias-y-rehabilitacion-psicosocial-a-las-comunidades-de-maban-afectadas-por-el-conflicto\\\/#breadcrumb\",\"itemListElement\":[{\"@type\":\"ListItem\",\"position\":1,\"name\":\"Home\",\"item\":\"https:\\\/\\\/www.entreculturas.org\\\/fr\\\/\"},{\"@type\":\"ListItem\",\"position\":2,\"name\":\"Educaci\u00f3n en emergencias y rehabilitaci\u00f3n psicosocial a las comunidades de Mab\u00e1n afectadas por el conflicto.\"}]},{\"@type\":\"WebSite\",\"@id\":\"https:\\\/\\\/www.entreculturas.org\\\/fr\\\/#website\",\"url\":\"https:\\\/\\\/www.entreculturas.org\\\/fr\\\/\",\"name\":\"Entreculturas\",\"description\":\"\",\"publisher\":{\"@id\":\"https:\\\/\\\/www.entreculturas.org\\\/fr\\\/#organization\"},\"alternateName\":\"Entreculturas\",\"potentialAction\":[{\"@type\":\"SearchAction\",\"target\":{\"@type\":\"EntryPoint\",\"urlTemplate\":\"https:\\\/\\\/www.entreculturas.org\\\/fr\\\/?s={search_term_string}\"},\"query-input\":{\"@type\":\"PropertyValueSpecification\",\"valueRequired\":true,\"valueName\":\"search_term_string\"}}],\"inLanguage\":\"fr-FR\"},{\"@type\":\"Organization\",\"@id\":\"https:\\\/\\\/www.entreculturas.org\\\/fr\\\/#organization\",\"name\":\"Entreculturas\",\"url\":\"https:\\\/\\\/www.entreculturas.org\\\/fr\\\/\",\"logo\":{\"@type\":\"ImageObject\",\"inLanguage\":\"fr-FR\",\"@id\":\"https:\\\/\\\/www.entreculturas.org\\\/fr\\\/#\\\/schema\\\/logo\\\/image\\\/\",\"url\":\"https:\\\/\\\/www.entreculturas.org\\\/wp-content\\\/uploads\\\/2025\\\/10\\\/ESP.svg\",\"contentUrl\":\"https:\\\/\\\/www.entreculturas.org\\\/wp-content\\\/uploads\\\/2025\\\/10\\\/ESP.svg\",\"caption\":\"Entreculturas\"},\"image\":{\"@id\":\"https:\\\/\\\/www.entreculturas.org\\\/fr\\\/#\\\/schema\\\/logo\\\/image\\\/\"},\"sameAs\":[\"https:\\\/\\\/www.facebook.com\\\/entreculturas\",\"https:\\\/\\\/x.com\\\/Entreculturas\",\"https:\\\/\\\/www.instagram.com\\\/entreculturas\\\/\",\"https:\\\/\\\/www.youtube.com\\\/user\\\/entreculturasvideo\",\"https:\\\/\\\/www.linkedin.com\\\/company\\\/fundacion-entreculturas-ngdo\\\/\",\"https:\\\/\\\/www.flickr.com\\\/photos\\\/98455522@N04\\\/albums\\\/\"]}]}<\/script>\n<!-- \/ Yoast SEO Premium plugin. -->","yoast_head_json":{"title":"Educaci\u00f3n en emergencias y rehabilitaci\u00f3n psicosocial a las comunidades de Mab\u00e1n afectadas por el conflicto. - Entreculturas","robots":{"index":"noindex","follow":"follow"},"og_locale":"fr_FR","og_type":"article","og_title":"Educaci\u00f3n en emergencias y rehabilitaci\u00f3n psicosocial a las comunidades de Mab\u00e1n afectadas por el conflicto.","og_description":"1. Reducir el sufrimiento y mejorar la salud mental y el bienestar psicosocial de las personas afectadas por el conflicto 2. Promover el acceso a una educaci\u00f3n de calidad, segura y pertinente para las personas afectadas por el conflicto.","og_url":"https:\/\/www.entreculturas.org\/fr\/ficha\/educacion-en-emergencias-y-rehabilitacion-psicosocial-a-las-comunidades-de-maban-afectadas-por-el-conflicto\/","og_site_name":"Entreculturas","article_publisher":"https:\/\/www.facebook.com\/entreculturas","article_modified_time":"2024-03-12T08:42:15+00:00","og_image":[{"width":585,"height":699,"url":"https:\/\/www.entreculturas.org\/wp-content\/uploads\/2024\/02\/placeholder04.png","type":"image\/png"}],"twitter_card":"summary_large_image","twitter_site":"@Entreculturas","schema":{"@context":"https:\/\/schema.org","@graph":[{"@type":"WebPage","@id":"https:\/\/www.entreculturas.org\/fr\/ficha\/educacion-en-emergencias-y-rehabilitacion-psicosocial-a-las-comunidades-de-maban-afectadas-por-el-conflicto\/","url":"https:\/\/www.entreculturas.org\/fr\/ficha\/educacion-en-emergencias-y-rehabilitacion-psicosocial-a-las-comunidades-de-maban-afectadas-por-el-conflicto\/","name":"Educaci\u00f3n en emergencias y rehabilitaci\u00f3n psicosocial a las comunidades de Mab\u00e1n afectadas por el conflicto. - Entreculturas","isPartOf":{"@id":"https:\/\/www.entreculturas.org\/fr\/#website"},"primaryImageOfPage":{"@id":"https:\/\/www.entreculturas.org\/fr\/ficha\/educacion-en-emergencias-y-rehabilitacion-psicosocial-a-las-comunidades-de-maban-afectadas-por-el-conflicto\/#primaryimage"},"image":{"@id":"https:\/\/www.entreculturas.org\/fr\/ficha\/educacion-en-emergencias-y-rehabilitacion-psicosocial-a-las-comunidades-de-maban-afectadas-por-el-conflicto\/#primaryimage"},"thumbnailUrl":"https:\/\/www.entreculturas.org\/wp-content\/uploads\/2024\/02\/placeholder04.png","datePublished":"2019-12-11T14:54:27+00:00","dateModified":"2024-03-12T08:42:15+00:00","breadcrumb":{"@id":"https:\/\/www.entreculturas.org\/fr\/ficha\/educacion-en-emergencias-y-rehabilitacion-psicosocial-a-las-comunidades-de-maban-afectadas-por-el-conflicto\/#breadcrumb"},"inLanguage":"fr-FR","potentialAction":[{"@type":"ReadAction","target":["https:\/\/www.entreculturas.org\/fr\/ficha\/educacion-en-emergencias-y-rehabilitacion-psicosocial-a-las-comunidades-de-maban-afectadas-por-el-conflicto\/"]}]},{"@type":"ImageObject","inLanguage":"fr-FR","@id":"https:\/\/www.entreculturas.org\/fr\/ficha\/educacion-en-emergencias-y-rehabilitacion-psicosocial-a-las-comunidades-de-maban-afectadas-por-el-conflicto\/#primaryimage","url":"https:\/\/www.entreculturas.org\/wp-content\/uploads\/2024\/02\/placeholder04.png","contentUrl":"https:\/\/www.entreculturas.org\/wp-content\/uploads\/2024\/02\/placeholder04.png","width":585,"height":699,"caption":"corazon"},{"@type":"BreadcrumbList","@id":"https:\/\/www.entreculturas.org\/fr\/ficha\/educacion-en-emergencias-y-rehabilitacion-psicosocial-a-las-comunidades-de-maban-afectadas-por-el-conflicto\/#breadcrumb","itemListElement":[{"@type":"ListItem","position":1,"name":"Home","item":"https:\/\/www.entreculturas.org\/fr\/"},{"@type":"ListItem","position":2,"name":"Educaci\u00f3n en emergencias y rehabilitaci\u00f3n psicosocial a las comunidades de Mab\u00e1n afectadas por el conflicto."}]},{"@type":"WebSite","@id":"https:\/\/www.entreculturas.org\/fr\/#website","url":"https:\/\/www.entreculturas.org\/fr\/","name":"Entreculturas","description":"","publisher":{"@id":"https:\/\/www.entreculturas.org\/fr\/#organization"},"alternateName":"Entreculturas","potentialAction":[{"@type":"SearchAction","target":{"@type":"EntryPoint","urlTemplate":"https:\/\/www.entreculturas.org\/fr\/?s={search_term_string}"},"query-input":{"@type":"PropertyValueSpecification","valueRequired":true,"valueName":"search_term_string"}}],"inLanguage":"fr-FR"},{"@type":"Organization","@id":"https:\/\/www.entreculturas.org\/fr\/#organization","name":"Entreculturas","url":"https:\/\/www.entreculturas.org\/fr\/","logo":{"@type":"ImageObject","inLanguage":"fr-FR","@id":"https:\/\/www.entreculturas.org\/fr\/#\/schema\/logo\/image\/","url":"https:\/\/www.entreculturas.org\/wp-content\/uploads\/2025\/10\/ESP.svg","contentUrl":"https:\/\/www.entreculturas.org\/wp-content\/uploads\/2025\/10\/ESP.svg","caption":"Entreculturas"},"image":{"@id":"https:\/\/www.entreculturas.org\/fr\/#\/schema\/logo\/image\/"},"sameAs":["https:\/\/www.facebook.com\/entreculturas","https:\/\/x.com\/Entreculturas","https:\/\/www.instagram.com\/entreculturas\/","https:\/\/www.youtube.com\/user\/entreculturasvideo","https:\/\/www.linkedin.com\/company\/fundacion-entreculturas-ngdo\/","https:\/\/www.flickr.com\/photos\/98455522@N04\/albums\/"]}]}},"_links":{"self":[{"href":"https:\/\/www.entreculturas.org\/fr\/wp-json\/wp\/v2\/ficha\/10256","targetHints":{"allow":["GET"]}}],"collection":[{"href":"https:\/\/www.entreculturas.org\/fr\/wp-json\/wp\/v2\/ficha"}],"about":[{"href":"https:\/\/www.entreculturas.org\/fr\/wp-json\/wp\/v2\/types\/ficha"}],"wp:featuredmedia":[{"embeddable":true,"href":"https:\/\/www.entreculturas.org\/fr\/wp-json\/wp\/v2\/media\/20552"}],"wp:attachment":[{"href":"https:\/\/www.entreculturas.org\/fr\/wp-json\/wp\/v2\/media?parent=10256"}],"wp:term":[{"taxonomy":"country","embeddable":true,"href":"https:\/\/www.entreculturas.org\/fr\/wp-json\/wp\/v2\/country?post=10256"},{"taxonomy":"cause","embeddable":true,"href":"https:\/\/www.entreculturas.org\/fr\/wp-json\/wp\/v2\/cause?post=10256"},{"taxonomy":"link-pdf","embeddable":true,"href":"https:\/\/www.entreculturas.org\/fr\/wp-json\/wp\/v2\/link-pdf?post=10256"},{"taxonomy":"anio","embeddable":true,"href":"https:\/\/www.entreculturas.org\/fr\/wp-json\/wp\/v2\/anio?post=10256"}],"curies":[{"name":"wp","href":"https:\/\/api.w.org\/{rel}","templated":true}]}}

Educación en emergencias y rehabilitación psicosocial a las comunidades de Mabán afectadas por el conflicto.

<p>1. Reducir el sufrimiento y mejorar la salud mental y el bienestar psicosocial de las personas afectadas por el<br />
conflicto<br />
2. Promover el acceso a una educación de calidad, segura y pertinente para las personas afectadas por el conflicto.</p>

<p>1. Reducir el sufrimiento y mejorar la salud mental y el bienestar psicosocial de las personas afectadas por el conflicto 2. Promover el acceso a una educación de calidad, segura y pertinente para las personas afectadas por el conflicto.</p>

<!-- This site is optimized with the Yoast SEO Premium plugin v21.6 (Yoast SEO v27.5) - https://yoast.com/product/yoast-seo-premium-wordpress/ -->
<title>Educación en emergencias y rehabilitación psicosocial a las comunidades de Mabán afectadas por el conflicto. - Entreculturas</title>
<meta name="robots" content="noindex, follow" />
<meta property="og:locale" content="fr_FR" />
<meta property="og:type" content="article" />
<meta property="og:title" content="Educación en emergencias y rehabilitación psicosocial a las comunidades de Mabán afectadas por el conflicto." />
<meta property="og:description" content="1. Reducir el sufrimiento y mejorar la salud mental y el bienestar psicosocial de las personas afectadas por el conflicto 2. Promover el acceso a una educación de calidad, segura y pertinente para las personas afectadas por el conflicto." />
<meta property="og:url" content="https://www.entreculturas.org/fr/ficha/educacion-en-emergencias-y-rehabilitacion-psicosocial-a-las-comunidades-de-maban-afectadas-por-el-conflicto/" />
<meta property="og:site_name" content="Entreculturas" />
<meta property="article:publisher" content="https://www.facebook.com/entreculturas" />
<meta property="article:modified_time" content="2024-03-12T08:42:15+00:00" />
<meta property="og:image" content="https://www.entreculturas.org/wp-content/uploads/2024/02/placeholder04.png" />
	<meta property="og:image:width" content="585" />
	<meta property="og:image:height" content="699" />
	<meta property="og:image:type" content="image/png" />
<meta name="twitter:card" content="summary_large_image" />
<meta name="twitter:site" content="@Entreculturas" />
<script type="application/ld+json" class="yoast-schema-graph">{"@context":"https:\/\/schema.org","@graph":[{"@type":"WebPage","@id":"https:\/\/www.entreculturas.org\/fr\/ficha\/educacion-en-emergencias-y-rehabilitacion-psicosocial-a-las-comunidades-de-maban-afectadas-por-el-conflicto\/","url":"https:\/\/www.entreculturas.org\/fr\/ficha\/educacion-en-emergencias-y-rehabilitacion-psicosocial-a-las-comunidades-de-maban-afectadas-por-el-conflicto\/","name":"Educación en emergencias y rehabilitación psicosocial a las comunidades de Mabán afectadas por el conflicto. - Entreculturas","isPartOf":{"@id":"https:\/\/www.entreculturas.org\/fr\/#website"},"primaryImageOfPage":{"@id":"https:\/\/www.entreculturas.org\/fr\/ficha\/educacion-en-emergencias-y-rehabilitacion-psicosocial-a-las-comunidades-de-maban-afectadas-por-el-conflicto\/#primaryimage"},"image":{"@id":"https:\/\/www.entreculturas.org\/fr\/ficha\/educacion-en-emergencias-y-rehabilitacion-psicosocial-a-las-comunidades-de-maban-afectadas-por-el-conflicto\/#primaryimage"},"thumbnailUrl":"https:\/\/www.entreculturas.org\/wp-content\/uploads\/2024\/02\/placeholder04.png","datePublished":"2019-12-11T14:54:27+00:00","dateModified":"2024-03-12T08:42:15+00:00","breadcrumb":{"@id":"https:\/\/www.entreculturas.org\/fr\/ficha\/educacion-en-emergencias-y-rehabilitacion-psicosocial-a-las-comunidades-de-maban-afectadas-por-el-conflicto\/#breadcrumb"},"inLanguage":"fr-FR","potentialAction":[{"@type":"ReadAction","target":["https:\/\/www.entreculturas.org\/fr\/ficha\/educacion-en-emergencias-y-rehabilitacion-psicosocial-a-las-comunidades-de-maban-afectadas-por-el-conflicto\/"]}]},{"@type":"ImageObject","inLanguage":"fr-FR","@id":"https:\/\/www.entreculturas.org\/fr\/ficha\/educacion-en-emergencias-y-rehabilitacion-psicosocial-a-las-comunidades-de-maban-afectadas-por-el-conflicto\/#primaryimage","url":"https:\/\/www.entreculturas.org\/wp-content\/uploads\/2024\/02\/placeholder04.png","contentUrl":"https:\/\/www.entreculturas.org\/wp-content\/uploads\/2024\/02\/placeholder04.png","width":585,"height":699,"caption":"corazon"},{"@type":"BreadcrumbList","@id":"https:\/\/www.entreculturas.org\/fr\/ficha\/educacion-en-emergencias-y-rehabilitacion-psicosocial-a-las-comunidades-de-maban-afectadas-por-el-conflicto\/#breadcrumb","itemListElement":[{"@type":"ListItem","position":1,"name":"Home","item":"https:\/\/www.entreculturas.org\/fr\/"},{"@type":"ListItem","position":2,"name":"Educación en emergencias y rehabilitación psicosocial a las comunidades de Mabán afectadas por el conflicto."}]},{"@type":"WebSite","@id":"https:\/\/www.entreculturas.org\/fr\/#website","url":"https:\/\/www.entreculturas.org\/fr\/","name":"Entreculturas","description":"","publisher":{"@id":"https:\/\/www.entreculturas.org\/fr\/#organization"},"alternateName":"Entreculturas","potentialAction":[{"@type":"SearchAction","target":{"@type":"EntryPoint","urlTemplate":"https:\/\/www.entreculturas.org\/fr\/?s={search_term_string}"},"query-input":{"@type":"PropertyValueSpecification","valueRequired":true,"valueName":"search_term_string"}}],"inLanguage":"fr-FR"},{"@type":"Organization","@id":"https:\/\/www.entreculturas.org\/fr\/#organization","name":"Entreculturas","url":"https:\/\/www.entreculturas.org\/fr\/","logo":{"@type":"ImageObject","inLanguage":"fr-FR","@id":"https:\/\/www.entreculturas.org\/fr\/#\/schema\/logo\/image\/","url":"https:\/\/www.entreculturas.org\/wp-content\/uploads\/2025\/10\/ESP.svg","contentUrl":"https:\/\/www.entreculturas.org\/wp-content\/uploads\/2025\/10\/ESP.svg","caption":"Entreculturas"},"image":{"@id":"https:\/\/www.entreculturas.org\/fr\/#\/schema\/logo\/image\/"},"sameAs":["https:\/\/www.facebook.com\/entreculturas","https:\/\/x.com\/Entreculturas","https:\/\/www.instagram.com\/entreculturas\/","https:\/\/www.youtube.com\/user\/entreculturasvideo","https:\/\/www.linkedin.com\/company\/fundacion-entreculturas-ngdo\/","https:\/\/www.flickr.com\/photos\/98455522@N04\/albums\/"]}]}</script>
<!-- / Yoast SEO Premium plugin. -->

Educación en emergencias y rehabilitación psicosocial a las comunidades de Mabán afectadas por el conflicto. - Entreculturas

1. Reducir el sufrimiento y mejorar la salud mental y el bienestar psicosocial de las personas afectadas por el conflicto 2. Promover el acceso a una educación de calidad, segura y pertinente para las personas afectadas por el conflicto.
