{"id":10233,"date":"2015-12-11T15:54:23","date_gmt":"2015-12-11T14:54:23","guid":{"rendered":"https:\/\/www.entreculturas.org\/ficha\/mejora-de-la-competitividad-de-los-productores-y-productoras-agropecuarias-en-cusco-peru\/"},"modified":"2024-03-12T09:55:00","modified_gmt":"2024-03-12T08:55:00","slug":"mejora-de-la-competitividad-de-los-productores-y-productoras-agropecuarias-en-cusco-peru","status":"publish","type":"ficha","link":"https:\/\/www.entreculturas.org\/fr\/ficha\/mejora-de-la-competitividad-de-los-productores-y-productoras-agropecuarias-en-cusco-peru\/","title":{"rendered":"Mejora de la competitividad de los productores y productoras agropecuarias en Cusco, Per\u00fa"},"content":{"rendered":"<p>Mejorar la competitividad de los negocios familiares de productos l\u00e1cteos, cuyes, carne y trucha. La<br \/>\nintervenci\u00f3n iba dirigida a aumentar el valor a\u00f1adido de los productos y mejorar la gesti\u00f3n empresarial de los<br \/>\nnegocios de estas familias.<\/p>\n","protected":false},"excerpt":{"rendered":"<p>Mejorar la competitividad de los negocios familiares de productos l\u00e1cteos, cuyes, carne y trucha. La intervenci\u00f3n iba dirigida a aumentar el valor a\u00f1adido de los productos y mejorar la gesti\u00f3n empresarial de los negocios de estas familias.<\/p>\n","protected":false},"featured_media":20552,"template":"","country":[123],"cause":[131],"link-pdf":[355],"anio":[354],"class_list":["post-10233","ficha","type-ficha","status-publish","has-post-thumbnail","hentry","country-peru","cause-justicia-medioambiental","link-pdf-https-drive-google-com-file-d-1u1liok-lybm1ytziot03oy2rnpamlw8b-viewuspsharing","anio-354"],"acf":[],"yoast_head":"<!-- This site is optimized with the Yoast SEO Premium plugin v21.6 (Yoast SEO v27.5) - https:\/\/yoast.com\/product\/yoast-seo-premium-wordpress\/ -->\n<title>Mejora de la competitividad de los productores y productoras agropecuarias en Cusco, Per\u00fa - Entreculturas<\/title>\n<meta name=\"robots\" content=\"noindex, follow\" \/>\n<meta property=\"og:locale\" content=\"fr_FR\" \/>\n<meta property=\"og:type\" content=\"article\" \/>\n<meta property=\"og:title\" content=\"Mejora de la competitividad de los productores y productoras agropecuarias en Cusco, Per\u00fa\" \/>\n<meta property=\"og:description\" content=\"Mejorar la competitividad de los negocios familiares de productos l\u00e1cteos, cuyes, carne y trucha. La intervenci\u00f3n iba dirigida a aumentar el valor a\u00f1adido de los productos y mejorar la gesti\u00f3n empresarial de los negocios de estas familias.\" \/>\n<meta property=\"og:url\" content=\"https:\/\/www.entreculturas.org\/fr\/ficha\/mejora-de-la-competitividad-de-los-productores-y-productoras-agropecuarias-en-cusco-peru\/\" \/>\n<meta property=\"og:site_name\" content=\"Entreculturas\" \/>\n<meta property=\"article:publisher\" content=\"https:\/\/www.facebook.com\/entreculturas\" \/>\n<meta property=\"article:modified_time\" content=\"2024-03-12T08:55:00+00:00\" \/>\n<meta property=\"og:image\" content=\"https:\/\/www.entreculturas.org\/wp-content\/uploads\/2024\/02\/placeholder04.png\" \/>\n\t<meta property=\"og:image:width\" content=\"585\" \/>\n\t<meta property=\"og:image:height\" content=\"699\" \/>\n\t<meta property=\"og:image:type\" content=\"image\/png\" \/>\n<meta name=\"twitter:card\" content=\"summary_large_image\" \/>\n<meta name=\"twitter:site\" content=\"@Entreculturas\" \/>\n<script type=\"application\/ld+json\" class=\"yoast-schema-graph\">{\"@context\":\"https:\\\/\\\/schema.org\",\"@graph\":[{\"@type\":\"WebPage\",\"@id\":\"https:\\\/\\\/www.entreculturas.org\\\/fr\\\/ficha\\\/mejora-de-la-competitividad-de-los-productores-y-productoras-agropecuarias-en-cusco-peru\\\/\",\"url\":\"https:\\\/\\\/www.entreculturas.org\\\/fr\\\/ficha\\\/mejora-de-la-competitividad-de-los-productores-y-productoras-agropecuarias-en-cusco-peru\\\/\",\"name\":\"Mejora de la competitividad de los productores y productoras agropecuarias en Cusco, Per\u00fa - Entreculturas\",\"isPartOf\":{\"@id\":\"https:\\\/\\\/www.entreculturas.org\\\/fr\\\/#website\"},\"primaryImageOfPage\":{\"@id\":\"https:\\\/\\\/www.entreculturas.org\\\/fr\\\/ficha\\\/mejora-de-la-competitividad-de-los-productores-y-productoras-agropecuarias-en-cusco-peru\\\/#primaryimage\"},\"image\":{\"@id\":\"https:\\\/\\\/www.entreculturas.org\\\/fr\\\/ficha\\\/mejora-de-la-competitividad-de-los-productores-y-productoras-agropecuarias-en-cusco-peru\\\/#primaryimage\"},\"thumbnailUrl\":\"https:\\\/\\\/www.entreculturas.org\\\/wp-content\\\/uploads\\\/2024\\\/02\\\/placeholder04.png\",\"datePublished\":\"2015-12-11T14:54:23+00:00\",\"dateModified\":\"2024-03-12T08:55:00+00:00\",\"breadcrumb\":{\"@id\":\"https:\\\/\\\/www.entreculturas.org\\\/fr\\\/ficha\\\/mejora-de-la-competitividad-de-los-productores-y-productoras-agropecuarias-en-cusco-peru\\\/#breadcrumb\"},\"inLanguage\":\"fr-FR\",\"potentialAction\":[{\"@type\":\"ReadAction\",\"target\":[\"https:\\\/\\\/www.entreculturas.org\\\/fr\\\/ficha\\\/mejora-de-la-competitividad-de-los-productores-y-productoras-agropecuarias-en-cusco-peru\\\/\"]}]},{\"@type\":\"ImageObject\",\"inLanguage\":\"fr-FR\",\"@id\":\"https:\\\/\\\/www.entreculturas.org\\\/fr\\\/ficha\\\/mejora-de-la-competitividad-de-los-productores-y-productoras-agropecuarias-en-cusco-peru\\\/#primaryimage\",\"url\":\"https:\\\/\\\/www.entreculturas.org\\\/wp-content\\\/uploads\\\/2024\\\/02\\\/placeholder04.png\",\"contentUrl\":\"https:\\\/\\\/www.entreculturas.org\\\/wp-content\\\/uploads\\\/2024\\\/02\\\/placeholder04.png\",\"width\":585,\"height\":699,\"caption\":\"corazon\"},{\"@type\":\"BreadcrumbList\",\"@id\":\"https:\\\/\\\/www.entreculturas.org\\\/fr\\\/ficha\\\/mejora-de-la-competitividad-de-los-productores-y-productoras-agropecuarias-en-cusco-peru\\\/#breadcrumb\",\"itemListElement\":[{\"@type\":\"ListItem\",\"position\":1,\"name\":\"Home\",\"item\":\"https:\\\/\\\/www.entreculturas.org\\\/fr\\\/\"},{\"@type\":\"ListItem\",\"position\":2,\"name\":\"Mejora de la competitividad de los productores y productoras agropecuarias en Cusco, Per\u00fa\"}]},{\"@type\":\"WebSite\",\"@id\":\"https:\\\/\\\/www.entreculturas.org\\\/fr\\\/#website\",\"url\":\"https:\\\/\\\/www.entreculturas.org\\\/fr\\\/\",\"name\":\"Entreculturas\",\"description\":\"\",\"publisher\":{\"@id\":\"https:\\\/\\\/www.entreculturas.org\\\/fr\\\/#organization\"},\"alternateName\":\"Entreculturas\",\"potentialAction\":[{\"@type\":\"SearchAction\",\"target\":{\"@type\":\"EntryPoint\",\"urlTemplate\":\"https:\\\/\\\/www.entreculturas.org\\\/fr\\\/?s={search_term_string}\"},\"query-input\":{\"@type\":\"PropertyValueSpecification\",\"valueRequired\":true,\"valueName\":\"search_term_string\"}}],\"inLanguage\":\"fr-FR\"},{\"@type\":\"Organization\",\"@id\":\"https:\\\/\\\/www.entreculturas.org\\\/fr\\\/#organization\",\"name\":\"Entreculturas\",\"url\":\"https:\\\/\\\/www.entreculturas.org\\\/fr\\\/\",\"logo\":{\"@type\":\"ImageObject\",\"inLanguage\":\"fr-FR\",\"@id\":\"https:\\\/\\\/www.entreculturas.org\\\/fr\\\/#\\\/schema\\\/logo\\\/image\\\/\",\"url\":\"https:\\\/\\\/www.entreculturas.org\\\/wp-content\\\/uploads\\\/2025\\\/10\\\/ESP.svg\",\"contentUrl\":\"https:\\\/\\\/www.entreculturas.org\\\/wp-content\\\/uploads\\\/2025\\\/10\\\/ESP.svg\",\"caption\":\"Entreculturas\"},\"image\":{\"@id\":\"https:\\\/\\\/www.entreculturas.org\\\/fr\\\/#\\\/schema\\\/logo\\\/image\\\/\"},\"sameAs\":[\"https:\\\/\\\/www.facebook.com\\\/entreculturas\",\"https:\\\/\\\/x.com\\\/Entreculturas\",\"https:\\\/\\\/www.instagram.com\\\/entreculturas\\\/\",\"https:\\\/\\\/www.youtube.com\\\/user\\\/entreculturasvideo\",\"https:\\\/\\\/www.linkedin.com\\\/company\\\/fundacion-entreculturas-ngdo\\\/\",\"https:\\\/\\\/www.flickr.com\\\/photos\\\/98455522@N04\\\/albums\\\/\"]}]}<\/script>\n<!-- \/ Yoast SEO Premium plugin. -->","yoast_head_json":{"title":"Mejora de la competitividad de los productores y productoras agropecuarias en Cusco, Per\u00fa - Entreculturas","robots":{"index":"noindex","follow":"follow"},"og_locale":"fr_FR","og_type":"article","og_title":"Mejora de la competitividad de los productores y productoras agropecuarias en Cusco, Per\u00fa","og_description":"Mejorar la competitividad de los negocios familiares de productos l\u00e1cteos, cuyes, carne y trucha. La intervenci\u00f3n iba dirigida a aumentar el valor a\u00f1adido de los productos y mejorar la gesti\u00f3n empresarial de los negocios de estas familias.","og_url":"https:\/\/www.entreculturas.org\/fr\/ficha\/mejora-de-la-competitividad-de-los-productores-y-productoras-agropecuarias-en-cusco-peru\/","og_site_name":"Entreculturas","article_publisher":"https:\/\/www.facebook.com\/entreculturas","article_modified_time":"2024-03-12T08:55:00+00:00","og_image":[{"width":585,"height":699,"url":"https:\/\/www.entreculturas.org\/wp-content\/uploads\/2024\/02\/placeholder04.png","type":"image\/png"}],"twitter_card":"summary_large_image","twitter_site":"@Entreculturas","schema":{"@context":"https:\/\/schema.org","@graph":[{"@type":"WebPage","@id":"https:\/\/www.entreculturas.org\/fr\/ficha\/mejora-de-la-competitividad-de-los-productores-y-productoras-agropecuarias-en-cusco-peru\/","url":"https:\/\/www.entreculturas.org\/fr\/ficha\/mejora-de-la-competitividad-de-los-productores-y-productoras-agropecuarias-en-cusco-peru\/","name":"Mejora de la competitividad de los productores y productoras agropecuarias en Cusco, Per\u00fa - Entreculturas","isPartOf":{"@id":"https:\/\/www.entreculturas.org\/fr\/#website"},"primaryImageOfPage":{"@id":"https:\/\/www.entreculturas.org\/fr\/ficha\/mejora-de-la-competitividad-de-los-productores-y-productoras-agropecuarias-en-cusco-peru\/#primaryimage"},"image":{"@id":"https:\/\/www.entreculturas.org\/fr\/ficha\/mejora-de-la-competitividad-de-los-productores-y-productoras-agropecuarias-en-cusco-peru\/#primaryimage"},"thumbnailUrl":"https:\/\/www.entreculturas.org\/wp-content\/uploads\/2024\/02\/placeholder04.png","datePublished":"2015-12-11T14:54:23+00:00","dateModified":"2024-03-12T08:55:00+00:00","breadcrumb":{"@id":"https:\/\/www.entreculturas.org\/fr\/ficha\/mejora-de-la-competitividad-de-los-productores-y-productoras-agropecuarias-en-cusco-peru\/#breadcrumb"},"inLanguage":"fr-FR","potentialAction":[{"@type":"ReadAction","target":["https:\/\/www.entreculturas.org\/fr\/ficha\/mejora-de-la-competitividad-de-los-productores-y-productoras-agropecuarias-en-cusco-peru\/"]}]},{"@type":"ImageObject","inLanguage":"fr-FR","@id":"https:\/\/www.entreculturas.org\/fr\/ficha\/mejora-de-la-competitividad-de-los-productores-y-productoras-agropecuarias-en-cusco-peru\/#primaryimage","url":"https:\/\/www.entreculturas.org\/wp-content\/uploads\/2024\/02\/placeholder04.png","contentUrl":"https:\/\/www.entreculturas.org\/wp-content\/uploads\/2024\/02\/placeholder04.png","width":585,"height":699,"caption":"corazon"},{"@type":"BreadcrumbList","@id":"https:\/\/www.entreculturas.org\/fr\/ficha\/mejora-de-la-competitividad-de-los-productores-y-productoras-agropecuarias-en-cusco-peru\/#breadcrumb","itemListElement":[{"@type":"ListItem","position":1,"name":"Home","item":"https:\/\/www.entreculturas.org\/fr\/"},{"@type":"ListItem","position":2,"name":"Mejora de la competitividad de los productores y productoras agropecuarias en Cusco, Per\u00fa"}]},{"@type":"WebSite","@id":"https:\/\/www.entreculturas.org\/fr\/#website","url":"https:\/\/www.entreculturas.org\/fr\/","name":"Entreculturas","description":"","publisher":{"@id":"https:\/\/www.entreculturas.org\/fr\/#organization"},"alternateName":"Entreculturas","potentialAction":[{"@type":"SearchAction","target":{"@type":"EntryPoint","urlTemplate":"https:\/\/www.entreculturas.org\/fr\/?s={search_term_string}"},"query-input":{"@type":"PropertyValueSpecification","valueRequired":true,"valueName":"search_term_string"}}],"inLanguage":"fr-FR"},{"@type":"Organization","@id":"https:\/\/www.entreculturas.org\/fr\/#organization","name":"Entreculturas","url":"https:\/\/www.entreculturas.org\/fr\/","logo":{"@type":"ImageObject","inLanguage":"fr-FR","@id":"https:\/\/www.entreculturas.org\/fr\/#\/schema\/logo\/image\/","url":"https:\/\/www.entreculturas.org\/wp-content\/uploads\/2025\/10\/ESP.svg","contentUrl":"https:\/\/www.entreculturas.org\/wp-content\/uploads\/2025\/10\/ESP.svg","caption":"Entreculturas"},"image":{"@id":"https:\/\/www.entreculturas.org\/fr\/#\/schema\/logo\/image\/"},"sameAs":["https:\/\/www.facebook.com\/entreculturas","https:\/\/x.com\/Entreculturas","https:\/\/www.instagram.com\/entreculturas\/","https:\/\/www.youtube.com\/user\/entreculturasvideo","https:\/\/www.linkedin.com\/company\/fundacion-entreculturas-ngdo\/","https:\/\/www.flickr.com\/photos\/98455522@N04\/albums\/"]}]}},"_links":{"self":[{"href":"https:\/\/www.entreculturas.org\/fr\/wp-json\/wp\/v2\/ficha\/10233","targetHints":{"allow":["GET"]}}],"collection":[{"href":"https:\/\/www.entreculturas.org\/fr\/wp-json\/wp\/v2\/ficha"}],"about":[{"href":"https:\/\/www.entreculturas.org\/fr\/wp-json\/wp\/v2\/types\/ficha"}],"wp:featuredmedia":[{"embeddable":true,"href":"https:\/\/www.entreculturas.org\/fr\/wp-json\/wp\/v2\/media\/20552"}],"wp:attachment":[{"href":"https:\/\/www.entreculturas.org\/fr\/wp-json\/wp\/v2\/media?parent=10233"}],"wp:term":[{"taxonomy":"country","embeddable":true,"href":"https:\/\/www.entreculturas.org\/fr\/wp-json\/wp\/v2\/country?post=10233"},{"taxonomy":"cause","embeddable":true,"href":"https:\/\/www.entreculturas.org\/fr\/wp-json\/wp\/v2\/cause?post=10233"},{"taxonomy":"link-pdf","embeddable":true,"href":"https:\/\/www.entreculturas.org\/fr\/wp-json\/wp\/v2\/link-pdf?post=10233"},{"taxonomy":"anio","embeddable":true,"href":"https:\/\/www.entreculturas.org\/fr\/wp-json\/wp\/v2\/anio?post=10233"}],"curies":[{"name":"wp","href":"https:\/\/api.w.org\/{rel}","templated":true}]}}

Mejora de la competitividad de los productores y productoras agropecuarias en Cusco, Perú

<p>Mejorar la competitividad de los negocios familiares de productos lácteos, cuyes, carne y trucha. La<br />
intervención iba dirigida a aumentar el valor añadido de los productos y mejorar la gestión empresarial de los<br />
negocios de estas familias.</p>

<p>Mejorar la competitividad de los negocios familiares de productos lácteos, cuyes, carne y trucha. La intervención iba dirigida a aumentar el valor añadido de los productos y mejorar la gestión empresarial de los negocios de estas familias.</p>

<!-- This site is optimized with the Yoast SEO Premium plugin v21.6 (Yoast SEO v27.5) - https://yoast.com/product/yoast-seo-premium-wordpress/ -->
<title>Mejora de la competitividad de los productores y productoras agropecuarias en Cusco, Perú - Entreculturas</title>
<meta name="robots" content="noindex, follow" />
<meta property="og:locale" content="fr_FR" />
<meta property="og:type" content="article" />
<meta property="og:title" content="Mejora de la competitividad de los productores y productoras agropecuarias en Cusco, Perú" />
<meta property="og:description" content="Mejorar la competitividad de los negocios familiares de productos lácteos, cuyes, carne y trucha. La intervención iba dirigida a aumentar el valor añadido de los productos y mejorar la gestión empresarial de los negocios de estas familias." />
<meta property="og:url" content="https://www.entreculturas.org/fr/ficha/mejora-de-la-competitividad-de-los-productores-y-productoras-agropecuarias-en-cusco-peru/" />
<meta property="og:site_name" content="Entreculturas" />
<meta property="article:publisher" content="https://www.facebook.com/entreculturas" />
<meta property="article:modified_time" content="2024-03-12T08:55:00+00:00" />
<meta property="og:image" content="https://www.entreculturas.org/wp-content/uploads/2024/02/placeholder04.png" />
	<meta property="og:image:width" content="585" />
	<meta property="og:image:height" content="699" />
	<meta property="og:image:type" content="image/png" />
<meta name="twitter:card" content="summary_large_image" />
<meta name="twitter:site" content="@Entreculturas" />
<script type="application/ld+json" class="yoast-schema-graph">{"@context":"https:\/\/schema.org","@graph":[{"@type":"WebPage","@id":"https:\/\/www.entreculturas.org\/fr\/ficha\/mejora-de-la-competitividad-de-los-productores-y-productoras-agropecuarias-en-cusco-peru\/","url":"https:\/\/www.entreculturas.org\/fr\/ficha\/mejora-de-la-competitividad-de-los-productores-y-productoras-agropecuarias-en-cusco-peru\/","name":"Mejora de la competitividad de los productores y productoras agropecuarias en Cusco, Perú - Entreculturas","isPartOf":{"@id":"https:\/\/www.entreculturas.org\/fr\/#website"},"primaryImageOfPage":{"@id":"https:\/\/www.entreculturas.org\/fr\/ficha\/mejora-de-la-competitividad-de-los-productores-y-productoras-agropecuarias-en-cusco-peru\/#primaryimage"},"image":{"@id":"https:\/\/www.entreculturas.org\/fr\/ficha\/mejora-de-la-competitividad-de-los-productores-y-productoras-agropecuarias-en-cusco-peru\/#primaryimage"},"thumbnailUrl":"https:\/\/www.entreculturas.org\/wp-content\/uploads\/2024\/02\/placeholder04.png","datePublished":"2015-12-11T14:54:23+00:00","dateModified":"2024-03-12T08:55:00+00:00","breadcrumb":{"@id":"https:\/\/www.entreculturas.org\/fr\/ficha\/mejora-de-la-competitividad-de-los-productores-y-productoras-agropecuarias-en-cusco-peru\/#breadcrumb"},"inLanguage":"fr-FR","potentialAction":[{"@type":"ReadAction","target":["https:\/\/www.entreculturas.org\/fr\/ficha\/mejora-de-la-competitividad-de-los-productores-y-productoras-agropecuarias-en-cusco-peru\/"]}]},{"@type":"ImageObject","inLanguage":"fr-FR","@id":"https:\/\/www.entreculturas.org\/fr\/ficha\/mejora-de-la-competitividad-de-los-productores-y-productoras-agropecuarias-en-cusco-peru\/#primaryimage","url":"https:\/\/www.entreculturas.org\/wp-content\/uploads\/2024\/02\/placeholder04.png","contentUrl":"https:\/\/www.entreculturas.org\/wp-content\/uploads\/2024\/02\/placeholder04.png","width":585,"height":699,"caption":"corazon"},{"@type":"BreadcrumbList","@id":"https:\/\/www.entreculturas.org\/fr\/ficha\/mejora-de-la-competitividad-de-los-productores-y-productoras-agropecuarias-en-cusco-peru\/#breadcrumb","itemListElement":[{"@type":"ListItem","position":1,"name":"Home","item":"https:\/\/www.entreculturas.org\/fr\/"},{"@type":"ListItem","position":2,"name":"Mejora de la competitividad de los productores y productoras agropecuarias en Cusco, Perú"}]},{"@type":"WebSite","@id":"https:\/\/www.entreculturas.org\/fr\/#website","url":"https:\/\/www.entreculturas.org\/fr\/","name":"Entreculturas","description":"","publisher":{"@id":"https:\/\/www.entreculturas.org\/fr\/#organization"},"alternateName":"Entreculturas","potentialAction":[{"@type":"SearchAction","target":{"@type":"EntryPoint","urlTemplate":"https:\/\/www.entreculturas.org\/fr\/?s={search_term_string}"},"query-input":{"@type":"PropertyValueSpecification","valueRequired":true,"valueName":"search_term_string"}}],"inLanguage":"fr-FR"},{"@type":"Organization","@id":"https:\/\/www.entreculturas.org\/fr\/#organization","name":"Entreculturas","url":"https:\/\/www.entreculturas.org\/fr\/","logo":{"@type":"ImageObject","inLanguage":"fr-FR","@id":"https:\/\/www.entreculturas.org\/fr\/#\/schema\/logo\/image\/","url":"https:\/\/www.entreculturas.org\/wp-content\/uploads\/2025\/10\/ESP.svg","contentUrl":"https:\/\/www.entreculturas.org\/wp-content\/uploads\/2025\/10\/ESP.svg","caption":"Entreculturas"},"image":{"@id":"https:\/\/www.entreculturas.org\/fr\/#\/schema\/logo\/image\/"},"sameAs":["https:\/\/www.facebook.com\/entreculturas","https:\/\/x.com\/Entreculturas","https:\/\/www.instagram.com\/entreculturas\/","https:\/\/www.youtube.com\/user\/entreculturasvideo","https:\/\/www.linkedin.com\/company\/fundacion-entreculturas-ngdo\/","https:\/\/www.flickr.com\/photos\/98455522@N04\/albums\/"]}]}</script>
<!-- / Yoast SEO Premium plugin. -->

Mejora de la competitividad de los productores y productoras agropecuarias en Cusco, Perú - Entreculturas

Mejorar la competitividad de los negocios familiares de productos lácteos, cuyes, carne y trucha. La intervención iba dirigida a aumentar el valor añadido de los productos y mejorar la gestión empresarial de los negocios de estas familias.
