{"version":"1.0","provider_name":"Entreculturas","provider_url":"https:\/\/www.entreculturas.org\/fr\/","title":"D\u00edas D la Movilidad Forzosa 2018\/2019","type":"rich","width":600,"height":338,"html":"<blockquote class=\"wp-embedded-content\" data-secret=\"69sKxfNFuH\"><a href=\"https:\/\/www.entreculturas.org\/fr\/publicacion\/dias-d-la-movilidad-forzosa-20182019\/\">D\u00edas D la Movilidad Forzosa 2018\/2019<\/a><\/blockquote><iframe sandbox=\"allow-scripts\" security=\"restricted\" src=\"https:\/\/www.entreculturas.org\/fr\/publicacion\/dias-d-la-movilidad-forzosa-20182019\/embed\/#?secret=69sKxfNFuH\" width=\"600\" height=\"338\" title=\"\u00ab\u00a0D\u00edas D la Movilidad Forzosa 2018\/2019\u00a0\u00bb &#8212; Entreculturas\" data-secret=\"69sKxfNFuH\" frameborder=\"0\" marginwidth=\"0\" marginheight=\"0\" scrolling=\"no\" class=\"wp-embedded-content\"><\/iframe><script>\n\/*! This file is auto-generated *\/\n!function(d,l){\"use strict\";l.querySelector&&d.addEventListener&&\"undefined\"!=typeof URL&&(d.wp=d.wp||{},d.wp.receiveEmbedMessage||(d.wp.receiveEmbedMessage=function(e){var t=e.data;if((t||t.secret||t.message||t.value)&&!\/[^a-zA-Z0-9]\/.test(t.secret)){for(var s,r,n,a=l.querySelectorAll('iframe[data-secret=\"'+t.secret+'\"]'),o=l.querySelectorAll('blockquote[data-secret=\"'+t.secret+'\"]'),c=new RegExp(\"^https?:$\",\"i\"),i=0;i<o.length;i++)o[i].style.display=\"none\";for(i=0;i<a.length;i++)s=a[i],e.source===s.contentWindow&&(s.removeAttribute(\"style\"),\"height\"===t.message?(1e3<(r=parseInt(t.value,10))?r=1e3:~~r<200&&(r=200),s.height=r):\"link\"===t.message&&(r=new URL(s.getAttribute(\"src\")),n=new URL(t.value),c.test(n.protocol))&&n.host===r.host&&l.activeElement===s&&(d.top.location.href=t.value))}},d.addEventListener(\"message\",d.wp.receiveEmbedMessage,!1),l.addEventListener(\"DOMContentLoaded\",function(){for(var e,t,s=l.querySelectorAll(\"iframe.wp-embedded-content\"),r=0;r<s.length;r++)(t=(e=s[r]).getAttribute(\"data-secret\"))||(t=Math.random().toString(36).substring(2,12),e.src+=\"#?secret=\"+t,e.setAttribute(\"data-secret\",t)),e.contentWindow.postMessage({message:\"ready\",secret:t},\"*\")},!1)))}(window,document);\n\/\/# sourceURL=https:\/\/www.entreculturas.org\/wp-includes\/js\/wp-embed.min.js\n<\/script>\n","thumbnail_url":"https:\/\/www.entreculturas.org\/wp-content\/uploads\/2018\/12\/dias_d_movilidad_forzosa_18-19-scaled-1.jpg","thumbnail_width":2560,"thumbnail_height":1890,"description":"Presentamos este nuevo D\u00eda D: un recurso educativo dise\u00f1ado para trabajar la realidad de las migraciones forzosas en el mundo, que puede ser utilizado tanto en el marco del D\u00eda Internacional de las Personas Migrantes (18 de diciembre), como del D\u00eda Mundial de las Personas Refugiadas (20 de junio). Esta unidad did\u00e1ctica en formato cartel recoge en su reverso 4 propuestas did\u00e1cticas adaptadas por edades para acercar a grupos de j\u00f3venes de 4 a 18 a\u00f1os el concepto de movilidad forzosa. A trav\u00e9s de las distintas actividades los grupos podr\u00e1n reflexionar sobre las causas y las consecuencias de las migraciones forzosas en el mundo, identificando acciones que pueden poner en marcha para activar su importante rol ciudadano a la hora de promover una cultura de acogida en sus entornos."}

Días D la Movilidad Forzosa 2018/2019

<blockquote class="wp-embedded-content" data-secret="69sKxfNFuH"><a href="https://www.entreculturas.org/fr/publicacion/dias-d-la-movilidad-forzosa-20182019/">Días D la Movilidad Forzosa 2018/2019</a></blockquote><iframe sandbox="allow-scripts" security="restricted" src="https://www.entreculturas.org/fr/publicacion/dias-d-la-movilidad-forzosa-20182019/embed/#?secret=69sKxfNFuH" width="600" height="338" title="« Días D la Movilidad Forzosa 2018/2019 » &#8212; Entreculturas" data-secret="69sKxfNFuH" frameborder="0" marginwidth="0" marginheight="0" scrolling="no" class="wp-embedded-content"></iframe><script>
/*! This file is auto-generated */
!function(d,l){"use strict";l.querySelector&&d.addEventListener&&"undefined"!=typeof URL&&(d.wp=d.wp||{},d.wp.receiveEmbedMessage||(d.wp.receiveEmbedMessage=function(e){var t=e.data;if((t||t.secret||t.message||t.value)&&!/[^a-zA-Z0-9]/.test(t.secret)){for(var s,r,n,a=l.querySelectorAll('iframe[data-secret="'+t.secret+'"]'),o=l.querySelectorAll('blockquote[data-secret="'+t.secret+'"]'),c=new RegExp("^https?:$","i"),i=0;i<o.length;i++)o[i].style.display="none";for(i=0;i<a.length;i++)s=a[i],e.source===s.contentWindow&&(s.removeAttribute("style"),"height"===t.message?(1e3<(r=parseInt(t.value,10))?r=1e3:~~r<200&&(r=200),s.height=r):"link"===t.message&&(r=new URL(s.getAttribute("src")),n=new URL(t.value),c.test(n.protocol))&&n.host===r.host&&l.activeElement===s&&(d.top.location.href=t.value))}},d.addEventListener("message",d.wp.receiveEmbedMessage,!1),l.addEventListener("DOMContentLoaded",function(){for(var e,t,s=l.querySelectorAll("iframe.wp-embedded-content"),r=0;r<s.length;r++)(t=(e=s[r]).getAttribute("data-secret"))||(t=Math.random().toString(36).substring(2,12),e.src+="#?secret="+t,e.setAttribute("data-secret",t)),e.contentWindow.postMessage({message:"ready",secret:t},"*")},!1)))}(window,document);
//# sourceURL=https://www.entreculturas.org/wp-includes/js/wp-embed.min.js
</script>

Presentamos este nuevo Día D: un recurso educativo diseñado para trabajar la realidad de las migraciones forzosas en el mundo, que puede ser utilizado tanto en el marco del Día Internacional de las Personas Migrantes (18 de diciembre), como del Día Mundial de las Personas Refugiadas (20 de junio). Esta unidad didáctica en formato cartel recoge en su reverso 4 propuestas didácticas adaptadas por edades para acercar a grupos de jóvenes de 4 a 18 años el concepto de movilidad forzosa. A través de las distintas actividades los grupos podrán reflexionar sobre las causas y las consecuencias de las migraciones forzosas en el mundo, identificando acciones que pueden poner en marcha para activar su importante rol ciudadano a la hora de promover una cultura de acogida en sus entornos.
