{"version":"1.0","provider_name":"Entreculturas","provider_url":"https:\/\/www.entreculturas.org\/fr\/","title":"Venezuela: sin docentes no hay escuela","type":"rich","width":600,"height":338,"html":"<blockquote class=\"wp-embedded-content\" data-secret=\"CWIZQpbpGe\"><a href=\"https:\/\/www.entreculturas.org\/fr\/podcast\/venezuela-sin-docentes-no-hay-escuela\/\">Venezuela: sin docentes no hay escuela<\/a><\/blockquote><iframe sandbox=\"allow-scripts\" security=\"restricted\" src=\"https:\/\/www.entreculturas.org\/fr\/podcast\/venezuela-sin-docentes-no-hay-escuela\/embed\/#?secret=CWIZQpbpGe\" width=\"600\" height=\"338\" title=\"\u00ab\u00a0Venezuela: sin docentes no hay escuela\u00a0\u00bb &#8212; Entreculturas\" data-secret=\"CWIZQpbpGe\" frameborder=\"0\" marginwidth=\"0\" marginheight=\"0\" scrolling=\"no\" class=\"wp-embedded-content\"><\/iframe><script>\n\/*! This file is auto-generated *\/\n!function(d,l){\"use strict\";l.querySelector&&d.addEventListener&&\"undefined\"!=typeof URL&&(d.wp=d.wp||{},d.wp.receiveEmbedMessage||(d.wp.receiveEmbedMessage=function(e){var t=e.data;if((t||t.secret||t.message||t.value)&&!\/[^a-zA-Z0-9]\/.test(t.secret)){for(var s,r,n,a=l.querySelectorAll('iframe[data-secret=\"'+t.secret+'\"]'),o=l.querySelectorAll('blockquote[data-secret=\"'+t.secret+'\"]'),c=new RegExp(\"^https?:$\",\"i\"),i=0;i<o.length;i++)o[i].style.display=\"none\";for(i=0;i<a.length;i++)s=a[i],e.source===s.contentWindow&&(s.removeAttribute(\"style\"),\"height\"===t.message?(1e3<(r=parseInt(t.value,10))?r=1e3:~~r<200&&(r=200),s.height=r):\"link\"===t.message&&(r=new URL(s.getAttribute(\"src\")),n=new URL(t.value),c.test(n.protocol))&&n.host===r.host&&l.activeElement===s&&(d.top.location.href=t.value))}},d.addEventListener(\"message\",d.wp.receiveEmbedMessage,!1),l.addEventListener(\"DOMContentLoaded\",function(){for(var e,t,s=l.querySelectorAll(\"iframe.wp-embedded-content\"),r=0;r<s.length;r++)(t=(e=s[r]).getAttribute(\"data-secret\"))||(t=Math.random().toString(36).substring(2,12),e.src+=\"#?secret=\"+t,e.setAttribute(\"data-secret\",t)),e.contentWindow.postMessage({message:\"ready\",secret:t},\"*\")},!1)))}(window,document);\n\/\/# sourceURL=https:\/\/www.entreculturas.org\/wp-includes\/js\/wp-embed.min.js\n<\/script>\n","thumbnail_url":"https:\/\/www.entreculturas.org\/wp-content\/uploads\/2024\/02\/Venezuela-Menos-calidad.jpg","thumbnail_width":800,"thumbnail_height":449,"description":"Esta semana en Voces por una Causa, la escritora Julia Navarro conversa con Javier Izquierdo, T\u00e9cnico expatriado de Entreculturas en Venezuela. Con \u00e9l, nos acercamos al trabajo que realizamos desde Entreculturas en el pa\u00eds latinoamericano de la mano de nuestra organizaci\u00f3n socia Fe y Alegr\u00eda, que tiene una gran presencia a trav\u00e9s de numerosos centros educativos y escuelas.&nbsp; En este cap\u00edtulo, Javier nos habla de la situaci\u00f3n en la que se encuentra el derecho a la educaci\u00f3n en Venezuela, se\u00f1alando en primer lugar \u201cel contexto de emergencia que vive Venezuela por la crisis social, pol\u00edtica y econ\u00f3mica que empez\u00f3 en 2014\u201d. Javier se detiene en c\u00f3mo la precaria situaci\u00f3n del profesorado, debido a los bajos sueldos, deteriora de forma directa el derecho a la educaci\u00f3n de los ni\u00f1os y las ni\u00f1as, ya que llega a provocar \u201cque los colegios cierren\u201d.&nbsp; Javier explica las dos estrategias que siguen los programas que [&hellip;]"}

Esta semana en Voces por una Causa, la escritora Julia Navarro conversa con Javier Izquierdo, Técnico expatriado de Entreculturas en Venezuela. Con él, nos acercamos al trabajo que realizamos desde Entreculturas en el país latinoamericano de la mano de nuestra organización socia Fe y Alegría, que tiene una gran presencia a través de numerosos centros educativos y escuelas.&nbsp; En este capítulo, Javier nos habla de la situación en la que se encuentra el derecho a la educación en Venezuela, señalando en primer lugar “el contexto de emergencia que vive Venezuela por la crisis social, política y económica que empezó en 2014”. Javier se detiene en cómo la precaria situación del profesorado, debido a los bajos sueldos, deteriora de forma directa el derecho a la educación de los niños y las niñas, ya que llega a provocar “que los colegios cierren”.&nbsp; Javier explica las dos estrategias que siguen los programas que [&hellip;]
