{"version":"1.0","provider_name":"Entreculturas","provider_url":"https:\/\/www.entreculturas.org\/fr\/","title":"Francisco Mallen","type":"rich","width":600,"height":338,"html":"<blockquote class=\"wp-embedded-content\" data-secret=\"VJtdR9G37T\"><a href=\"https:\/\/www.entreculturas.org\/fr\/noticia\/francisco-mallen\/\">Francisco Mallen<\/a><\/blockquote><iframe sandbox=\"allow-scripts\" security=\"restricted\" src=\"https:\/\/www.entreculturas.org\/fr\/noticia\/francisco-mallen\/embed\/#?secret=VJtdR9G37T\" width=\"600\" height=\"338\" title=\"\u00ab\u00a0Francisco Mallen\u00a0\u00bb &#8212; Entreculturas\" data-secret=\"VJtdR9G37T\" frameborder=\"0\" marginwidth=\"0\" marginheight=\"0\" scrolling=\"no\" class=\"wp-embedded-content\"><\/iframe><script>\n\/*! This file is auto-generated *\/\n!function(d,l){\"use strict\";l.querySelector&&d.addEventListener&&\"undefined\"!=typeof URL&&(d.wp=d.wp||{},d.wp.receiveEmbedMessage||(d.wp.receiveEmbedMessage=function(e){var t=e.data;if((t||t.secret||t.message||t.value)&&!\/[^a-zA-Z0-9]\/.test(t.secret)){for(var s,r,n,a=l.querySelectorAll('iframe[data-secret=\"'+t.secret+'\"]'),o=l.querySelectorAll('blockquote[data-secret=\"'+t.secret+'\"]'),c=new RegExp(\"^https?:$\",\"i\"),i=0;i<o.length;i++)o[i].style.display=\"none\";for(i=0;i<a.length;i++)s=a[i],e.source===s.contentWindow&&(s.removeAttribute(\"style\"),\"height\"===t.message?(1e3<(r=parseInt(t.value,10))?r=1e3:~~r<200&&(r=200),s.height=r):\"link\"===t.message&&(r=new URL(s.getAttribute(\"src\")),n=new URL(t.value),c.test(n.protocol))&&n.host===r.host&&l.activeElement===s&&(d.top.location.href=t.value))}},d.addEventListener(\"message\",d.wp.receiveEmbedMessage,!1),l.addEventListener(\"DOMContentLoaded\",function(){for(var e,t,s=l.querySelectorAll(\"iframe.wp-embedded-content\"),r=0;r<s.length;r++)(t=(e=s[r]).getAttribute(\"data-secret\"))||(t=Math.random().toString(36).substring(2,12),e.src+=\"#?secret=\"+t,e.setAttribute(\"data-secret\",t)),e.contentWindow.postMessage({message:\"ready\",secret:t},\"*\")},!1)))}(window,document);\n\/\/# sourceURL=https:\/\/www.entreculturas.org\/wp-includes\/js\/wp-embed.min.js\n<\/script>\n","thumbnail_url":"https:\/\/www.entreculturas.org\/wp-content\/uploads\/2023\/12\/francisco_mallen2_0.jpg","thumbnail_width":200,"thumbnail_height":247,"description":"Delegado de Entreculturas en Arag\u00f3n Me involucr\u00e9 en Entreculturas en 2006, a\u00f1o en el que coincid\u00ed con Narciso Lozano (anterior delegado) en unos talleres ignacianos que se celebraron en Zaragoza con motivo del V Centenario del nacimiento de Francisco de Javier. All\u00ed empezamos a hablar sobre el proyecto de Entreculturas en Arag\u00f3n. Lo que m\u00e1s me convence de esta ONG es la diversidad de personas que la integran y que est\u00e1n comprometidas con el proyecto en tantos lugares diferentes. Tambi\u00e9n, la apuesta por el voluntariado como sustento principal del trabajo diario y las sonrisas de los ni\u00f1os y ni\u00f1as que, desde el calendario, nos recuerdan cada mes para qui\u00e9n estamos trabajando. &nbsp; Mi labor en Entreculturas consiste en reunirme con personas voluntarias, con otras ONG o con colegios que quieren colaborar con nuestra misi\u00f3n. Esta tarea suele requerirme unas 4 \u00f3 5 horas a la semana, fuera del horario de [&hellip;]"}

Delegado de Entreculturas en Aragón Me involucré en Entreculturas en 2006, año en el que coincidí con Narciso Lozano (anterior delegado) en unos talleres ignacianos que se celebraron en Zaragoza con motivo del V Centenario del nacimiento de Francisco de Javier. Allí empezamos a hablar sobre el proyecto de Entreculturas en Aragón. Lo que más me convence de esta ONG es la diversidad de personas que la integran y que están comprometidas con el proyecto en tantos lugares diferentes. También, la apuesta por el voluntariado como sustento principal del trabajo diario y las sonrisas de los niños y niñas que, desde el calendario, nos recuerdan cada mes para quién estamos trabajando. &nbsp; Mi labor en Entreculturas consiste en reunirme con personas voluntarias, con otras ONG o con colegios que quieren colaborar con nuestra misión. Esta tarea suele requerirme unas 4 ó 5 horas a la semana, fuera del horario de [&hellip;]
