{"version":"1.0","provider_name":"Entreculturas","provider_url":"https:\/\/www.entreculturas.org\/fr\/","title":"Aprendiendo en Myanmar","type":"rich","width":600,"height":338,"html":"<blockquote class=\"wp-embedded-content\" data-secret=\"0XLJ6RUBD4\"><a href=\"https:\/\/www.entreculturas.org\/fr\/noticia\/aprendiendo-en-myanmar\/\">Aprendiendo en Myanmar<\/a><\/blockquote><iframe sandbox=\"allow-scripts\" security=\"restricted\" src=\"https:\/\/www.entreculturas.org\/fr\/noticia\/aprendiendo-en-myanmar\/embed\/#?secret=0XLJ6RUBD4\" width=\"600\" height=\"338\" title=\"\u00ab\u00a0Aprendiendo en Myanmar\u00a0\u00bb &#8212; Entreculturas\" data-secret=\"0XLJ6RUBD4\" frameborder=\"0\" marginwidth=\"0\" marginheight=\"0\" scrolling=\"no\" class=\"wp-embedded-content\"><\/iframe><script>\n\/*! This file is auto-generated *\/\n!function(d,l){\"use strict\";l.querySelector&&d.addEventListener&&\"undefined\"!=typeof URL&&(d.wp=d.wp||{},d.wp.receiveEmbedMessage||(d.wp.receiveEmbedMessage=function(e){var t=e.data;if((t||t.secret||t.message||t.value)&&!\/[^a-zA-Z0-9]\/.test(t.secret)){for(var s,r,n,a=l.querySelectorAll('iframe[data-secret=\"'+t.secret+'\"]'),o=l.querySelectorAll('blockquote[data-secret=\"'+t.secret+'\"]'),c=new RegExp(\"^https?:$\",\"i\"),i=0;i<o.length;i++)o[i].style.display=\"none\";for(i=0;i<a.length;i++)s=a[i],e.source===s.contentWindow&&(s.removeAttribute(\"style\"),\"height\"===t.message?(1e3<(r=parseInt(t.value,10))?r=1e3:~~r<200&&(r=200),s.height=r):\"link\"===t.message&&(r=new URL(s.getAttribute(\"src\")),n=new URL(t.value),c.test(n.protocol))&&n.host===r.host&&l.activeElement===s&&(d.top.location.href=t.value))}},d.addEventListener(\"message\",d.wp.receiveEmbedMessage,!1),l.addEventListener(\"DOMContentLoaded\",function(){for(var e,t,s=l.querySelectorAll(\"iframe.wp-embedded-content\"),r=0;r<s.length;r++)(t=(e=s[r]).getAttribute(\"data-secret\"))||(t=Math.random().toString(36).substring(2,12),e.src+=\"#?secret=\"+t,e.setAttribute(\"data-secret\",t)),e.contentWindow.postMessage({message:\"ready\",secret:t},\"*\")},!1)))}(window,document);\n\/\/# sourceURL=https:\/\/www.entreculturas.org\/wp-includes\/js\/wp-embed.min.js\n<\/script>\n","thumbnail_url":"https:\/\/www.entreculturas.org\/wp-content\/uploads\/2019\/03\/foto1_4.jpg","thumbnail_width":800,"thumbnail_height":552,"description":"Daniel Villanueva, SJ, nuestro Vicepresidente Ejecutivo, ha estado visitando los proyectos de la Compa\u00f1\u00eda de Jes\u00fas en Myanmar, en una hist\u00f3rica primera visita al pa\u00eds en representaci\u00f3n de la Federaci\u00f3n Internacional de Fe y Alegr\u00eda."}

Daniel Villanueva, SJ, nuestro Vicepresidente Ejecutivo, ha estado visitando los proyectos de la Compañía de Jesús en Myanmar, en una histórica primera visita al país en representación de la Federación Internacional de Fe y Alegría.
