{"version":"1.0","provider_name":"Entreculturas","provider_url":"https:\/\/www.entreculturas.org\/fr\/","title":"Angie Torres: del refugio al activismo","type":"rich","width":600,"height":338,"html":"<blockquote class=\"wp-embedded-content\" data-secret=\"eKTD18YK0W\"><a href=\"https:\/\/www.entreculturas.org\/fr\/noticia\/angie-torres-del-refugio-al-activismo\/\">Angie Torres: del refugio al activismo<\/a><\/blockquote><iframe sandbox=\"allow-scripts\" security=\"restricted\" src=\"https:\/\/www.entreculturas.org\/fr\/noticia\/angie-torres-del-refugio-al-activismo\/embed\/#?secret=eKTD18YK0W\" width=\"600\" height=\"338\" title=\"\u00ab\u00a0Angie Torres: del refugio al activismo\u00a0\u00bb &#8212; Entreculturas\" data-secret=\"eKTD18YK0W\" frameborder=\"0\" marginwidth=\"0\" marginheight=\"0\" scrolling=\"no\" class=\"wp-embedded-content\"><\/iframe><script>\n\/*! This file is auto-generated *\/\n!function(d,l){\"use strict\";l.querySelector&&d.addEventListener&&\"undefined\"!=typeof URL&&(d.wp=d.wp||{},d.wp.receiveEmbedMessage||(d.wp.receiveEmbedMessage=function(e){var t=e.data;if((t||t.secret||t.message||t.value)&&!\/[^a-zA-Z0-9]\/.test(t.secret)){for(var s,r,n,a=l.querySelectorAll('iframe[data-secret=\"'+t.secret+'\"]'),o=l.querySelectorAll('blockquote[data-secret=\"'+t.secret+'\"]'),c=new RegExp(\"^https?:$\",\"i\"),i=0;i<o.length;i++)o[i].style.display=\"none\";for(i=0;i<a.length;i++)s=a[i],e.source===s.contentWindow&&(s.removeAttribute(\"style\"),\"height\"===t.message?(1e3<(r=parseInt(t.value,10))?r=1e3:~~r<200&&(r=200),s.height=r):\"link\"===t.message&&(r=new URL(s.getAttribute(\"src\")),n=new URL(t.value),c.test(n.protocol))&&n.host===r.host&&l.activeElement===s&&(d.top.location.href=t.value))}},d.addEventListener(\"message\",d.wp.receiveEmbedMessage,!1),l.addEventListener(\"DOMContentLoaded\",function(){for(var e,t,s=l.querySelectorAll(\"iframe.wp-embedded-content\"),r=0;r<s.length;r++)(t=(e=s[r]).getAttribute(\"data-secret\"))||(t=Math.random().toString(36).substring(2,12),e.src+=\"#?secret=\"+t,e.setAttribute(\"data-secret\",t)),e.contentWindow.postMessage({message:\"ready\",secret:t},\"*\")},!1)))}(window,document);\n\/\/# sourceURL=https:\/\/www.entreculturas.org\/wp-includes\/js\/wp-embed.min.js\n<\/script>\n","thumbnail_url":"https:\/\/www.entreculturas.org\/wp-content\/uploads\/2024\/01\/DSC05030-e1706525688173.jpg","thumbnail_width":1800,"thumbnail_height":960,"description":"Angie Torres Angulo es una mujer afrocolombiana refugiada en Ecuador que aboga por la defensa de los derechos de las personas refugiadas y migrantes. Desde su experiencia, reflexiona sobre los retos y desaf\u00edos que enfrentan estas personas en su camino hacia la integraci\u00f3n y la b\u00fasqueda de oportunidades. El pasado mes de diciembre particip\u00f3 en el Foro Mundial sobre los Refugiados que se realiz\u00f3 en Ginebra. En este contexto, Angie llev\u00f3 la voz y presencia de las personas refugiadas de Latinoam\u00e9rica y el Caribe en diversos espacios de incidencia, como el evento Cartagena+40. Tras su participaci\u00f3n en el Foro, viaj\u00f3 a Madrid, donde particip\u00f3 en distintas actividades, como nuestra rueda de prensa de presentaci\u00f3n de nuestra campa\u00f1a Mujeres en Marcha, donde tuvimos la oportunidad de entrevistarla para conocer un poco m\u00e1s sobre su historia.&nbsp; Angie, cu\u00e9ntanos sobre ti. Mi nombre es Angie Torres Angulo. Soy una mujer negra afrocolombiana. Tengo [&hellip;]"}

Angie Torres Angulo es una mujer afrocolombiana refugiada en Ecuador que aboga por la defensa de los derechos de las personas refugiadas y migrantes. Desde su experiencia, reflexiona sobre los retos y desafíos que enfrentan estas personas en su camino hacia la integración y la búsqueda de oportunidades. El pasado mes de diciembre participó en el Foro Mundial sobre los Refugiados que se realizó en Ginebra. En este contexto, Angie llevó la voz y presencia de las personas refugiadas de Latinoamérica y el Caribe en diversos espacios de incidencia, como el evento Cartagena+40. Tras su participación en el Foro, viajó a Madrid, donde participó en distintas actividades, como nuestra rueda de prensa de presentación de nuestra campaña Mujeres en Marcha, donde tuvimos la oportunidad de entrevistarla para conocer un poco más sobre su historia.&nbsp; Angie, cuéntanos sobre ti. Mi nombre es Angie Torres Angulo. Soy una mujer negra afrocolombiana. Tengo [&hellip;]
