{"version":"1.0","provider_name":"Entreculturas","provider_url":"https:\/\/www.entreculturas.org\/fr\/","title":"Bajo el lema \u201cVidas en movimiento\u201d, Entreculturas celebra su #22EncuentroAnual volviendo a la presencialidad","type":"rich","width":600,"height":338,"html":"<blockquote class=\"wp-embedded-content\" data-secret=\"EZdttUhTc6\"><a href=\"https:\/\/www.entreculturas.org\/fr\/noticia\/23-encuentro-anual-entreculturas\/\">Bajo el lema \u201cVidas en movimiento\u201d, Entreculturas celebra su #22EncuentroAnual volviendo a la presencialidad<\/a><\/blockquote><iframe sandbox=\"allow-scripts\" security=\"restricted\" src=\"https:\/\/www.entreculturas.org\/fr\/noticia\/23-encuentro-anual-entreculturas\/embed\/#?secret=EZdttUhTc6\" width=\"600\" height=\"338\" title=\"\u00ab\u00a0Bajo el lema \u201cVidas en movimiento\u201d, Entreculturas celebra su #22EncuentroAnual volviendo a la presencialidad\u00a0\u00bb &#8212; Entreculturas\" data-secret=\"EZdttUhTc6\" frameborder=\"0\" marginwidth=\"0\" marginheight=\"0\" scrolling=\"no\" class=\"wp-embedded-content\"><\/iframe><script>\n\/*! This file is auto-generated *\/\n!function(d,l){\"use strict\";l.querySelector&&d.addEventListener&&\"undefined\"!=typeof URL&&(d.wp=d.wp||{},d.wp.receiveEmbedMessage||(d.wp.receiveEmbedMessage=function(e){var t=e.data;if((t||t.secret||t.message||t.value)&&!\/[^a-zA-Z0-9]\/.test(t.secret)){for(var s,r,n,a=l.querySelectorAll('iframe[data-secret=\"'+t.secret+'\"]'),o=l.querySelectorAll('blockquote[data-secret=\"'+t.secret+'\"]'),c=new RegExp(\"^https?:$\",\"i\"),i=0;i<o.length;i++)o[i].style.display=\"none\";for(i=0;i<a.length;i++)s=a[i],e.source===s.contentWindow&&(s.removeAttribute(\"style\"),\"height\"===t.message?(1e3<(r=parseInt(t.value,10))?r=1e3:~~r<200&&(r=200),s.height=r):\"link\"===t.message&&(r=new URL(s.getAttribute(\"src\")),n=new URL(t.value),c.test(n.protocol))&&n.host===r.host&&l.activeElement===s&&(d.top.location.href=t.value))}},d.addEventListener(\"message\",d.wp.receiveEmbedMessage,!1),l.addEventListener(\"DOMContentLoaded\",function(){for(var e,t,s=l.querySelectorAll(\"iframe.wp-embedded-content\"),r=0;r<s.length;r++)(t=(e=s[r]).getAttribute(\"data-secret\"))||(t=Math.random().toString(36).substring(2,12),e.src+=\"#?secret=\"+t,e.setAttribute(\"data-secret\",t)),e.contentWindow.postMessage({message:\"ready\",secret:t},\"*\")},!1)))}(window,document);\n\/\/# sourceURL=https:\/\/www.entreculturas.org\/wp-includes\/js\/wp-embed.min.js\n<\/script>\n","thumbnail_url":"https:\/\/www.entreculturas.org\/wp-content\/uploads\/2022\/10\/vidas-en-movimiento_encuentro-anual-2021.jpg","thumbnail_width":800,"thumbnail_height":566,"description":"Tras dos a\u00f1os de ediciones realizadas a trav\u00e9s de la pantalla, la ONG Entreculturas, con la participaci\u00f3n de Alboan, ha retomado la presencialidad en su XXII Encuentro Anual. Reunidos entre el 30 de septiembre y el 2 de octubre en El Escorial, m\u00e1s de 230 personas vinculadas a Entreculturas y llegadas de las 27 delegaciones se dieron cita bajo el lema \u201cVidas en movimiento\u201d."}

Tras dos años de ediciones realizadas a través de la pantalla, la ONG Entreculturas, con la participación de Alboan, ha retomado la presencialidad en su XXII Encuentro Anual. Reunidos entre el 30 de septiembre y el 2 de octubre en El Escorial, más de 230 personas vinculadas a Entreculturas y llegadas de las 27 delegaciones se dieron cita bajo el lema “Vidas en movimiento”.
