{"id":7960,"date":"2015-05-11T13:34:42","date_gmt":"2015-05-11T13:34:42","guid":{"rendered":"https:\/\/entreculturasi.wpenginepowered.com\/?publicaciones=c-mo-se-ense"},"modified":"2024-03-25T14:56:05","modified_gmt":"2024-03-25T13:56:05","slug":"c-mo-se-ense","status":"publish","type":"publicacion","link":"https:\/\/www.entreculturas.org\/en\/publicacion\/c-mo-se-ense\/","title":{"rendered":"\u00bfC\u00f3mo se ense\u00f1a?"},"content":{"rendered":"<p><!--StartFragment-->Este texto ofrece un acercamiento a las teor\u00edas sobre la ense\u00f1anza. Entendemos la teor\u00eda de la ense\u00f1anza como una teor\u00eda pr\u00e1ctica sobre una actividad humana. El texto est\u00e1 destinado a docentes y educadores en un sentido amplio, cualquiera sea el \u00e1rea y el nivel de la ense\u00f1anza en que se desempe\u00f1en. Para su elaboraci\u00f3n, se han reunido conocimientos sobre las diferentes dimensiones de la actividad de&nbsp;ense\u00f1ar.<\/p>\n<p>A lo largo del folleto se abordan aspectos conceptuales e instrumentales relativos al&nbsp; acto de ense\u00f1anza, a fin de ofrecer conocimientos \u00fatiles en dos direcciones: herramientas te\u00f3ricas para la reflexi\u00f3n sobre la pr\u00e1ctica por un lado, y por otro, recomendaciones y sugerencias para la tarea cotidiana de ense\u00f1ar.<!--EndFragment--><\/p>\n","protected":false},"excerpt":{"rendered":"<p>Este texto ofrece un acercamiento a las teor\u00edas sobre la ense\u00f1anza. Entendemos la teor\u00eda de la ense\u00f1anza como una teor\u00eda pr\u00e1ctica sobre una actividad humana. El texto est\u00e1 destinado a docentes y educadores en un sentido amplio, cualquiera sea el \u00e1rea y el nivel de la ense\u00f1anza en que se desempe\u00f1en. Para su elaboraci\u00f3n, se han reunido conocimientos sobre las diferentes dimensiones de la actividad de&nbsp;ense\u00f1ar. A lo largo del folleto se abordan aspectos conceptuales e instrumentales relativos al&nbsp; acto de ense\u00f1anza, a fin de ofrecer conocimientos \u00fatiles en dos direcciones: herramientas te\u00f3ricas para la reflexi\u00f3n sobre la pr\u00e1ctica por un lado, y por otro, recomendaciones y sugerencias para la tarea cotidiana de ense\u00f1ar.<\/p>\n","protected":false},"featured_media":1823,"template":"","format":[115],"categories":[12],"tags":[289],"cause":[],"class_list":["post-7960","publicacion","type-publicacion","status-publish","has-post-thumbnail","hentry","category-recursos-educativos","tag-educacion","format-recursos-educativos"],"acf":[],"yoast_head":"<!-- This site is optimized with the Yoast SEO Premium plugin v21.6 (Yoast SEO v27.5) - https:\/\/yoast.com\/product\/yoast-seo-premium-wordpress\/ -->\n<title>\u00bfC\u00f3mo se ense\u00f1a? - Entreculturas<\/title>\n<meta name=\"robots\" content=\"index, follow, max-snippet:-1, max-image-preview:large, max-video-preview:-1\" \/>\n<link rel=\"canonical\" href=\"https:\/\/www.entreculturas.org\/en\/publicacion\/c-mo-se-ense\/\" \/>\n<meta property=\"og:locale\" content=\"en_US\" \/>\n<meta property=\"og:type\" content=\"article\" \/>\n<meta property=\"og:title\" content=\"\u00bfC\u00f3mo se ense\u00f1a?\" \/>\n<meta property=\"og:description\" content=\"Este texto ofrece un acercamiento a las teor\u00edas sobre la ense\u00f1anza. Entendemos la teor\u00eda de la ense\u00f1anza como una teor\u00eda pr\u00e1ctica sobre una actividad humana. El texto est\u00e1 destinado a docentes y educadores en un sentido amplio, cualquiera sea el \u00e1rea y el nivel de la ense\u00f1anza en que se desempe\u00f1en. Para su elaboraci\u00f3n, se han reunido conocimientos sobre las diferentes dimensiones de la actividad de&nbsp;ense\u00f1ar. A lo largo del folleto se abordan aspectos conceptuales e instrumentales relativos al&nbsp; acto de ense\u00f1anza, a fin de ofrecer conocimientos \u00fatiles en dos direcciones: herramientas te\u00f3ricas para la reflexi\u00f3n sobre la pr\u00e1ctica por un lado, y por otro, recomendaciones y sugerencias para la tarea cotidiana de ense\u00f1ar.\" \/>\n<meta property=\"og:url\" content=\"https:\/\/www.entreculturas.org\/en\/publicacion\/c-mo-se-ense\/\" \/>\n<meta property=\"og:site_name\" content=\"Entreculturas\" \/>\n<meta property=\"article:publisher\" content=\"https:\/\/www.facebook.com\/entreculturas\" \/>\n<meta property=\"article:modified_time\" content=\"2024-03-25T13:56:05+00:00\" \/>\n<meta name=\"twitter:card\" content=\"summary_large_image\" \/>\n<meta name=\"twitter:site\" content=\"@Entreculturas\" \/>\n<script type=\"application\/ld+json\" class=\"yoast-schema-graph\">{\"@context\":\"https:\\\/\\\/schema.org\",\"@graph\":[{\"@type\":\"WebPage\",\"@id\":\"https:\\\/\\\/www.entreculturas.org\\\/en\\\/publicacion\\\/c-mo-se-ense\\\/\",\"url\":\"https:\\\/\\\/www.entreculturas.org\\\/en\\\/publicacion\\\/c-mo-se-ense\\\/\",\"name\":\"\u00bfC\u00f3mo se ense\u00f1a? - Entreculturas\",\"isPartOf\":{\"@id\":\"https:\\\/\\\/www.entreculturas.org\\\/en\\\/#website\"},\"primaryImageOfPage\":{\"@id\":\"https:\\\/\\\/www.entreculturas.org\\\/en\\\/publicacion\\\/c-mo-se-ense\\\/#primaryimage\"},\"image\":{\"@id\":\"https:\\\/\\\/www.entreculturas.org\\\/en\\\/publicacion\\\/c-mo-se-ense\\\/#primaryimage\"},\"thumbnailUrl\":\"\",\"datePublished\":\"2015-05-11T13:34:42+00:00\",\"dateModified\":\"2024-03-25T13:56:05+00:00\",\"breadcrumb\":{\"@id\":\"https:\\\/\\\/www.entreculturas.org\\\/en\\\/publicacion\\\/c-mo-se-ense\\\/#breadcrumb\"},\"inLanguage\":\"en-US\",\"potentialAction\":[{\"@type\":\"ReadAction\",\"target\":[\"https:\\\/\\\/www.entreculturas.org\\\/en\\\/publicacion\\\/c-mo-se-ense\\\/\"]}]},{\"@type\":\"ImageObject\",\"inLanguage\":\"en-US\",\"@id\":\"https:\\\/\\\/www.entreculturas.org\\\/en\\\/publicacion\\\/c-mo-se-ense\\\/#primaryimage\",\"url\":\"\",\"contentUrl\":\"\"},{\"@type\":\"BreadcrumbList\",\"@id\":\"https:\\\/\\\/www.entreculturas.org\\\/en\\\/publicacion\\\/c-mo-se-ense\\\/#breadcrumb\",\"itemListElement\":[{\"@type\":\"ListItem\",\"position\":1,\"name\":\"Home\",\"item\":\"https:\\\/\\\/www.entreculturas.org\\\/en\\\/\"},{\"@type\":\"ListItem\",\"position\":2,\"name\":\"Publicaciones\",\"item\":\"https:\\\/\\\/www.entreculturas.org\\\/en\\\/publicaciones\\\/\"},{\"@type\":\"ListItem\",\"position\":3,\"name\":\"\u00bfC\u00f3mo se ense\u00f1a?\"}]},{\"@type\":\"WebSite\",\"@id\":\"https:\\\/\\\/www.entreculturas.org\\\/en\\\/#website\",\"url\":\"https:\\\/\\\/www.entreculturas.org\\\/en\\\/\",\"name\":\"Entreculturas\",\"description\":\"\",\"publisher\":{\"@id\":\"https:\\\/\\\/www.entreculturas.org\\\/en\\\/#organization\"},\"alternateName\":\"Entreculturas\",\"potentialAction\":[{\"@type\":\"SearchAction\",\"target\":{\"@type\":\"EntryPoint\",\"urlTemplate\":\"https:\\\/\\\/www.entreculturas.org\\\/en\\\/?s={search_term_string}\"},\"query-input\":{\"@type\":\"PropertyValueSpecification\",\"valueRequired\":true,\"valueName\":\"search_term_string\"}}],\"inLanguage\":\"en-US\"},{\"@type\":\"Organization\",\"@id\":\"https:\\\/\\\/www.entreculturas.org\\\/en\\\/#organization\",\"name\":\"Entreculturas\",\"url\":\"https:\\\/\\\/www.entreculturas.org\\\/en\\\/\",\"logo\":{\"@type\":\"ImageObject\",\"inLanguage\":\"en-US\",\"@id\":\"https:\\\/\\\/www.entreculturas.org\\\/en\\\/#\\\/schema\\\/logo\\\/image\\\/\",\"url\":\"https:\\\/\\\/www.entreculturas.org\\\/wp-content\\\/uploads\\\/2025\\\/10\\\/ESP.svg\",\"contentUrl\":\"https:\\\/\\\/www.entreculturas.org\\\/wp-content\\\/uploads\\\/2025\\\/10\\\/ESP.svg\",\"caption\":\"Entreculturas\"},\"image\":{\"@id\":\"https:\\\/\\\/www.entreculturas.org\\\/en\\\/#\\\/schema\\\/logo\\\/image\\\/\"},\"sameAs\":[\"https:\\\/\\\/www.facebook.com\\\/entreculturas\",\"https:\\\/\\\/x.com\\\/Entreculturas\",\"https:\\\/\\\/www.instagram.com\\\/entreculturas\\\/\",\"https:\\\/\\\/www.youtube.com\\\/user\\\/entreculturasvideo\",\"https:\\\/\\\/www.linkedin.com\\\/company\\\/fundacion-entreculturas-ngdo\\\/\",\"https:\\\/\\\/www.flickr.com\\\/photos\\\/98455522@N04\\\/albums\\\/\"]}]}<\/script>\n<!-- \/ Yoast SEO Premium plugin. -->","yoast_head_json":{"title":"\u00bfC\u00f3mo se ense\u00f1a? - Entreculturas","robots":{"index":"index","follow":"follow","max-snippet":"max-snippet:-1","max-image-preview":"max-image-preview:large","max-video-preview":"max-video-preview:-1"},"canonical":"https:\/\/www.entreculturas.org\/en\/publicacion\/c-mo-se-ense\/","og_locale":"en_US","og_type":"article","og_title":"\u00bfC\u00f3mo se ense\u00f1a?","og_description":"Este texto ofrece un acercamiento a las teor\u00edas sobre la ense\u00f1anza. Entendemos la teor\u00eda de la ense\u00f1anza como una teor\u00eda pr\u00e1ctica sobre una actividad humana. El texto est\u00e1 destinado a docentes y educadores en un sentido amplio, cualquiera sea el \u00e1rea y el nivel de la ense\u00f1anza en que se desempe\u00f1en. Para su elaboraci\u00f3n, se han reunido conocimientos sobre las diferentes dimensiones de la actividad de&nbsp;ense\u00f1ar. A lo largo del folleto se abordan aspectos conceptuales e instrumentales relativos al&nbsp; acto de ense\u00f1anza, a fin de ofrecer conocimientos \u00fatiles en dos direcciones: herramientas te\u00f3ricas para la reflexi\u00f3n sobre la pr\u00e1ctica por un lado, y por otro, recomendaciones y sugerencias para la tarea cotidiana de ense\u00f1ar.","og_url":"https:\/\/www.entreculturas.org\/en\/publicacion\/c-mo-se-ense\/","og_site_name":"Entreculturas","article_publisher":"https:\/\/www.facebook.com\/entreculturas","article_modified_time":"2024-03-25T13:56:05+00:00","twitter_card":"summary_large_image","twitter_site":"@Entreculturas","schema":{"@context":"https:\/\/schema.org","@graph":[{"@type":"WebPage","@id":"https:\/\/www.entreculturas.org\/en\/publicacion\/c-mo-se-ense\/","url":"https:\/\/www.entreculturas.org\/en\/publicacion\/c-mo-se-ense\/","name":"\u00bfC\u00f3mo se ense\u00f1a? - Entreculturas","isPartOf":{"@id":"https:\/\/www.entreculturas.org\/en\/#website"},"primaryImageOfPage":{"@id":"https:\/\/www.entreculturas.org\/en\/publicacion\/c-mo-se-ense\/#primaryimage"},"image":{"@id":"https:\/\/www.entreculturas.org\/en\/publicacion\/c-mo-se-ense\/#primaryimage"},"thumbnailUrl":"","datePublished":"2015-05-11T13:34:42+00:00","dateModified":"2024-03-25T13:56:05+00:00","breadcrumb":{"@id":"https:\/\/www.entreculturas.org\/en\/publicacion\/c-mo-se-ense\/#breadcrumb"},"inLanguage":"en-US","potentialAction":[{"@type":"ReadAction","target":["https:\/\/www.entreculturas.org\/en\/publicacion\/c-mo-se-ense\/"]}]},{"@type":"ImageObject","inLanguage":"en-US","@id":"https:\/\/www.entreculturas.org\/en\/publicacion\/c-mo-se-ense\/#primaryimage","url":"","contentUrl":""},{"@type":"BreadcrumbList","@id":"https:\/\/www.entreculturas.org\/en\/publicacion\/c-mo-se-ense\/#breadcrumb","itemListElement":[{"@type":"ListItem","position":1,"name":"Home","item":"https:\/\/www.entreculturas.org\/en\/"},{"@type":"ListItem","position":2,"name":"Publicaciones","item":"https:\/\/www.entreculturas.org\/en\/publicaciones\/"},{"@type":"ListItem","position":3,"name":"\u00bfC\u00f3mo se ense\u00f1a?"}]},{"@type":"WebSite","@id":"https:\/\/www.entreculturas.org\/en\/#website","url":"https:\/\/www.entreculturas.org\/en\/","name":"Entreculturas","description":"","publisher":{"@id":"https:\/\/www.entreculturas.org\/en\/#organization"},"alternateName":"Entreculturas","potentialAction":[{"@type":"SearchAction","target":{"@type":"EntryPoint","urlTemplate":"https:\/\/www.entreculturas.org\/en\/?s={search_term_string}"},"query-input":{"@type":"PropertyValueSpecification","valueRequired":true,"valueName":"search_term_string"}}],"inLanguage":"en-US"},{"@type":"Organization","@id":"https:\/\/www.entreculturas.org\/en\/#organization","name":"Entreculturas","url":"https:\/\/www.entreculturas.org\/en\/","logo":{"@type":"ImageObject","inLanguage":"en-US","@id":"https:\/\/www.entreculturas.org\/en\/#\/schema\/logo\/image\/","url":"https:\/\/www.entreculturas.org\/wp-content\/uploads\/2025\/10\/ESP.svg","contentUrl":"https:\/\/www.entreculturas.org\/wp-content\/uploads\/2025\/10\/ESP.svg","caption":"Entreculturas"},"image":{"@id":"https:\/\/www.entreculturas.org\/en\/#\/schema\/logo\/image\/"},"sameAs":["https:\/\/www.facebook.com\/entreculturas","https:\/\/x.com\/Entreculturas","https:\/\/www.instagram.com\/entreculturas\/","https:\/\/www.youtube.com\/user\/entreculturasvideo","https:\/\/www.linkedin.com\/company\/fundacion-entreculturas-ngdo\/","https:\/\/www.flickr.com\/photos\/98455522@N04\/albums\/"]}]}},"_links":{"self":[{"href":"https:\/\/www.entreculturas.org\/en\/wp-json\/wp\/v2\/publicacion\/7960","targetHints":{"allow":["GET"]}}],"collection":[{"href":"https:\/\/www.entreculturas.org\/en\/wp-json\/wp\/v2\/publicacion"}],"about":[{"href":"https:\/\/www.entreculturas.org\/en\/wp-json\/wp\/v2\/types\/publicacion"}],"wp:featuredmedia":[{"embeddable":true,"href":"https:\/\/www.entreculturas.org\/en\/wp-json\/"}],"wp:attachment":[{"href":"https:\/\/www.entreculturas.org\/en\/wp-json\/wp\/v2\/media?parent=7960"}],"wp:term":[{"taxonomy":"category","embeddable":true,"href":"https:\/\/www.entreculturas.org\/en\/wp-json\/wp\/v2\/categories?post=7960"},{"taxonomy":"post_tag","embeddable":true,"href":"https:\/\/www.entreculturas.org\/en\/wp-json\/wp\/v2\/tags?post=7960"},{"taxonomy":"cause","embeddable":true,"href":"https:\/\/www.entreculturas.org\/en\/wp-json\/wp\/v2\/cause?post=7960"},{"taxonomy":"format","embeddable":true,"href":"https:\/\/www.entreculturas.org\/en\/wp-json\/wp\/v2\/format?post=7960"}],"curies":[{"name":"wp","href":"https:\/\/api.w.org\/{rel}","templated":true}]}}

¿Cómo se enseña?

<p><!--StartFragment-->Este texto ofrece un acercamiento a las teorías sobre la enseñanza. Entendemos la teoría de la enseñanza como una teoría práctica sobre una actividad humana. El texto está destinado a docentes y educadores en un sentido amplio, cualquiera sea el área y el nivel de la enseñanza en que se desempeñen. Para su elaboración, se han reunido conocimientos sobre las diferentes dimensiones de la actividad de&nbsp;enseñar.</p>
<p>A lo largo del folleto se abordan aspectos conceptuales e instrumentales relativos al&nbsp; acto de enseñanza, a fin de ofrecer conocimientos útiles en dos direcciones: herramientas teóricas para la reflexión sobre la práctica por un lado, y por otro, recomendaciones y sugerencias para la tarea cotidiana de enseñar.<!--EndFragment--></p>

<p>Este texto ofrece un acercamiento a las teorías sobre la enseñanza. Entendemos la teoría de la enseñanza como una teoría práctica sobre una actividad humana. El texto está destinado a docentes y educadores en un sentido amplio, cualquiera sea el área y el nivel de la enseñanza en que se desempeñen. Para su elaboración, se han reunido conocimientos sobre las diferentes dimensiones de la actividad de&nbsp;enseñar. A lo largo del folleto se abordan aspectos conceptuales e instrumentales relativos al&nbsp; acto de enseñanza, a fin de ofrecer conocimientos útiles en dos direcciones: herramientas teóricas para la reflexión sobre la práctica por un lado, y por otro, recomendaciones y sugerencias para la tarea cotidiana de enseñar.</p>

<!-- This site is optimized with the Yoast SEO Premium plugin v21.6 (Yoast SEO v27.5) - https://yoast.com/product/yoast-seo-premium-wordpress/ -->
<title>¿Cómo se enseña? - Entreculturas</title>
<meta name="robots" content="index, follow, max-snippet:-1, max-image-preview:large, max-video-preview:-1" />
<link rel="canonical" href="https://www.entreculturas.org/en/publicacion/c-mo-se-ense/" />
<meta property="og:locale" content="en_US" />
<meta property="og:type" content="article" />
<meta property="og:title" content="¿Cómo se enseña?" />
<meta property="og:description" content="Este texto ofrece un acercamiento a las teorías sobre la enseñanza. Entendemos la teoría de la enseñanza como una teoría práctica sobre una actividad humana. El texto está destinado a docentes y educadores en un sentido amplio, cualquiera sea el área y el nivel de la enseñanza en que se desempeñen. Para su elaboración, se han reunido conocimientos sobre las diferentes dimensiones de la actividad de&nbsp;enseñar. A lo largo del folleto se abordan aspectos conceptuales e instrumentales relativos al&nbsp; acto de enseñanza, a fin de ofrecer conocimientos útiles en dos direcciones: herramientas teóricas para la reflexión sobre la práctica por un lado, y por otro, recomendaciones y sugerencias para la tarea cotidiana de enseñar." />
<meta property="og:url" content="https://www.entreculturas.org/en/publicacion/c-mo-se-ense/" />
<meta property="og:site_name" content="Entreculturas" />
<meta property="article:publisher" content="https://www.facebook.com/entreculturas" />
<meta property="article:modified_time" content="2024-03-25T13:56:05+00:00" />
<meta name="twitter:card" content="summary_large_image" />
<meta name="twitter:site" content="@Entreculturas" />
<script type="application/ld+json" class="yoast-schema-graph">{"@context":"https:\/\/schema.org","@graph":[{"@type":"WebPage","@id":"https:\/\/www.entreculturas.org\/en\/publicacion\/c-mo-se-ense\/","url":"https:\/\/www.entreculturas.org\/en\/publicacion\/c-mo-se-ense\/","name":"¿Cómo se enseña? - Entreculturas","isPartOf":{"@id":"https:\/\/www.entreculturas.org\/en\/#website"},"primaryImageOfPage":{"@id":"https:\/\/www.entreculturas.org\/en\/publicacion\/c-mo-se-ense\/#primaryimage"},"image":{"@id":"https:\/\/www.entreculturas.org\/en\/publicacion\/c-mo-se-ense\/#primaryimage"},"thumbnailUrl":"","datePublished":"2015-05-11T13:34:42+00:00","dateModified":"2024-03-25T13:56:05+00:00","breadcrumb":{"@id":"https:\/\/www.entreculturas.org\/en\/publicacion\/c-mo-se-ense\/#breadcrumb"},"inLanguage":"en-US","potentialAction":[{"@type":"ReadAction","target":["https:\/\/www.entreculturas.org\/en\/publicacion\/c-mo-se-ense\/"]}]},{"@type":"ImageObject","inLanguage":"en-US","@id":"https:\/\/www.entreculturas.org\/en\/publicacion\/c-mo-se-ense\/#primaryimage","url":"","contentUrl":""},{"@type":"BreadcrumbList","@id":"https:\/\/www.entreculturas.org\/en\/publicacion\/c-mo-se-ense\/#breadcrumb","itemListElement":[{"@type":"ListItem","position":1,"name":"Home","item":"https:\/\/www.entreculturas.org\/en\/"},{"@type":"ListItem","position":2,"name":"Publicaciones","item":"https:\/\/www.entreculturas.org\/en\/publicaciones\/"},{"@type":"ListItem","position":3,"name":"¿Cómo se enseña?"}]},{"@type":"WebSite","@id":"https:\/\/www.entreculturas.org\/en\/#website","url":"https:\/\/www.entreculturas.org\/en\/","name":"Entreculturas","description":"","publisher":{"@id":"https:\/\/www.entreculturas.org\/en\/#organization"},"alternateName":"Entreculturas","potentialAction":[{"@type":"SearchAction","target":{"@type":"EntryPoint","urlTemplate":"https:\/\/www.entreculturas.org\/en\/?s={search_term_string}"},"query-input":{"@type":"PropertyValueSpecification","valueRequired":true,"valueName":"search_term_string"}}],"inLanguage":"en-US"},{"@type":"Organization","@id":"https:\/\/www.entreculturas.org\/en\/#organization","name":"Entreculturas","url":"https:\/\/www.entreculturas.org\/en\/","logo":{"@type":"ImageObject","inLanguage":"en-US","@id":"https:\/\/www.entreculturas.org\/en\/#\/schema\/logo\/image\/","url":"https:\/\/www.entreculturas.org\/wp-content\/uploads\/2025\/10\/ESP.svg","contentUrl":"https:\/\/www.entreculturas.org\/wp-content\/uploads\/2025\/10\/ESP.svg","caption":"Entreculturas"},"image":{"@id":"https:\/\/www.entreculturas.org\/en\/#\/schema\/logo\/image\/"},"sameAs":["https:\/\/www.facebook.com\/entreculturas","https:\/\/x.com\/Entreculturas","https:\/\/www.instagram.com\/entreculturas\/","https:\/\/www.youtube.com\/user\/entreculturasvideo","https:\/\/www.linkedin.com\/company\/fundacion-entreculturas-ngdo\/","https:\/\/www.flickr.com\/photos\/98455522@N04\/albums\/"]}]}</script>
<!-- / Yoast SEO Premium plugin. -->

¿Cómo se enseña? - Entreculturas

Este texto ofrece un acercamiento a las teorías sobre la enseñanza. Entendemos la teoría de la enseñanza como una teoría práctica sobre una actividad humana. El texto está destinado a docentes y educadores en un sentido amplio, cualquiera sea el área y el nivel de la enseñanza en que se desempeñen. Para su elaboración, se han reunido conocimientos sobre las diferentes dimensiones de la actividad de&nbsp;enseñar. A lo largo del folleto se abordan aspectos conceptuales e instrumentales relativos al&nbsp; acto de enseñanza, a fin de ofrecer conocimientos útiles en dos direcciones: herramientas teóricas para la reflexión sobre la práctica por un lado, y por otro, recomendaciones y sugerencias para la tarea cotidiana de enseñar.
