{"id":10255,"date":"2019-12-11T15:54:27","date_gmt":"2019-12-11T14:54:27","guid":{"rendered":"https:\/\/www.entreculturas.org\/ficha\/mejora-de-la-calidad-educativa-publica-en-haiti\/"},"modified":"2024-03-12T09:42:00","modified_gmt":"2024-03-12T08:42:00","slug":"mejora-de-la-calidad-educativa-publica-en-haiti","status":"publish","type":"ficha","link":"https:\/\/www.entreculturas.org\/en\/ficha\/mejora-de-la-calidad-educativa-publica-en-haiti\/","title":{"rendered":"Mejora de la calidad educativa p\u00fablica en Hait\u00ed"},"content":{"rendered":"<p>Mejorar la calidad educativa en cinco escuelas del Nordeste de Hait\u00ed. Trabajo estructurado en dos ejes: 1)<br \/>\ngenerar sinergias y aprendizajes compartidos entre actores del sector, con liderazgo del Ministerio de<br \/>\nEducaci\u00f3n Nacional y Formaci\u00f3n Profesional (MENFP); y 2) integraci\u00f3n del enfoque de g\u00e9nero.<\/p>\n","protected":false},"excerpt":{"rendered":"<p>Mejorar la calidad educativa en cinco escuelas del Nordeste de Hait\u00ed. Trabajo estructurado en dos ejes: 1) generar sinergias y aprendizajes compartidos entre actores del sector, con liderazgo del Ministerio de Educaci\u00f3n Nacional y Formaci\u00f3n Profesional (MENFP); y 2) integraci\u00f3n del enfoque de g\u00e9nero.<\/p>\n","protected":false},"featured_media":20552,"template":"","country":[148],"cause":[128],"link-pdf":[381],"anio":[379],"class_list":["post-10255","ficha","type-ficha","status-publish","has-post-thumbnail","hentry","country-haiti","cause-educacion","link-pdf-https-drive-google-com-file-d-19bfagbhb35pjnieovoheu72osaubtlps-viewuspsharing","anio-379"],"acf":[],"yoast_head":"<!-- This site is optimized with the Yoast SEO Premium plugin v21.6 (Yoast SEO v27.5) - https:\/\/yoast.com\/product\/yoast-seo-premium-wordpress\/ -->\n<title>Mejora de la calidad educativa p\u00fablica en Hait\u00ed - Entreculturas<\/title>\n<meta name=\"robots\" content=\"noindex, follow\" \/>\n<meta property=\"og:locale\" content=\"en_US\" \/>\n<meta property=\"og:type\" content=\"article\" \/>\n<meta property=\"og:title\" content=\"Mejora de la calidad educativa p\u00fablica en Hait\u00ed\" \/>\n<meta property=\"og:description\" content=\"Mejorar la calidad educativa en cinco escuelas del Nordeste de Hait\u00ed. Trabajo estructurado en dos ejes: 1) generar sinergias y aprendizajes compartidos entre actores del sector, con liderazgo del Ministerio de Educaci\u00f3n Nacional y Formaci\u00f3n Profesional (MENFP); y 2) integraci\u00f3n del enfoque de g\u00e9nero.\" \/>\n<meta property=\"og:url\" content=\"https:\/\/www.entreculturas.org\/en\/ficha\/mejora-de-la-calidad-educativa-publica-en-haiti\/\" \/>\n<meta property=\"og:site_name\" content=\"Entreculturas\" \/>\n<meta property=\"article:publisher\" content=\"https:\/\/www.facebook.com\/entreculturas\" \/>\n<meta property=\"article:modified_time\" content=\"2024-03-12T08:42:00+00:00\" \/>\n<meta property=\"og:image\" content=\"https:\/\/www.entreculturas.org\/wp-content\/uploads\/2024\/02\/placeholder04.png\" \/>\n\t<meta property=\"og:image:width\" content=\"585\" \/>\n\t<meta property=\"og:image:height\" content=\"699\" \/>\n\t<meta property=\"og:image:type\" content=\"image\/png\" \/>\n<meta name=\"twitter:card\" content=\"summary_large_image\" \/>\n<meta name=\"twitter:site\" content=\"@Entreculturas\" \/>\n<script type=\"application\/ld+json\" class=\"yoast-schema-graph\">{\"@context\":\"https:\\\/\\\/schema.org\",\"@graph\":[{\"@type\":\"WebPage\",\"@id\":\"https:\\\/\\\/www.entreculturas.org\\\/en\\\/ficha\\\/mejora-de-la-calidad-educativa-publica-en-haiti\\\/\",\"url\":\"https:\\\/\\\/www.entreculturas.org\\\/en\\\/ficha\\\/mejora-de-la-calidad-educativa-publica-en-haiti\\\/\",\"name\":\"Mejora de la calidad educativa p\u00fablica en Hait\u00ed - Entreculturas\",\"isPartOf\":{\"@id\":\"https:\\\/\\\/www.entreculturas.org\\\/en\\\/#website\"},\"primaryImageOfPage\":{\"@id\":\"https:\\\/\\\/www.entreculturas.org\\\/en\\\/ficha\\\/mejora-de-la-calidad-educativa-publica-en-haiti\\\/#primaryimage\"},\"image\":{\"@id\":\"https:\\\/\\\/www.entreculturas.org\\\/en\\\/ficha\\\/mejora-de-la-calidad-educativa-publica-en-haiti\\\/#primaryimage\"},\"thumbnailUrl\":\"https:\\\/\\\/www.entreculturas.org\\\/wp-content\\\/uploads\\\/2024\\\/02\\\/placeholder04.png\",\"datePublished\":\"2019-12-11T14:54:27+00:00\",\"dateModified\":\"2024-03-12T08:42:00+00:00\",\"breadcrumb\":{\"@id\":\"https:\\\/\\\/www.entreculturas.org\\\/en\\\/ficha\\\/mejora-de-la-calidad-educativa-publica-en-haiti\\\/#breadcrumb\"},\"inLanguage\":\"en-US\",\"potentialAction\":[{\"@type\":\"ReadAction\",\"target\":[\"https:\\\/\\\/www.entreculturas.org\\\/en\\\/ficha\\\/mejora-de-la-calidad-educativa-publica-en-haiti\\\/\"]}]},{\"@type\":\"ImageObject\",\"inLanguage\":\"en-US\",\"@id\":\"https:\\\/\\\/www.entreculturas.org\\\/en\\\/ficha\\\/mejora-de-la-calidad-educativa-publica-en-haiti\\\/#primaryimage\",\"url\":\"https:\\\/\\\/www.entreculturas.org\\\/wp-content\\\/uploads\\\/2024\\\/02\\\/placeholder04.png\",\"contentUrl\":\"https:\\\/\\\/www.entreculturas.org\\\/wp-content\\\/uploads\\\/2024\\\/02\\\/placeholder04.png\",\"width\":585,\"height\":699,\"caption\":\"corazon\"},{\"@type\":\"BreadcrumbList\",\"@id\":\"https:\\\/\\\/www.entreculturas.org\\\/en\\\/ficha\\\/mejora-de-la-calidad-educativa-publica-en-haiti\\\/#breadcrumb\",\"itemListElement\":[{\"@type\":\"ListItem\",\"position\":1,\"name\":\"Home\",\"item\":\"https:\\\/\\\/www.entreculturas.org\\\/en\\\/\"},{\"@type\":\"ListItem\",\"position\":2,\"name\":\"Mejora de la calidad educativa p\u00fablica en Hait\u00ed\"}]},{\"@type\":\"WebSite\",\"@id\":\"https:\\\/\\\/www.entreculturas.org\\\/en\\\/#website\",\"url\":\"https:\\\/\\\/www.entreculturas.org\\\/en\\\/\",\"name\":\"Entreculturas\",\"description\":\"\",\"publisher\":{\"@id\":\"https:\\\/\\\/www.entreculturas.org\\\/en\\\/#organization\"},\"alternateName\":\"Entreculturas\",\"potentialAction\":[{\"@type\":\"SearchAction\",\"target\":{\"@type\":\"EntryPoint\",\"urlTemplate\":\"https:\\\/\\\/www.entreculturas.org\\\/en\\\/?s={search_term_string}\"},\"query-input\":{\"@type\":\"PropertyValueSpecification\",\"valueRequired\":true,\"valueName\":\"search_term_string\"}}],\"inLanguage\":\"en-US\"},{\"@type\":\"Organization\",\"@id\":\"https:\\\/\\\/www.entreculturas.org\\\/en\\\/#organization\",\"name\":\"Entreculturas\",\"url\":\"https:\\\/\\\/www.entreculturas.org\\\/en\\\/\",\"logo\":{\"@type\":\"ImageObject\",\"inLanguage\":\"en-US\",\"@id\":\"https:\\\/\\\/www.entreculturas.org\\\/en\\\/#\\\/schema\\\/logo\\\/image\\\/\",\"url\":\"https:\\\/\\\/www.entreculturas.org\\\/wp-content\\\/uploads\\\/2025\\\/10\\\/ESP.svg\",\"contentUrl\":\"https:\\\/\\\/www.entreculturas.org\\\/wp-content\\\/uploads\\\/2025\\\/10\\\/ESP.svg\",\"caption\":\"Entreculturas\"},\"image\":{\"@id\":\"https:\\\/\\\/www.entreculturas.org\\\/en\\\/#\\\/schema\\\/logo\\\/image\\\/\"},\"sameAs\":[\"https:\\\/\\\/www.facebook.com\\\/entreculturas\",\"https:\\\/\\\/x.com\\\/Entreculturas\",\"https:\\\/\\\/www.instagram.com\\\/entreculturas\\\/\",\"https:\\\/\\\/www.youtube.com\\\/user\\\/entreculturasvideo\",\"https:\\\/\\\/www.linkedin.com\\\/company\\\/fundacion-entreculturas-ngdo\\\/\",\"https:\\\/\\\/www.flickr.com\\\/photos\\\/98455522@N04\\\/albums\\\/\"]}]}<\/script>\n<!-- \/ Yoast SEO Premium plugin. -->","yoast_head_json":{"title":"Mejora de la calidad educativa p\u00fablica en Hait\u00ed - Entreculturas","robots":{"index":"noindex","follow":"follow"},"og_locale":"en_US","og_type":"article","og_title":"Mejora de la calidad educativa p\u00fablica en Hait\u00ed","og_description":"Mejorar la calidad educativa en cinco escuelas del Nordeste de Hait\u00ed. Trabajo estructurado en dos ejes: 1) generar sinergias y aprendizajes compartidos entre actores del sector, con liderazgo del Ministerio de Educaci\u00f3n Nacional y Formaci\u00f3n Profesional (MENFP); y 2) integraci\u00f3n del enfoque de g\u00e9nero.","og_url":"https:\/\/www.entreculturas.org\/en\/ficha\/mejora-de-la-calidad-educativa-publica-en-haiti\/","og_site_name":"Entreculturas","article_publisher":"https:\/\/www.facebook.com\/entreculturas","article_modified_time":"2024-03-12T08:42:00+00:00","og_image":[{"width":585,"height":699,"url":"https:\/\/www.entreculturas.org\/wp-content\/uploads\/2024\/02\/placeholder04.png","type":"image\/png"}],"twitter_card":"summary_large_image","twitter_site":"@Entreculturas","schema":{"@context":"https:\/\/schema.org","@graph":[{"@type":"WebPage","@id":"https:\/\/www.entreculturas.org\/en\/ficha\/mejora-de-la-calidad-educativa-publica-en-haiti\/","url":"https:\/\/www.entreculturas.org\/en\/ficha\/mejora-de-la-calidad-educativa-publica-en-haiti\/","name":"Mejora de la calidad educativa p\u00fablica en Hait\u00ed - Entreculturas","isPartOf":{"@id":"https:\/\/www.entreculturas.org\/en\/#website"},"primaryImageOfPage":{"@id":"https:\/\/www.entreculturas.org\/en\/ficha\/mejora-de-la-calidad-educativa-publica-en-haiti\/#primaryimage"},"image":{"@id":"https:\/\/www.entreculturas.org\/en\/ficha\/mejora-de-la-calidad-educativa-publica-en-haiti\/#primaryimage"},"thumbnailUrl":"https:\/\/www.entreculturas.org\/wp-content\/uploads\/2024\/02\/placeholder04.png","datePublished":"2019-12-11T14:54:27+00:00","dateModified":"2024-03-12T08:42:00+00:00","breadcrumb":{"@id":"https:\/\/www.entreculturas.org\/en\/ficha\/mejora-de-la-calidad-educativa-publica-en-haiti\/#breadcrumb"},"inLanguage":"en-US","potentialAction":[{"@type":"ReadAction","target":["https:\/\/www.entreculturas.org\/en\/ficha\/mejora-de-la-calidad-educativa-publica-en-haiti\/"]}]},{"@type":"ImageObject","inLanguage":"en-US","@id":"https:\/\/www.entreculturas.org\/en\/ficha\/mejora-de-la-calidad-educativa-publica-en-haiti\/#primaryimage","url":"https:\/\/www.entreculturas.org\/wp-content\/uploads\/2024\/02\/placeholder04.png","contentUrl":"https:\/\/www.entreculturas.org\/wp-content\/uploads\/2024\/02\/placeholder04.png","width":585,"height":699,"caption":"corazon"},{"@type":"BreadcrumbList","@id":"https:\/\/www.entreculturas.org\/en\/ficha\/mejora-de-la-calidad-educativa-publica-en-haiti\/#breadcrumb","itemListElement":[{"@type":"ListItem","position":1,"name":"Home","item":"https:\/\/www.entreculturas.org\/en\/"},{"@type":"ListItem","position":2,"name":"Mejora de la calidad educativa p\u00fablica en Hait\u00ed"}]},{"@type":"WebSite","@id":"https:\/\/www.entreculturas.org\/en\/#website","url":"https:\/\/www.entreculturas.org\/en\/","name":"Entreculturas","description":"","publisher":{"@id":"https:\/\/www.entreculturas.org\/en\/#organization"},"alternateName":"Entreculturas","potentialAction":[{"@type":"SearchAction","target":{"@type":"EntryPoint","urlTemplate":"https:\/\/www.entreculturas.org\/en\/?s={search_term_string}"},"query-input":{"@type":"PropertyValueSpecification","valueRequired":true,"valueName":"search_term_string"}}],"inLanguage":"en-US"},{"@type":"Organization","@id":"https:\/\/www.entreculturas.org\/en\/#organization","name":"Entreculturas","url":"https:\/\/www.entreculturas.org\/en\/","logo":{"@type":"ImageObject","inLanguage":"en-US","@id":"https:\/\/www.entreculturas.org\/en\/#\/schema\/logo\/image\/","url":"https:\/\/www.entreculturas.org\/wp-content\/uploads\/2025\/10\/ESP.svg","contentUrl":"https:\/\/www.entreculturas.org\/wp-content\/uploads\/2025\/10\/ESP.svg","caption":"Entreculturas"},"image":{"@id":"https:\/\/www.entreculturas.org\/en\/#\/schema\/logo\/image\/"},"sameAs":["https:\/\/www.facebook.com\/entreculturas","https:\/\/x.com\/Entreculturas","https:\/\/www.instagram.com\/entreculturas\/","https:\/\/www.youtube.com\/user\/entreculturasvideo","https:\/\/www.linkedin.com\/company\/fundacion-entreculturas-ngdo\/","https:\/\/www.flickr.com\/photos\/98455522@N04\/albums\/"]}]}},"_links":{"self":[{"href":"https:\/\/www.entreculturas.org\/en\/wp-json\/wp\/v2\/ficha\/10255","targetHints":{"allow":["GET"]}}],"collection":[{"href":"https:\/\/www.entreculturas.org\/en\/wp-json\/wp\/v2\/ficha"}],"about":[{"href":"https:\/\/www.entreculturas.org\/en\/wp-json\/wp\/v2\/types\/ficha"}],"wp:featuredmedia":[{"embeddable":true,"href":"https:\/\/www.entreculturas.org\/en\/wp-json\/wp\/v2\/media\/20552"}],"wp:attachment":[{"href":"https:\/\/www.entreculturas.org\/en\/wp-json\/wp\/v2\/media?parent=10255"}],"wp:term":[{"taxonomy":"country","embeddable":true,"href":"https:\/\/www.entreculturas.org\/en\/wp-json\/wp\/v2\/country?post=10255"},{"taxonomy":"cause","embeddable":true,"href":"https:\/\/www.entreculturas.org\/en\/wp-json\/wp\/v2\/cause?post=10255"},{"taxonomy":"link-pdf","embeddable":true,"href":"https:\/\/www.entreculturas.org\/en\/wp-json\/wp\/v2\/link-pdf?post=10255"},{"taxonomy":"anio","embeddable":true,"href":"https:\/\/www.entreculturas.org\/en\/wp-json\/wp\/v2\/anio?post=10255"}],"curies":[{"name":"wp","href":"https:\/\/api.w.org\/{rel}","templated":true}]}}

Mejora de la calidad educativa pública en Haití

<p>Mejorar la calidad educativa en cinco escuelas del Nordeste de Haití. Trabajo estructurado en dos ejes: 1)<br />
generar sinergias y aprendizajes compartidos entre actores del sector, con liderazgo del Ministerio de<br />
Educación Nacional y Formación Profesional (MENFP); y 2) integración del enfoque de género.</p>

<p>Mejorar la calidad educativa en cinco escuelas del Nordeste de Haití. Trabajo estructurado en dos ejes: 1) generar sinergias y aprendizajes compartidos entre actores del sector, con liderazgo del Ministerio de Educación Nacional y Formación Profesional (MENFP); y 2) integración del enfoque de género.</p>

<!-- This site is optimized with the Yoast SEO Premium plugin v21.6 (Yoast SEO v27.5) - https://yoast.com/product/yoast-seo-premium-wordpress/ -->
<title>Mejora de la calidad educativa pública en Haití - Entreculturas</title>
<meta name="robots" content="noindex, follow" />
<meta property="og:locale" content="en_US" />
<meta property="og:type" content="article" />
<meta property="og:title" content="Mejora de la calidad educativa pública en Haití" />
<meta property="og:description" content="Mejorar la calidad educativa en cinco escuelas del Nordeste de Haití. Trabajo estructurado en dos ejes: 1) generar sinergias y aprendizajes compartidos entre actores del sector, con liderazgo del Ministerio de Educación Nacional y Formación Profesional (MENFP); y 2) integración del enfoque de género." />
<meta property="og:url" content="https://www.entreculturas.org/en/ficha/mejora-de-la-calidad-educativa-publica-en-haiti/" />
<meta property="og:site_name" content="Entreculturas" />
<meta property="article:publisher" content="https://www.facebook.com/entreculturas" />
<meta property="article:modified_time" content="2024-03-12T08:42:00+00:00" />
<meta property="og:image" content="https://www.entreculturas.org/wp-content/uploads/2024/02/placeholder04.png" />
	<meta property="og:image:width" content="585" />
	<meta property="og:image:height" content="699" />
	<meta property="og:image:type" content="image/png" />
<meta name="twitter:card" content="summary_large_image" />
<meta name="twitter:site" content="@Entreculturas" />
<script type="application/ld+json" class="yoast-schema-graph">{"@context":"https:\/\/schema.org","@graph":[{"@type":"WebPage","@id":"https:\/\/www.entreculturas.org\/en\/ficha\/mejora-de-la-calidad-educativa-publica-en-haiti\/","url":"https:\/\/www.entreculturas.org\/en\/ficha\/mejora-de-la-calidad-educativa-publica-en-haiti\/","name":"Mejora de la calidad educativa pública en Haití - Entreculturas","isPartOf":{"@id":"https:\/\/www.entreculturas.org\/en\/#website"},"primaryImageOfPage":{"@id":"https:\/\/www.entreculturas.org\/en\/ficha\/mejora-de-la-calidad-educativa-publica-en-haiti\/#primaryimage"},"image":{"@id":"https:\/\/www.entreculturas.org\/en\/ficha\/mejora-de-la-calidad-educativa-publica-en-haiti\/#primaryimage"},"thumbnailUrl":"https:\/\/www.entreculturas.org\/wp-content\/uploads\/2024\/02\/placeholder04.png","datePublished":"2019-12-11T14:54:27+00:00","dateModified":"2024-03-12T08:42:00+00:00","breadcrumb":{"@id":"https:\/\/www.entreculturas.org\/en\/ficha\/mejora-de-la-calidad-educativa-publica-en-haiti\/#breadcrumb"},"inLanguage":"en-US","potentialAction":[{"@type":"ReadAction","target":["https:\/\/www.entreculturas.org\/en\/ficha\/mejora-de-la-calidad-educativa-publica-en-haiti\/"]}]},{"@type":"ImageObject","inLanguage":"en-US","@id":"https:\/\/www.entreculturas.org\/en\/ficha\/mejora-de-la-calidad-educativa-publica-en-haiti\/#primaryimage","url":"https:\/\/www.entreculturas.org\/wp-content\/uploads\/2024\/02\/placeholder04.png","contentUrl":"https:\/\/www.entreculturas.org\/wp-content\/uploads\/2024\/02\/placeholder04.png","width":585,"height":699,"caption":"corazon"},{"@type":"BreadcrumbList","@id":"https:\/\/www.entreculturas.org\/en\/ficha\/mejora-de-la-calidad-educativa-publica-en-haiti\/#breadcrumb","itemListElement":[{"@type":"ListItem","position":1,"name":"Home","item":"https:\/\/www.entreculturas.org\/en\/"},{"@type":"ListItem","position":2,"name":"Mejora de la calidad educativa pública en Haití"}]},{"@type":"WebSite","@id":"https:\/\/www.entreculturas.org\/en\/#website","url":"https:\/\/www.entreculturas.org\/en\/","name":"Entreculturas","description":"","publisher":{"@id":"https:\/\/www.entreculturas.org\/en\/#organization"},"alternateName":"Entreculturas","potentialAction":[{"@type":"SearchAction","target":{"@type":"EntryPoint","urlTemplate":"https:\/\/www.entreculturas.org\/en\/?s={search_term_string}"},"query-input":{"@type":"PropertyValueSpecification","valueRequired":true,"valueName":"search_term_string"}}],"inLanguage":"en-US"},{"@type":"Organization","@id":"https:\/\/www.entreculturas.org\/en\/#organization","name":"Entreculturas","url":"https:\/\/www.entreculturas.org\/en\/","logo":{"@type":"ImageObject","inLanguage":"en-US","@id":"https:\/\/www.entreculturas.org\/en\/#\/schema\/logo\/image\/","url":"https:\/\/www.entreculturas.org\/wp-content\/uploads\/2025\/10\/ESP.svg","contentUrl":"https:\/\/www.entreculturas.org\/wp-content\/uploads\/2025\/10\/ESP.svg","caption":"Entreculturas"},"image":{"@id":"https:\/\/www.entreculturas.org\/en\/#\/schema\/logo\/image\/"},"sameAs":["https:\/\/www.facebook.com\/entreculturas","https:\/\/x.com\/Entreculturas","https:\/\/www.instagram.com\/entreculturas\/","https:\/\/www.youtube.com\/user\/entreculturasvideo","https:\/\/www.linkedin.com\/company\/fundacion-entreculturas-ngdo\/","https:\/\/www.flickr.com\/photos\/98455522@N04\/albums\/"]}]}</script>
<!-- / Yoast SEO Premium plugin. -->

Mejora de la calidad educativa pública en Haití - Entreculturas

Mejorar la calidad educativa en cinco escuelas del Nordeste de Haití. Trabajo estructurado en dos ejes: 1) generar sinergias y aprendizajes compartidos entre actores del sector, con liderazgo del Ministerio de Educación Nacional y Formación Profesional (MENFP); y 2) integración del enfoque de género.
