{"version":"1.0","provider_name":"Entreculturas","provider_url":"https:\/\/www.entreculturas.org\/en\/","title":"Educaci\u00f3n y seguridad alimentaria en la emergencia","type":"rich","width":600,"height":338,"html":"<blockquote class=\"wp-embedded-content\" data-secret=\"0xTf8HOQ6z\"><a href=\"https:\/\/www.entreculturas.org\/en\/publicacion\/educacion-y-seguridad-alimentaria-en-la-emergencia\/\">Educaci\u00f3n y seguridad alimentaria en la emergencia<\/a><\/blockquote><iframe sandbox=\"allow-scripts\" security=\"restricted\" src=\"https:\/\/www.entreculturas.org\/en\/publicacion\/educacion-y-seguridad-alimentaria-en-la-emergencia\/embed\/#?secret=0xTf8HOQ6z\" width=\"600\" height=\"338\" title=\"&#8220;Educaci\u00f3n y seguridad alimentaria en la emergencia&#8221; &#8212; Entreculturas\" data-secret=\"0xTf8HOQ6z\" frameborder=\"0\" marginwidth=\"0\" marginheight=\"0\" scrolling=\"no\" class=\"wp-embedded-content\"><\/iframe><script>\n\/*! This file is auto-generated *\/\n!function(d,l){\"use strict\";l.querySelector&&d.addEventListener&&\"undefined\"!=typeof URL&&(d.wp=d.wp||{},d.wp.receiveEmbedMessage||(d.wp.receiveEmbedMessage=function(e){var t=e.data;if((t||t.secret||t.message||t.value)&&!\/[^a-zA-Z0-9]\/.test(t.secret)){for(var s,r,n,a=l.querySelectorAll('iframe[data-secret=\"'+t.secret+'\"]'),o=l.querySelectorAll('blockquote[data-secret=\"'+t.secret+'\"]'),c=new RegExp(\"^https?:$\",\"i\"),i=0;i<o.length;i++)o[i].style.display=\"none\";for(i=0;i<a.length;i++)s=a[i],e.source===s.contentWindow&&(s.removeAttribute(\"style\"),\"height\"===t.message?(1e3<(r=parseInt(t.value,10))?r=1e3:~~r<200&&(r=200),s.height=r):\"link\"===t.message&&(r=new URL(s.getAttribute(\"src\")),n=new URL(t.value),c.test(n.protocol))&&n.host===r.host&&l.activeElement===s&&(d.top.location.href=t.value))}},d.addEventListener(\"message\",d.wp.receiveEmbedMessage,!1),l.addEventListener(\"DOMContentLoaded\",function(){for(var e,t,s=l.querySelectorAll(\"iframe.wp-embedded-content\"),r=0;r<s.length;r++)(t=(e=s[r]).getAttribute(\"data-secret\"))||(t=Math.random().toString(36).substring(2,12),e.src+=\"#?secret=\"+t,e.setAttribute(\"data-secret\",t)),e.contentWindow.postMessage({message:\"ready\",secret:t},\"*\")},!1)))}(window,document);\n\/\/# sourceURL=https:\/\/www.entreculturas.org\/wp-includes\/js\/wp-embed.min.js\n<\/script>\n","thumbnail_url":"https:\/\/www.entreculturas.org\/wp-content\/uploads\/2023\/08\/captura_de_pantalla_2023-08-04_145056.png","thumbnail_width":652,"thumbnail_height":923,"description":"El a\u00f1o 2022 trajo una serie de desaf\u00edos humanitarios nunca antes vistos, tanto por la complejidad de las crisis como por la diversidad de actores y la presencia de factores externos como el cambio clim\u00e1tico. Estas realidades cambiantes nos han llevado a abrir camino en un espacio humanitario cada vez m\u00e1s reducido y a comenzar nuestro trabajo en situaciones humanitarias cr\u00edticas a trav\u00e9s de socios como Fe y Alegr\u00eda Venezuela. Para Entreculturas es importante poner en valor los Principios Humanitarios de neutralidad, imparcialidad, humanidad e independencia que gu\u00edan nuestras acciones, poniendo la dignidad humana en el centro y acompa\u00f1ando y sirviendo a las personas m\u00e1s necesitadas, al margen de condicionamientos pol\u00edticos, religiosos o de otra \u00edndole. El proyecto que aqu\u00ed presentamos supuso una de las primeras colaboraciones con la Direcci\u00f3n General de Protecci\u00f3n Civil y Operaciones de Ayuda Humanitaria Europeas (ECHO). Todo un reto Humanitario para una organizaci\u00f3n dedicada tradicionalmente [&hellip;]"}

Educación y seguridad alimentaria en la emergencia

<blockquote class="wp-embedded-content" data-secret="0xTf8HOQ6z"><a href="https://www.entreculturas.org/en/publicacion/educacion-y-seguridad-alimentaria-en-la-emergencia/">Educación y seguridad alimentaria en la emergencia</a></blockquote><iframe sandbox="allow-scripts" security="restricted" src="https://www.entreculturas.org/en/publicacion/educacion-y-seguridad-alimentaria-en-la-emergencia/embed/#?secret=0xTf8HOQ6z" width="600" height="338" title="&#8220;Educación y seguridad alimentaria en la emergencia&#8221; &#8212; Entreculturas" data-secret="0xTf8HOQ6z" frameborder="0" marginwidth="0" marginheight="0" scrolling="no" class="wp-embedded-content"></iframe><script>
/*! This file is auto-generated */
!function(d,l){"use strict";l.querySelector&&d.addEventListener&&"undefined"!=typeof URL&&(d.wp=d.wp||{},d.wp.receiveEmbedMessage||(d.wp.receiveEmbedMessage=function(e){var t=e.data;if((t||t.secret||t.message||t.value)&&!/[^a-zA-Z0-9]/.test(t.secret)){for(var s,r,n,a=l.querySelectorAll('iframe[data-secret="'+t.secret+'"]'),o=l.querySelectorAll('blockquote[data-secret="'+t.secret+'"]'),c=new RegExp("^https?:$","i"),i=0;i<o.length;i++)o[i].style.display="none";for(i=0;i<a.length;i++)s=a[i],e.source===s.contentWindow&&(s.removeAttribute("style"),"height"===t.message?(1e3<(r=parseInt(t.value,10))?r=1e3:~~r<200&&(r=200),s.height=r):"link"===t.message&&(r=new URL(s.getAttribute("src")),n=new URL(t.value),c.test(n.protocol))&&n.host===r.host&&l.activeElement===s&&(d.top.location.href=t.value))}},d.addEventListener("message",d.wp.receiveEmbedMessage,!1),l.addEventListener("DOMContentLoaded",function(){for(var e,t,s=l.querySelectorAll("iframe.wp-embedded-content"),r=0;r<s.length;r++)(t=(e=s[r]).getAttribute("data-secret"))||(t=Math.random().toString(36).substring(2,12),e.src+="#?secret="+t,e.setAttribute("data-secret",t)),e.contentWindow.postMessage({message:"ready",secret:t},"*")},!1)))}(window,document);
//# sourceURL=https://www.entreculturas.org/wp-includes/js/wp-embed.min.js
</script>

El año 2022 trajo una serie de desafíos humanitarios nunca antes vistos, tanto por la complejidad de las crisis como por la diversidad de actores y la presencia de factores externos como el cambio climático. Estas realidades cambiantes nos han llevado a abrir camino en un espacio humanitario cada vez más reducido y a comenzar nuestro trabajo en situaciones humanitarias críticas a través de socios como Fe y Alegría Venezuela. Para Entreculturas es importante poner en valor los Principios Humanitarios de neutralidad, imparcialidad, humanidad e independencia que guían nuestras acciones, poniendo la dignidad humana en el centro y acompañando y sirviendo a las personas más necesitadas, al margen de condicionamientos políticos, religiosos o de otra índole. El proyecto que aquí presentamos supuso una de las primeras colaboraciones con la Dirección General de Protección Civil y Operaciones de Ayuda Humanitaria Europeas (ECHO). Todo un reto Humanitario para una organización dedicada tradicionalmente [&hellip;]
