{"version":"1.0","provider_name":"Entreculturas","provider_url":"https:\/\/www.entreculturas.org\/en\/","title":"Convivir con los otros y con la naturaleza","type":"rich","width":600,"height":338,"html":"<blockquote class=\"wp-embedded-content\" data-secret=\"bUESX1D0MY\"><a href=\"https:\/\/www.entreculturas.org\/en\/publicacion\/convivir-con-los-otros-y-con-la-naturaleza\/\">Convivir con los otros y con la naturaleza<\/a><\/blockquote><iframe sandbox=\"allow-scripts\" security=\"restricted\" src=\"https:\/\/www.entreculturas.org\/en\/publicacion\/convivir-con-los-otros-y-con-la-naturaleza\/embed\/#?secret=bUESX1D0MY\" width=\"600\" height=\"338\" title=\"&#8220;Convivir con los otros y con la naturaleza&#8221; &#8212; Entreculturas\" data-secret=\"bUESX1D0MY\" frameborder=\"0\" marginwidth=\"0\" marginheight=\"0\" scrolling=\"no\" class=\"wp-embedded-content\"><\/iframe><script>\n\/*! This file is auto-generated *\/\n!function(d,l){\"use strict\";l.querySelector&&d.addEventListener&&\"undefined\"!=typeof URL&&(d.wp=d.wp||{},d.wp.receiveEmbedMessage||(d.wp.receiveEmbedMessage=function(e){var t=e.data;if((t||t.secret||t.message||t.value)&&!\/[^a-zA-Z0-9]\/.test(t.secret)){for(var s,r,n,a=l.querySelectorAll('iframe[data-secret=\"'+t.secret+'\"]'),o=l.querySelectorAll('blockquote[data-secret=\"'+t.secret+'\"]'),c=new RegExp(\"^https?:$\",\"i\"),i=0;i<o.length;i++)o[i].style.display=\"none\";for(i=0;i<a.length;i++)s=a[i],e.source===s.contentWindow&&(s.removeAttribute(\"style\"),\"height\"===t.message?(1e3<(r=parseInt(t.value,10))?r=1e3:~~r<200&&(r=200),s.height=r):\"link\"===t.message&&(r=new URL(s.getAttribute(\"src\")),n=new URL(t.value),c.test(n.protocol))&&n.host===r.host&&l.activeElement===s&&(d.top.location.href=t.value))}},d.addEventListener(\"message\",d.wp.receiveEmbedMessage,!1),l.addEventListener(\"DOMContentLoaded\",function(){for(var e,t,s=l.querySelectorAll(\"iframe.wp-embedded-content\"),r=0;r<s.length;r++)(t=(e=s[r]).getAttribute(\"data-secret\"))||(t=Math.random().toString(36).substring(2,12),e.src+=\"#?secret=\"+t,e.setAttribute(\"data-secret\",t)),e.contentWindow.postMessage({message:\"ready\",secret:t},\"*\")},!1)))}(window,document);\n\/\/# sourceURL=https:\/\/www.entreculturas.org\/wp-includes\/js\/wp-embed.min.js\n<\/script>\n","thumbnail_url":null,"thumbnail_width":null,"thumbnail_height":null,"description":"Los educadores ense\u00f1amos esencialmente lo que somos, es decir, nuestra manera de actuar, nuestra manera de percibir el mundo, las maneras de relacionarnos con los semejantes, con el entorno, nuestros valores y actitudes. Por ello, cuando hablamos de la necesidad de formaci\u00f3n del educador para mejorar las pr\u00e1cticas educativas, estamos asumiendo que esta formaci\u00f3n implica la construcci\u00f3n de su persona, la reflexi\u00f3n, revisi\u00f3n y comprensi\u00f3n de su ser, afectividad, valores y actitudes."}

Los educadores enseñamos esencialmente lo que somos, es decir, nuestra manera de actuar, nuestra manera de percibir el mundo, las maneras de relacionarnos con los semejantes, con el entorno, nuestros valores y actitudes. Por ello, cuando hablamos de la necesidad de formación del educador para mejorar las prácticas educativas, estamos asumiendo que esta formación implica la construcción de su persona, la reflexión, revisión y comprensión de su ser, afectividad, valores y actitudes.
