{"version":"1.0","provider_name":"Entreculturas","provider_url":"https:\/\/www.entreculturas.org\/en\/","title":"Paloma Hern\u00e1ndez, Experiencia Sur \"Profes en Compa\u00f1\u00eda\" en Per\u00fa","type":"rich","width":600,"height":338,"html":"<blockquote class=\"wp-embedded-content\" data-secret=\"5NlVFjCUKO\"><a href=\"https:\/\/www.entreculturas.org\/en\/noticia\/paloma-hernandez-experiencia-sur-profes-en-compania-en\/\">Paloma Hern\u00e1ndez, Experiencia Sur &#8220;Profes en Compa\u00f1\u00eda&#8221; en Per\u00fa<\/a><\/blockquote><iframe sandbox=\"allow-scripts\" security=\"restricted\" src=\"https:\/\/www.entreculturas.org\/en\/noticia\/paloma-hernandez-experiencia-sur-profes-en-compania-en\/embed\/#?secret=5NlVFjCUKO\" width=\"600\" height=\"338\" title=\"&#8220;Paloma Hern\u00e1ndez, Experiencia Sur &#8220;Profes en Compa\u00f1\u00eda&#8221; en Per\u00fa&#8221; &#8212; Entreculturas\" data-secret=\"5NlVFjCUKO\" frameborder=\"0\" marginwidth=\"0\" marginheight=\"0\" scrolling=\"no\" class=\"wp-embedded-content\"><\/iframe><script>\n\/*! This file is auto-generated *\/\n!function(d,l){\"use strict\";l.querySelector&&d.addEventListener&&\"undefined\"!=typeof URL&&(d.wp=d.wp||{},d.wp.receiveEmbedMessage||(d.wp.receiveEmbedMessage=function(e){var t=e.data;if((t||t.secret||t.message||t.value)&&!\/[^a-zA-Z0-9]\/.test(t.secret)){for(var s,r,n,a=l.querySelectorAll('iframe[data-secret=\"'+t.secret+'\"]'),o=l.querySelectorAll('blockquote[data-secret=\"'+t.secret+'\"]'),c=new RegExp(\"^https?:$\",\"i\"),i=0;i<o.length;i++)o[i].style.display=\"none\";for(i=0;i<a.length;i++)s=a[i],e.source===s.contentWindow&&(s.removeAttribute(\"style\"),\"height\"===t.message?(1e3<(r=parseInt(t.value,10))?r=1e3:~~r<200&&(r=200),s.height=r):\"link\"===t.message&&(r=new URL(s.getAttribute(\"src\")),n=new URL(t.value),c.test(n.protocol))&&n.host===r.host&&l.activeElement===s&&(d.top.location.href=t.value))}},d.addEventListener(\"message\",d.wp.receiveEmbedMessage,!1),l.addEventListener(\"DOMContentLoaded\",function(){for(var e,t,s=l.querySelectorAll(\"iframe.wp-embedded-content\"),r=0;r<s.length;r++)(t=(e=s[r]).getAttribute(\"data-secret\"))||(t=Math.random().toString(36).substring(2,12),e.src+=\"#?secret=\"+t,e.setAttribute(\"data-secret\",t)),e.contentWindow.postMessage({message:\"ready\",secret:t},\"*\")},!1)))}(window,document);\n\/\/# sourceURL=https:\/\/www.entreculturas.org\/wp-includes\/js\/wp-embed.min.js\n<\/script>\n","thumbnail_url":"https:\/\/www.entreculturas.org\/wp-content\/uploads\/2023\/12\/paloma_0.jpg","thumbnail_width":709,"thumbnail_height":422,"description":"La ilusi\u00f3n y las ganas de hacer voluntariado es algo que me acompa\u00f1a desde hace bastantes a\u00f1os (supongo que haber estudiado en un cole jesuita ha tenido algo que ver, pues es una oportunidad constante de vivir experiencias a nivel pastoral y humano). En mi casa, cuando era adolescente y llegaba con la idea de irme a otro pa\u00eds para hacer voluntariado, r\u00e1pidamente me insist\u00edan en la importancia de empezar ayudando primero al de al lado. Durante mucho tiempo me esforc\u00e9 en hacerlo, pero llega un momento en el que necesitas m\u00e1s. Quieres conocer otras realidades y ver m\u00e1s all\u00e1 de tu barrio, ciudad, pa\u00eds\u2026 Salir de tu zona de confort. Ponerle sentimiento y nombre a todas esas caras, historias y proyectos de los que nos cuentan muchas cosas y en los que nos involucramos en la distancia, sin empaparnos\u2026 Este momento lleg\u00f3 para m\u00ed gracias a Entreculturas y su [&hellip;]"}

Paloma Hernández, Experiencia Sur "Profes en Compañía" en Perú

<blockquote class="wp-embedded-content" data-secret="5NlVFjCUKO"><a href="https://www.entreculturas.org/en/noticia/paloma-hernandez-experiencia-sur-profes-en-compania-en/">Paloma Hernández, Experiencia Sur &#8220;Profes en Compañía&#8221; en Perú</a></blockquote><iframe sandbox="allow-scripts" security="restricted" src="https://www.entreculturas.org/en/noticia/paloma-hernandez-experiencia-sur-profes-en-compania-en/embed/#?secret=5NlVFjCUKO" width="600" height="338" title="&#8220;Paloma Hernández, Experiencia Sur &#8220;Profes en Compañía&#8221; en Perú&#8221; &#8212; Entreculturas" data-secret="5NlVFjCUKO" frameborder="0" marginwidth="0" marginheight="0" scrolling="no" class="wp-embedded-content"></iframe><script>
/*! This file is auto-generated */
!function(d,l){"use strict";l.querySelector&&d.addEventListener&&"undefined"!=typeof URL&&(d.wp=d.wp||{},d.wp.receiveEmbedMessage||(d.wp.receiveEmbedMessage=function(e){var t=e.data;if((t||t.secret||t.message||t.value)&&!/[^a-zA-Z0-9]/.test(t.secret)){for(var s,r,n,a=l.querySelectorAll('iframe[data-secret="'+t.secret+'"]'),o=l.querySelectorAll('blockquote[data-secret="'+t.secret+'"]'),c=new RegExp("^https?:$","i"),i=0;i<o.length;i++)o[i].style.display="none";for(i=0;i<a.length;i++)s=a[i],e.source===s.contentWindow&&(s.removeAttribute("style"),"height"===t.message?(1e3<(r=parseInt(t.value,10))?r=1e3:~~r<200&&(r=200),s.height=r):"link"===t.message&&(r=new URL(s.getAttribute("src")),n=new URL(t.value),c.test(n.protocol))&&n.host===r.host&&l.activeElement===s&&(d.top.location.href=t.value))}},d.addEventListener("message",d.wp.receiveEmbedMessage,!1),l.addEventListener("DOMContentLoaded",function(){for(var e,t,s=l.querySelectorAll("iframe.wp-embedded-content"),r=0;r<s.length;r++)(t=(e=s[r]).getAttribute("data-secret"))||(t=Math.random().toString(36).substring(2,12),e.src+="#?secret="+t,e.setAttribute("data-secret",t)),e.contentWindow.postMessage({message:"ready",secret:t},"*")},!1)))}(window,document);
//# sourceURL=https://www.entreculturas.org/wp-includes/js/wp-embed.min.js
</script>

La ilusión y las ganas de hacer voluntariado es algo que me acompaña desde hace bastantes años (supongo que haber estudiado en un cole jesuita ha tenido algo que ver, pues es una oportunidad constante de vivir experiencias a nivel pastoral y humano). En mi casa, cuando era adolescente y llegaba con la idea de irme a otro país para hacer voluntariado, rápidamente me insistían en la importancia de empezar ayudando primero al de al lado. Durante mucho tiempo me esforcé en hacerlo, pero llega un momento en el que necesitas más. Quieres conocer otras realidades y ver más allá de tu barrio, ciudad, país… Salir de tu zona de confort. Ponerle sentimiento y nombre a todas esas caras, historias y proyectos de los que nos cuentan muchas cosas y en los que nos involucramos en la distancia, sin empaparnos… Este momento llegó para mí gracias a Entreculturas y su [&hellip;]
