{"version":"1.0","provider_name":"Entreculturas","provider_url":"https:\/\/www.entreculturas.org\/en\/","title":"Marco Antonio Lemus - RSJ - Fe y Alegr\u00eda, Guatemala","type":"rich","width":600,"height":338,"html":"<blockquote class=\"wp-embedded-content\" data-secret=\"GowBqsC8OG\"><a href=\"https:\/\/www.entreculturas.org\/en\/noticia\/marco-antonio-lemus-rsj-fe-y-alegria-guatemala\/\">Marco Antonio Lemus &#8211; RSJ &#8211;  Fe y Alegr\u00eda, Guatemala<\/a><\/blockquote><iframe sandbox=\"allow-scripts\" security=\"restricted\" src=\"https:\/\/www.entreculturas.org\/en\/noticia\/marco-antonio-lemus-rsj-fe-y-alegria-guatemala\/embed\/#?secret=GowBqsC8OG\" width=\"600\" height=\"338\" title=\"&#8220;Marco Antonio Lemus &#8211; RSJ &#8211;  Fe y Alegr\u00eda, Guatemala&#8221; &#8212; Entreculturas\" data-secret=\"GowBqsC8OG\" frameborder=\"0\" marginwidth=\"0\" marginheight=\"0\" scrolling=\"no\" class=\"wp-embedded-content\"><\/iframe><script>\n\/*! This file is auto-generated *\/\n!function(d,l){\"use strict\";l.querySelector&&d.addEventListener&&\"undefined\"!=typeof URL&&(d.wp=d.wp||{},d.wp.receiveEmbedMessage||(d.wp.receiveEmbedMessage=function(e){var t=e.data;if((t||t.secret||t.message||t.value)&&!\/[^a-zA-Z0-9]\/.test(t.secret)){for(var s,r,n,a=l.querySelectorAll('iframe[data-secret=\"'+t.secret+'\"]'),o=l.querySelectorAll('blockquote[data-secret=\"'+t.secret+'\"]'),c=new RegExp(\"^https?:$\",\"i\"),i=0;i<o.length;i++)o[i].style.display=\"none\";for(i=0;i<a.length;i++)s=a[i],e.source===s.contentWindow&&(s.removeAttribute(\"style\"),\"height\"===t.message?(1e3<(r=parseInt(t.value,10))?r=1e3:~~r<200&&(r=200),s.height=r):\"link\"===t.message&&(r=new URL(s.getAttribute(\"src\")),n=new URL(t.value),c.test(n.protocol))&&n.host===r.host&&l.activeElement===s&&(d.top.location.href=t.value))}},d.addEventListener(\"message\",d.wp.receiveEmbedMessage,!1),l.addEventListener(\"DOMContentLoaded\",function(){for(var e,t,s=l.querySelectorAll(\"iframe.wp-embedded-content\"),r=0;r<s.length;r++)(t=(e=s[r]).getAttribute(\"data-secret\"))||(t=Math.random().toString(36).substring(2,12),e.src+=\"#?secret=\"+t,e.setAttribute(\"data-secret\",t)),e.contentWindow.postMessage({message:\"ready\",secret:t},\"*\")},!1)))}(window,document);\n\/\/# sourceURL=https:\/\/www.entreculturas.org\/wp-includes\/js\/wp-embed.min.js\n<\/script>\n","thumbnail_url":"https:\/\/www.entreculturas.org\/wp-content\/uploads\/2023\/12\/marco_antonio_lemus_baja-e1726830873515.jpg","thumbnail_width":500,"thumbnail_height":202,"description":"Hola, mi nombre es&nbsp;Marco Antonio Lemus Rivera tengo 30 a\u00f1os de edad, soy educador de Fe y Alegr\u00eda en Guatemala espec\u00edficamente en la comunidad educativa No. 10 de Jocot\u00e1n, Chiquimula y&nbsp; en mis espacios libres me encanta hacer ejercicio f\u00edsico, hacer zumba, jugar voleibol y caminar por lugares en donde se aprecie la naturaleza;&nbsp;en conclusi\u00f3n soy una persona que le gusta estar en movimiento. Actualmente acompa\u00f1o al Protagonismo Juvenil Organizado (PJO) de mi centro educativo y he tenido muchas experiencias gratificantes al frente de esta organizaci\u00f3n juvenil, hemos construido muchas ideas en equipo y las hemos puesto en marcha. Tambi\u00e9n pertenezco a la red de comunicadores de la Red Generaci\u00f3n 21+ y en donde hemos estado activando para transmitir muchos mensajes de esperanza y de concientizaci\u00f3n con temas de inter\u00e9s global.&nbsp;El COVID-19 sorprendi\u00f3 al mundo entero y evidentemente pocas semanas despues de celebrar un Encuentro Global m\u00e1s. Con todo que [&hellip;]"}

Marco Antonio Lemus - RSJ - Fe y Alegría, Guatemala

<blockquote class="wp-embedded-content" data-secret="GowBqsC8OG"><a href="https://www.entreculturas.org/en/noticia/marco-antonio-lemus-rsj-fe-y-alegria-guatemala/">Marco Antonio Lemus &#8211; RSJ &#8211;  Fe y Alegría, Guatemala</a></blockquote><iframe sandbox="allow-scripts" security="restricted" src="https://www.entreculturas.org/en/noticia/marco-antonio-lemus-rsj-fe-y-alegria-guatemala/embed/#?secret=GowBqsC8OG" width="600" height="338" title="&#8220;Marco Antonio Lemus &#8211; RSJ &#8211;  Fe y Alegría, Guatemala&#8221; &#8212; Entreculturas" data-secret="GowBqsC8OG" frameborder="0" marginwidth="0" marginheight="0" scrolling="no" class="wp-embedded-content"></iframe><script>
/*! This file is auto-generated */
!function(d,l){"use strict";l.querySelector&&d.addEventListener&&"undefined"!=typeof URL&&(d.wp=d.wp||{},d.wp.receiveEmbedMessage||(d.wp.receiveEmbedMessage=function(e){var t=e.data;if((t||t.secret||t.message||t.value)&&!/[^a-zA-Z0-9]/.test(t.secret)){for(var s,r,n,a=l.querySelectorAll('iframe[data-secret="'+t.secret+'"]'),o=l.querySelectorAll('blockquote[data-secret="'+t.secret+'"]'),c=new RegExp("^https?:$","i"),i=0;i<o.length;i++)o[i].style.display="none";for(i=0;i<a.length;i++)s=a[i],e.source===s.contentWindow&&(s.removeAttribute("style"),"height"===t.message?(1e3<(r=parseInt(t.value,10))?r=1e3:~~r<200&&(r=200),s.height=r):"link"===t.message&&(r=new URL(s.getAttribute("src")),n=new URL(t.value),c.test(n.protocol))&&n.host===r.host&&l.activeElement===s&&(d.top.location.href=t.value))}},d.addEventListener("message",d.wp.receiveEmbedMessage,!1),l.addEventListener("DOMContentLoaded",function(){for(var e,t,s=l.querySelectorAll("iframe.wp-embedded-content"),r=0;r<s.length;r++)(t=(e=s[r]).getAttribute("data-secret"))||(t=Math.random().toString(36).substring(2,12),e.src+="#?secret="+t,e.setAttribute("data-secret",t)),e.contentWindow.postMessage({message:"ready",secret:t},"*")},!1)))}(window,document);
//# sourceURL=https://www.entreculturas.org/wp-includes/js/wp-embed.min.js
</script>

Hola, mi nombre es&nbsp;Marco Antonio Lemus Rivera tengo 30 años de edad, soy educador de Fe y Alegría en Guatemala específicamente en la comunidad educativa No. 10 de Jocotán, Chiquimula y&nbsp; en mis espacios libres me encanta hacer ejercicio físico, hacer zumba, jugar voleibol y caminar por lugares en donde se aprecie la naturaleza;&nbsp;en conclusión soy una persona que le gusta estar en movimiento. Actualmente acompaño al Protagonismo Juvenil Organizado (PJO) de mi centro educativo y he tenido muchas experiencias gratificantes al frente de esta organización juvenil, hemos construido muchas ideas en equipo y las hemos puesto en marcha. También pertenezco a la red de comunicadores de la Red Generación 21+ y en donde hemos estado activando para transmitir muchos mensajes de esperanza y de concientización con temas de interés global.&nbsp;El COVID-19 sorprendió al mundo entero y evidentemente pocas semanas despues de celebrar un Encuentro Global más. Con todo que [&hellip;]
