{"version":"1.0","provider_name":"Entreculturas","provider_url":"https:\/\/www.entreculturas.org\/en\/","title":"La migraci\u00f3n, \u00fanica opci\u00f3n para preservar la vida","type":"rich","width":600,"height":338,"html":"<blockquote class=\"wp-embedded-content\" data-secret=\"8WtRSCuqaL\"><a href=\"https:\/\/www.entreculturas.org\/en\/noticia\/la-migracion-unica-opcion-para-preservar-la-vida\/\">La migraci\u00f3n, \u00fanica opci\u00f3n para preservar la vida<\/a><\/blockquote><iframe sandbox=\"allow-scripts\" security=\"restricted\" src=\"https:\/\/www.entreculturas.org\/en\/noticia\/la-migracion-unica-opcion-para-preservar-la-vida\/embed\/#?secret=8WtRSCuqaL\" width=\"600\" height=\"338\" title=\"&#8220;La migraci\u00f3n, \u00fanica opci\u00f3n para preservar la vida&#8221; &#8212; Entreculturas\" data-secret=\"8WtRSCuqaL\" frameborder=\"0\" marginwidth=\"0\" marginheight=\"0\" scrolling=\"no\" class=\"wp-embedded-content\"><\/iframe><script>\n\/*! This file is auto-generated *\/\n!function(d,l){\"use strict\";l.querySelector&&d.addEventListener&&\"undefined\"!=typeof URL&&(d.wp=d.wp||{},d.wp.receiveEmbedMessage||(d.wp.receiveEmbedMessage=function(e){var t=e.data;if((t||t.secret||t.message||t.value)&&!\/[^a-zA-Z0-9]\/.test(t.secret)){for(var s,r,n,a=l.querySelectorAll('iframe[data-secret=\"'+t.secret+'\"]'),o=l.querySelectorAll('blockquote[data-secret=\"'+t.secret+'\"]'),c=new RegExp(\"^https?:$\",\"i\"),i=0;i<o.length;i++)o[i].style.display=\"none\";for(i=0;i<a.length;i++)s=a[i],e.source===s.contentWindow&&(s.removeAttribute(\"style\"),\"height\"===t.message?(1e3<(r=parseInt(t.value,10))?r=1e3:~~r<200&&(r=200),s.height=r):\"link\"===t.message&&(r=new URL(s.getAttribute(\"src\")),n=new URL(t.value),c.test(n.protocol))&&n.host===r.host&&l.activeElement===s&&(d.top.location.href=t.value))}},d.addEventListener(\"message\",d.wp.receiveEmbedMessage,!1),l.addEventListener(\"DOMContentLoaded\",function(){for(var e,t,s=l.querySelectorAll(\"iframe.wp-embedded-content\"),r=0;r<s.length;r++)(t=(e=s[r]).getAttribute(\"data-secret\"))||(t=Math.random().toString(36).substring(2,12),e.src+=\"#?secret=\"+t,e.setAttribute(\"data-secret\",t)),e.contentWindow.postMessage({message:\"ready\",secret:t},\"*\")},!1)))}(window,document);\n\/\/# sourceURL=https:\/\/www.entreculturas.org\/wp-includes\/js\/wp-embed.min.js\n<\/script>\n","thumbnail_url":"https:\/\/www.entreculturas.org\/wp-content\/uploads\/2019\/12\/mg_3927.jpg","thumbnail_width":800,"thumbnail_height":488,"description":"Con motivo del D\u00eda Internacional de las Personas Migrantes, Entreculturas ha puesto el foco en las migraciones Centroamericanas, y m\u00e1s concretamente en M\u00e9xico, presentado el informe \u201cNuevos rostros, mismas din\u00e1micas. Procesos migratorios en M\u00e9xico\u201d con los datos recogidos por la Red de Documentaci\u00f3n de las Organizaciones Defensoras de Migrantes (REDODEM). Una red integrada por 23 albergues, casas, estancias, comedores y organizaciones distribuidas en 13 estados de la Rep\u00fablica Mexicana."}

La migración, única opción para preservar la vida

<blockquote class="wp-embedded-content" data-secret="8WtRSCuqaL"><a href="https://www.entreculturas.org/en/noticia/la-migracion-unica-opcion-para-preservar-la-vida/">La migración, única opción para preservar la vida</a></blockquote><iframe sandbox="allow-scripts" security="restricted" src="https://www.entreculturas.org/en/noticia/la-migracion-unica-opcion-para-preservar-la-vida/embed/#?secret=8WtRSCuqaL" width="600" height="338" title="&#8220;La migración, única opción para preservar la vida&#8221; &#8212; Entreculturas" data-secret="8WtRSCuqaL" frameborder="0" marginwidth="0" marginheight="0" scrolling="no" class="wp-embedded-content"></iframe><script>
/*! This file is auto-generated */
!function(d,l){"use strict";l.querySelector&&d.addEventListener&&"undefined"!=typeof URL&&(d.wp=d.wp||{},d.wp.receiveEmbedMessage||(d.wp.receiveEmbedMessage=function(e){var t=e.data;if((t||t.secret||t.message||t.value)&&!/[^a-zA-Z0-9]/.test(t.secret)){for(var s,r,n,a=l.querySelectorAll('iframe[data-secret="'+t.secret+'"]'),o=l.querySelectorAll('blockquote[data-secret="'+t.secret+'"]'),c=new RegExp("^https?:$","i"),i=0;i<o.length;i++)o[i].style.display="none";for(i=0;i<a.length;i++)s=a[i],e.source===s.contentWindow&&(s.removeAttribute("style"),"height"===t.message?(1e3<(r=parseInt(t.value,10))?r=1e3:~~r<200&&(r=200),s.height=r):"link"===t.message&&(r=new URL(s.getAttribute("src")),n=new URL(t.value),c.test(n.protocol))&&n.host===r.host&&l.activeElement===s&&(d.top.location.href=t.value))}},d.addEventListener("message",d.wp.receiveEmbedMessage,!1),l.addEventListener("DOMContentLoaded",function(){for(var e,t,s=l.querySelectorAll("iframe.wp-embedded-content"),r=0;r<s.length;r++)(t=(e=s[r]).getAttribute("data-secret"))||(t=Math.random().toString(36).substring(2,12),e.src+="#?secret="+t,e.setAttribute("data-secret",t)),e.contentWindow.postMessage({message:"ready",secret:t},"*")},!1)))}(window,document);
//# sourceURL=https://www.entreculturas.org/wp-includes/js/wp-embed.min.js
</script>

Con motivo del Día Internacional de las Personas Migrantes, Entreculturas ha puesto el foco en las migraciones Centroamericanas, y más concretamente en México, presentado el informe “Nuevos rostros, mismas dinámicas. Procesos migratorios en México” con los datos recogidos por la Red de Documentación de las Organizaciones Defensoras de Migrantes (REDODEM). Una red integrada por 23 albergues, casas, estancias, comedores y organizaciones distribuidas en 13 estados de la República Mexicana.
