{"version":"1.0","provider_name":"Entreculturas","provider_url":"https:\/\/www.entreculturas.org\/en\/","title":"\"Del Estallido social a la crisis sanitaria\" - Marta Soto, VOLPA en Chile","type":"rich","width":600,"height":338,"html":"<blockquote class=\"wp-embedded-content\" data-secret=\"n0HCZKCL7x\"><a href=\"https:\/\/www.entreculturas.org\/en\/noticia\/del-estallido-social-la-crisis-sanitaria-marta-soto\/\">&#8220;Del Estallido social a la crisis sanitaria&#8221; &#8211; Marta Soto, VOLPA en Chile<\/a><\/blockquote><iframe sandbox=\"allow-scripts\" security=\"restricted\" src=\"https:\/\/www.entreculturas.org\/en\/noticia\/del-estallido-social-la-crisis-sanitaria-marta-soto\/embed\/#?secret=n0HCZKCL7x\" width=\"600\" height=\"338\" title=\"&#8220;&#8220;Del Estallido social a la crisis sanitaria&#8221; &#8211; Marta Soto, VOLPA en Chile&#8221; &#8212; Entreculturas\" data-secret=\"n0HCZKCL7x\" frameborder=\"0\" marginwidth=\"0\" marginheight=\"0\" scrolling=\"no\" class=\"wp-embedded-content\"><\/iframe><script>\n\/*! This file is auto-generated *\/\n!function(d,l){\"use strict\";l.querySelector&&d.addEventListener&&\"undefined\"!=typeof URL&&(d.wp=d.wp||{},d.wp.receiveEmbedMessage||(d.wp.receiveEmbedMessage=function(e){var t=e.data;if((t||t.secret||t.message||t.value)&&!\/[^a-zA-Z0-9]\/.test(t.secret)){for(var s,r,n,a=l.querySelectorAll('iframe[data-secret=\"'+t.secret+'\"]'),o=l.querySelectorAll('blockquote[data-secret=\"'+t.secret+'\"]'),c=new RegExp(\"^https?:$\",\"i\"),i=0;i<o.length;i++)o[i].style.display=\"none\";for(i=0;i<a.length;i++)s=a[i],e.source===s.contentWindow&&(s.removeAttribute(\"style\"),\"height\"===t.message?(1e3<(r=parseInt(t.value,10))?r=1e3:~~r<200&&(r=200),s.height=r):\"link\"===t.message&&(r=new URL(s.getAttribute(\"src\")),n=new URL(t.value),c.test(n.protocol))&&n.host===r.host&&l.activeElement===s&&(d.top.location.href=t.value))}},d.addEventListener(\"message\",d.wp.receiveEmbedMessage,!1),l.addEventListener(\"DOMContentLoaded\",function(){for(var e,t,s=l.querySelectorAll(\"iframe.wp-embedded-content\"),r=0;r<s.length;r++)(t=(e=s[r]).getAttribute(\"data-secret\"))||(t=Math.random().toString(36).substring(2,12),e.src+=\"#?secret=\"+t,e.setAttribute(\"data-secret\",t)),e.contentWindow.postMessage({message:\"ready\",secret:t},\"*\")},!1)))}(window,document);\n\/\/# sourceURL=https:\/\/www.entreculturas.org\/wp-includes\/js\/wp-embed.min.js\n<\/script>\n","thumbnail_url":"https:\/\/www.entreculturas.org\/wp-content\/uploads\/2023\/12\/marta_0.jpg","thumbnail_width":1000,"thumbnail_height":667,"description":"Llegu\u00e9 a Chile un 23 de octubre, cuatro d\u00edas despu\u00e9s del \u201cEstallido social\u201d, con toque de queda, un pa\u00eds paralizado y el pueblo en la calle. Hoy, seis meses despu\u00e9s de aquello y tras un mes y medio de cuarentena, con un toque de queda, un mundo paralizado y con la humanidad en sus casas, voy a intentar contar mi experiencia de voluntariado VOLPA. Perd\u00f3n, no me present\u00e9, la verdad que esta experiencia no ha sido muy lineal, por lo que supongo que el relato tampoco pod\u00eda serlo. Me llamo Marta Soto Hortet, me encuentro en Arica, norte de Chile, realizando un voluntariado en el SJM (Servicio Jesuita a Migrantes), trabajo como apoyo en el \u00e1rea social y en el \u00e1rea de educaci\u00f3n y sensibilizaci\u00f3n. Lo primero que podr\u00eda decir de estos meses es que no me imaginaba que mi a\u00f1o VOLPA empezar\u00eda con una crisis social y mucho menos [&hellip;]"}

Llegué a Chile un 23 de octubre, cuatro días después del “Estallido social”, con toque de queda, un país paralizado y el pueblo en la calle. Hoy, seis meses después de aquello y tras un mes y medio de cuarentena, con un toque de queda, un mundo paralizado y con la humanidad en sus casas, voy a intentar contar mi experiencia de voluntariado VOLPA. Perdón, no me presenté, la verdad que esta experiencia no ha sido muy lineal, por lo que supongo que el relato tampoco podía serlo. Me llamo Marta Soto Hortet, me encuentro en Arica, norte de Chile, realizando un voluntariado en el SJM (Servicio Jesuita a Migrantes), trabajo como apoyo en el área social y en el área de educación y sensibilización. Lo primero que podría decir de estos meses es que no me imaginaba que mi año VOLPA empezaría con una crisis social y mucho menos [&hellip;]
