{"version":"1.0","provider_name":"Entreculturas","provider_url":"https:\/\/www.entreculturas.org\/en\/","title":"Clara Mozas - VOLPA en la DDM de Nador","type":"rich","width":600,"height":338,"html":"<blockquote class=\"wp-embedded-content\" data-secret=\"8jVZmh9FEa\"><a href=\"https:\/\/www.entreculturas.org\/en\/noticia\/clara-mozas-volpa-en-la-ddm-de-nador\/\">Clara Mozas &#8211; VOLPA en la DDM de Nador<\/a><\/blockquote><iframe sandbox=\"allow-scripts\" security=\"restricted\" src=\"https:\/\/www.entreculturas.org\/en\/noticia\/clara-mozas-volpa-en-la-ddm-de-nador\/embed\/#?secret=8jVZmh9FEa\" width=\"600\" height=\"338\" title=\"&#8220;Clara Mozas &#8211; VOLPA en la DDM de Nador&#8221; &#8212; Entreculturas\" data-secret=\"8jVZmh9FEa\" frameborder=\"0\" marginwidth=\"0\" marginheight=\"0\" scrolling=\"no\" class=\"wp-embedded-content\"><\/iframe><script>\n\/*! This file is auto-generated *\/\n!function(d,l){\"use strict\";l.querySelector&&d.addEventListener&&\"undefined\"!=typeof URL&&(d.wp=d.wp||{},d.wp.receiveEmbedMessage||(d.wp.receiveEmbedMessage=function(e){var t=e.data;if((t||t.secret||t.message||t.value)&&!\/[^a-zA-Z0-9]\/.test(t.secret)){for(var s,r,n,a=l.querySelectorAll('iframe[data-secret=\"'+t.secret+'\"]'),o=l.querySelectorAll('blockquote[data-secret=\"'+t.secret+'\"]'),c=new RegExp(\"^https?:$\",\"i\"),i=0;i<o.length;i++)o[i].style.display=\"none\";for(i=0;i<a.length;i++)s=a[i],e.source===s.contentWindow&&(s.removeAttribute(\"style\"),\"height\"===t.message?(1e3<(r=parseInt(t.value,10))?r=1e3:~~r<200&&(r=200),s.height=r):\"link\"===t.message&&(r=new URL(s.getAttribute(\"src\")),n=new URL(t.value),c.test(n.protocol))&&n.host===r.host&&l.activeElement===s&&(d.top.location.href=t.value))}},d.addEventListener(\"message\",d.wp.receiveEmbedMessage,!1),l.addEventListener(\"DOMContentLoaded\",function(){for(var e,t,s=l.querySelectorAll(\"iframe.wp-embedded-content\"),r=0;r<s.length;r++)(t=(e=s[r]).getAttribute(\"data-secret\"))||(t=Math.random().toString(36).substring(2,12),e.src+=\"#?secret=\"+t,e.setAttribute(\"data-secret\",t)),e.contentWindow.postMessage({message:\"ready\",secret:t},\"*\")},!1)))}(window,document);\n\/\/# sourceURL=https:\/\/www.entreculturas.org\/wp-includes\/js\/wp-embed.min.js\n<\/script>\n","thumbnail_url":"https:\/\/www.entreculturas.org\/wp-content\/uploads\/2023\/12\/clara_mozas-_somos-3_0.jpg","thumbnail_width":500,"thumbnail_height":667,"description":"Clara Mozas tiene 28 a\u00f1os, es trabajadora social y estudi\u00f3 un m\u00e1ster en Cooperaci\u00f3n para el Desarrollo. Durante su trayectoria como trabajadora social ha trabajado con personas &nbsp;migrantes y solicitantes de protecci\u00f3n internacional en Valladolid y Segovia. Tambi\u00e9n tiene experiencia en gesti\u00f3n de proyectos. Le gusta hacer cer\u00e1mica y restaurar muebles, otro de sus hobbys es el teatro ligado a fines sociales como a intervenci\u00f3n con personas o la incidencia social. Desde finales de junio de este a\u00f1o es VOLPA en la Delegaci\u00f3n Diocesana de Migraciones de Nador.&nbsp; \u00bfC\u00f3mo conociste Entreculturas?Conoc\u00eda Entreculturas como organizaci\u00f3n internacional y sab\u00eda que ten\u00edan una sede en Valladolid, pero no hab\u00eda profundizado en sus l\u00edneas de trabajo. En Valladolid comparten sede con \u201cCalor y caf\u00e9\u201d, conoc\u00eda el local pero no conoc\u00eda el trabajo. A ra\u00edz de conocer VOLPA, estuve buscando m\u00e1s informaci\u00f3n sobre la intervenci\u00f3n tanto en terreno como incidencia desde un punto de vista [&hellip;]"}

Clara Mozas tiene 28 años, es trabajadora social y estudió un máster en Cooperación para el Desarrollo. Durante su trayectoria como trabajadora social ha trabajado con personas &nbsp;migrantes y solicitantes de protección internacional en Valladolid y Segovia. También tiene experiencia en gestión de proyectos. Le gusta hacer cerámica y restaurar muebles, otro de sus hobbys es el teatro ligado a fines sociales como a intervención con personas o la incidencia social. Desde finales de junio de este año es VOLPA en la Delegación Diocesana de Migraciones de Nador.&nbsp; ¿Cómo conociste Entreculturas?Conocía Entreculturas como organización internacional y sabía que tenían una sede en Valladolid, pero no había profundizado en sus líneas de trabajo. En Valladolid comparten sede con “Calor y café”, conocía el local pero no conocía el trabajo. A raíz de conocer VOLPA, estuve buscando más información sobre la intervención tanto en terreno como incidencia desde un punto de vista [&hellip;]
