{"id":7241,"date":"2015-04-27T08:36:28","date_gmt":"2015-04-27T08:36:28","guid":{"rendered":"https:\/\/entreculturasi.wpenginepowered.com\/?publicaciones=educaci-n-motor-de-derechos-humanos"},"modified":"2024-03-20T14:24:13","modified_gmt":"2024-03-20T13:24:13","slug":"educaci-n-motor-de-derechos-humanos","status":"publish","type":"publicacion","link":"https:\/\/www.entreculturas.org\/ca\/publicacion\/educaci-n-motor-de-derechos-humanos\/","title":{"rendered":"Educaci\u00f3n, motor de Derechos Humanos"},"content":{"rendered":"<p>Material formativo que nos habla de la educaci\u00f3n, no solo como un derecho fundamental recogido en la Declaraci\u00f3n Universal de Derechos Humanos, sino que adem\u00e1s tiene un papel destacado como promotora de los dem\u00e1s derechos. Por otra parte, garantizar el derecho a una educaci\u00f3n de calidad es imprescindible para lograr una sociedad enraizada en el respeto a la dignidad humana.&nbsp;<\/p>\n<p>Palabras clave: Educaci\u00f3n, Derechos Humanos, Aulas que cambian el mundo.&nbsp;<\/p>\n\n\n<div class=\"wp-block-buttons is-layout-flex wp-block-buttons-is-layout-flex\">\n<div class=\"wp-block-button\"><a class=\"wp-block-button__link wp-element-button\" href=\"https:\/\/www.entreculturas.org\/wp-content\/uploads\/2015\/05\/educacion_motor_de_derechos_humanos.pdf\" target=\"_blank\" rel=\"noreferrer noopener\">descargar<\/a><\/div>\n<\/div>\n","protected":false},"excerpt":{"rendered":"<p>Material formativo que nos habla de la educaci\u00f3n, no solo como un derecho fundamental recogido en la Declaraci\u00f3n Universal de Derechos Humanos, sino que adem\u00e1s tiene un papel destacado como promotora de los dem\u00e1s derechos. Por otra parte, garantizar el derecho a una educaci\u00f3n de calidad es imprescindible para lograr una sociedad enraizada en el respeto a la dignidad humana.&nbsp; Palabras clave: Educaci\u00f3n, Derechos Humanos, Aulas que cambian el mundo.&nbsp;<\/p>\n","protected":false},"featured_media":1452,"template":"","format":[115],"categories":[12],"tags":[289],"cause":[128],"class_list":["post-7241","publicacion","type-publicacion","status-publish","has-post-thumbnail","hentry","category-recursos-educativos","tag-educacion","cause-educacion","format-recursos-educativos"],"acf":[],"yoast_head":"<!-- This site is optimized with the Yoast SEO Premium plugin v21.6 (Yoast SEO v27.5) - https:\/\/yoast.com\/product\/yoast-seo-premium-wordpress\/ -->\n<title>Educaci\u00f3n, motor de Derechos Humanos - Entreculturas<\/title>\n<meta name=\"robots\" content=\"index, follow, max-snippet:-1, max-image-preview:large, max-video-preview:-1\" \/>\n<link rel=\"canonical\" href=\"https:\/\/www.entreculturas.org\/ca\/publicacion\/educaci-n-motor-de-derechos-humanos\/\" \/>\n<meta property=\"og:locale\" content=\"ca_ES\" \/>\n<meta property=\"og:type\" content=\"article\" \/>\n<meta property=\"og:title\" content=\"Educaci\u00f3n, motor de Derechos Humanos\" \/>\n<meta property=\"og:description\" content=\"Material formativo que nos habla de la educaci\u00f3n, no solo como un derecho fundamental recogido en la Declaraci\u00f3n Universal de Derechos Humanos, sino que adem\u00e1s tiene un papel destacado como promotora de los dem\u00e1s derechos. Por otra parte, garantizar el derecho a una educaci\u00f3n de calidad es imprescindible para lograr una sociedad enraizada en el respeto a la dignidad humana.&nbsp; Palabras clave: Educaci\u00f3n, Derechos Humanos, Aulas que cambian el mundo.&nbsp;\" \/>\n<meta property=\"og:url\" content=\"https:\/\/www.entreculturas.org\/ca\/publicacion\/educaci-n-motor-de-derechos-humanos\/\" \/>\n<meta property=\"og:site_name\" content=\"Entreculturas\" \/>\n<meta property=\"article:publisher\" content=\"https:\/\/www.facebook.com\/entreculturas\" \/>\n<meta property=\"article:modified_time\" content=\"2024-03-20T13:24:13+00:00\" \/>\n<meta name=\"twitter:card\" content=\"summary_large_image\" \/>\n<meta name=\"twitter:site\" content=\"@Entreculturas\" \/>\n<script type=\"application\/ld+json\" class=\"yoast-schema-graph\">{\"@context\":\"https:\\\/\\\/schema.org\",\"@graph\":[{\"@type\":\"WebPage\",\"@id\":\"https:\\\/\\\/www.entreculturas.org\\\/ca\\\/publicacion\\\/educaci-n-motor-de-derechos-humanos\\\/\",\"url\":\"https:\\\/\\\/www.entreculturas.org\\\/ca\\\/publicacion\\\/educaci-n-motor-de-derechos-humanos\\\/\",\"name\":\"Educaci\u00f3n, motor de Derechos Humanos - Entreculturas\",\"isPartOf\":{\"@id\":\"https:\\\/\\\/www.entreculturas.org\\\/ca\\\/#website\"},\"primaryImageOfPage\":{\"@id\":\"https:\\\/\\\/www.entreculturas.org\\\/ca\\\/publicacion\\\/educaci-n-motor-de-derechos-humanos\\\/#primaryimage\"},\"image\":{\"@id\":\"https:\\\/\\\/www.entreculturas.org\\\/ca\\\/publicacion\\\/educaci-n-motor-de-derechos-humanos\\\/#primaryimage\"},\"thumbnailUrl\":\"\",\"datePublished\":\"2015-04-27T08:36:28+00:00\",\"dateModified\":\"2024-03-20T13:24:13+00:00\",\"breadcrumb\":{\"@id\":\"https:\\\/\\\/www.entreculturas.org\\\/ca\\\/publicacion\\\/educaci-n-motor-de-derechos-humanos\\\/#breadcrumb\"},\"inLanguage\":\"ca\",\"potentialAction\":[{\"@type\":\"ReadAction\",\"target\":[\"https:\\\/\\\/www.entreculturas.org\\\/ca\\\/publicacion\\\/educaci-n-motor-de-derechos-humanos\\\/\"]}]},{\"@type\":\"ImageObject\",\"inLanguage\":\"ca\",\"@id\":\"https:\\\/\\\/www.entreculturas.org\\\/ca\\\/publicacion\\\/educaci-n-motor-de-derechos-humanos\\\/#primaryimage\",\"url\":\"\",\"contentUrl\":\"\"},{\"@type\":\"BreadcrumbList\",\"@id\":\"https:\\\/\\\/www.entreculturas.org\\\/ca\\\/publicacion\\\/educaci-n-motor-de-derechos-humanos\\\/#breadcrumb\",\"itemListElement\":[{\"@type\":\"ListItem\",\"position\":1,\"name\":\"Home\",\"item\":\"https:\\\/\\\/www.entreculturas.org\\\/ca\\\/\"},{\"@type\":\"ListItem\",\"position\":2,\"name\":\"Publicaciones\",\"item\":\"https:\\\/\\\/www.entreculturas.org\\\/ca\\\/publicaciones\\\/\"},{\"@type\":\"ListItem\",\"position\":3,\"name\":\"Educaci\u00f3n, motor de Derechos Humanos\"}]},{\"@type\":\"WebSite\",\"@id\":\"https:\\\/\\\/www.entreculturas.org\\\/ca\\\/#website\",\"url\":\"https:\\\/\\\/www.entreculturas.org\\\/ca\\\/\",\"name\":\"Entreculturas\",\"description\":\"\",\"publisher\":{\"@id\":\"https:\\\/\\\/www.entreculturas.org\\\/ca\\\/#organization\"},\"alternateName\":\"Entreculturas\",\"potentialAction\":[{\"@type\":\"SearchAction\",\"target\":{\"@type\":\"EntryPoint\",\"urlTemplate\":\"https:\\\/\\\/www.entreculturas.org\\\/ca\\\/?s={search_term_string}\"},\"query-input\":{\"@type\":\"PropertyValueSpecification\",\"valueRequired\":true,\"valueName\":\"search_term_string\"}}],\"inLanguage\":\"ca\"},{\"@type\":\"Organization\",\"@id\":\"https:\\\/\\\/www.entreculturas.org\\\/ca\\\/#organization\",\"name\":\"Entreculturas\",\"url\":\"https:\\\/\\\/www.entreculturas.org\\\/ca\\\/\",\"logo\":{\"@type\":\"ImageObject\",\"inLanguage\":\"ca\",\"@id\":\"https:\\\/\\\/www.entreculturas.org\\\/ca\\\/#\\\/schema\\\/logo\\\/image\\\/\",\"url\":\"https:\\\/\\\/www.entreculturas.org\\\/wp-content\\\/uploads\\\/2025\\\/10\\\/ESP.svg\",\"contentUrl\":\"https:\\\/\\\/www.entreculturas.org\\\/wp-content\\\/uploads\\\/2025\\\/10\\\/ESP.svg\",\"caption\":\"Entreculturas\"},\"image\":{\"@id\":\"https:\\\/\\\/www.entreculturas.org\\\/ca\\\/#\\\/schema\\\/logo\\\/image\\\/\"},\"sameAs\":[\"https:\\\/\\\/www.facebook.com\\\/entreculturas\",\"https:\\\/\\\/x.com\\\/Entreculturas\",\"https:\\\/\\\/www.instagram.com\\\/entreculturas\\\/\",\"https:\\\/\\\/www.youtube.com\\\/user\\\/entreculturasvideo\",\"https:\\\/\\\/www.linkedin.com\\\/company\\\/fundacion-entreculturas-ngdo\\\/\",\"https:\\\/\\\/www.flickr.com\\\/photos\\\/98455522@N04\\\/albums\\\/\"]}]}<\/script>\n<!-- \/ Yoast SEO Premium plugin. -->","yoast_head_json":{"title":"Educaci\u00f3n, motor de Derechos Humanos - Entreculturas","robots":{"index":"index","follow":"follow","max-snippet":"max-snippet:-1","max-image-preview":"max-image-preview:large","max-video-preview":"max-video-preview:-1"},"canonical":"https:\/\/www.entreculturas.org\/ca\/publicacion\/educaci-n-motor-de-derechos-humanos\/","og_locale":"ca_ES","og_type":"article","og_title":"Educaci\u00f3n, motor de Derechos Humanos","og_description":"Material formativo que nos habla de la educaci\u00f3n, no solo como un derecho fundamental recogido en la Declaraci\u00f3n Universal de Derechos Humanos, sino que adem\u00e1s tiene un papel destacado como promotora de los dem\u00e1s derechos. Por otra parte, garantizar el derecho a una educaci\u00f3n de calidad es imprescindible para lograr una sociedad enraizada en el respeto a la dignidad humana.&nbsp; Palabras clave: Educaci\u00f3n, Derechos Humanos, Aulas que cambian el mundo.&nbsp;","og_url":"https:\/\/www.entreculturas.org\/ca\/publicacion\/educaci-n-motor-de-derechos-humanos\/","og_site_name":"Entreculturas","article_publisher":"https:\/\/www.facebook.com\/entreculturas","article_modified_time":"2024-03-20T13:24:13+00:00","twitter_card":"summary_large_image","twitter_site":"@Entreculturas","schema":{"@context":"https:\/\/schema.org","@graph":[{"@type":"WebPage","@id":"https:\/\/www.entreculturas.org\/ca\/publicacion\/educaci-n-motor-de-derechos-humanos\/","url":"https:\/\/www.entreculturas.org\/ca\/publicacion\/educaci-n-motor-de-derechos-humanos\/","name":"Educaci\u00f3n, motor de Derechos Humanos - Entreculturas","isPartOf":{"@id":"https:\/\/www.entreculturas.org\/ca\/#website"},"primaryImageOfPage":{"@id":"https:\/\/www.entreculturas.org\/ca\/publicacion\/educaci-n-motor-de-derechos-humanos\/#primaryimage"},"image":{"@id":"https:\/\/www.entreculturas.org\/ca\/publicacion\/educaci-n-motor-de-derechos-humanos\/#primaryimage"},"thumbnailUrl":"","datePublished":"2015-04-27T08:36:28+00:00","dateModified":"2024-03-20T13:24:13+00:00","breadcrumb":{"@id":"https:\/\/www.entreculturas.org\/ca\/publicacion\/educaci-n-motor-de-derechos-humanos\/#breadcrumb"},"inLanguage":"ca","potentialAction":[{"@type":"ReadAction","target":["https:\/\/www.entreculturas.org\/ca\/publicacion\/educaci-n-motor-de-derechos-humanos\/"]}]},{"@type":"ImageObject","inLanguage":"ca","@id":"https:\/\/www.entreculturas.org\/ca\/publicacion\/educaci-n-motor-de-derechos-humanos\/#primaryimage","url":"","contentUrl":""},{"@type":"BreadcrumbList","@id":"https:\/\/www.entreculturas.org\/ca\/publicacion\/educaci-n-motor-de-derechos-humanos\/#breadcrumb","itemListElement":[{"@type":"ListItem","position":1,"name":"Home","item":"https:\/\/www.entreculturas.org\/ca\/"},{"@type":"ListItem","position":2,"name":"Publicaciones","item":"https:\/\/www.entreculturas.org\/ca\/publicaciones\/"},{"@type":"ListItem","position":3,"name":"Educaci\u00f3n, motor de Derechos Humanos"}]},{"@type":"WebSite","@id":"https:\/\/www.entreculturas.org\/ca\/#website","url":"https:\/\/www.entreculturas.org\/ca\/","name":"Entreculturas","description":"","publisher":{"@id":"https:\/\/www.entreculturas.org\/ca\/#organization"},"alternateName":"Entreculturas","potentialAction":[{"@type":"SearchAction","target":{"@type":"EntryPoint","urlTemplate":"https:\/\/www.entreculturas.org\/ca\/?s={search_term_string}"},"query-input":{"@type":"PropertyValueSpecification","valueRequired":true,"valueName":"search_term_string"}}],"inLanguage":"ca"},{"@type":"Organization","@id":"https:\/\/www.entreculturas.org\/ca\/#organization","name":"Entreculturas","url":"https:\/\/www.entreculturas.org\/ca\/","logo":{"@type":"ImageObject","inLanguage":"ca","@id":"https:\/\/www.entreculturas.org\/ca\/#\/schema\/logo\/image\/","url":"https:\/\/www.entreculturas.org\/wp-content\/uploads\/2025\/10\/ESP.svg","contentUrl":"https:\/\/www.entreculturas.org\/wp-content\/uploads\/2025\/10\/ESP.svg","caption":"Entreculturas"},"image":{"@id":"https:\/\/www.entreculturas.org\/ca\/#\/schema\/logo\/image\/"},"sameAs":["https:\/\/www.facebook.com\/entreculturas","https:\/\/x.com\/Entreculturas","https:\/\/www.instagram.com\/entreculturas\/","https:\/\/www.youtube.com\/user\/entreculturasvideo","https:\/\/www.linkedin.com\/company\/fundacion-entreculturas-ngdo\/","https:\/\/www.flickr.com\/photos\/98455522@N04\/albums\/"]}]}},"_links":{"self":[{"href":"https:\/\/www.entreculturas.org\/ca\/wp-json\/wp\/v2\/publicacion\/7241","targetHints":{"allow":["GET"]}}],"collection":[{"href":"https:\/\/www.entreculturas.org\/ca\/wp-json\/wp\/v2\/publicacion"}],"about":[{"href":"https:\/\/www.entreculturas.org\/ca\/wp-json\/wp\/v2\/types\/publicacion"}],"wp:featuredmedia":[{"embeddable":true,"href":"https:\/\/www.entreculturas.org\/ca\/wp-json\/"}],"wp:attachment":[{"href":"https:\/\/www.entreculturas.org\/ca\/wp-json\/wp\/v2\/media?parent=7241"}],"wp:term":[{"taxonomy":"category","embeddable":true,"href":"https:\/\/www.entreculturas.org\/ca\/wp-json\/wp\/v2\/categories?post=7241"},{"taxonomy":"post_tag","embeddable":true,"href":"https:\/\/www.entreculturas.org\/ca\/wp-json\/wp\/v2\/tags?post=7241"},{"taxonomy":"cause","embeddable":true,"href":"https:\/\/www.entreculturas.org\/ca\/wp-json\/wp\/v2\/cause?post=7241"},{"taxonomy":"format","embeddable":true,"href":"https:\/\/www.entreculturas.org\/ca\/wp-json\/wp\/v2\/format?post=7241"}],"curies":[{"name":"wp","href":"https:\/\/api.w.org\/{rel}","templated":true}]}}

Educación, motor de Derechos Humanos

<p>Material formativo que nos habla de la educación, no solo como un derecho fundamental recogido en la Declaración Universal de Derechos Humanos, sino que además tiene un papel destacado como promotora de los demás derechos. Por otra parte, garantizar el derecho a una educación de calidad es imprescindible para lograr una sociedad enraizada en el respeto a la dignidad humana.&nbsp;</p>
<p>Palabras clave: Educación, Derechos Humanos, Aulas que cambian el mundo.&nbsp;</p>


<div class="wp-block-buttons is-layout-flex wp-block-buttons-is-layout-flex">
<div class="wp-block-button"><a class="wp-block-button__link wp-element-button" href="https://www.entreculturas.org/wp-content/uploads/2015/05/educacion_motor_de_derechos_humanos.pdf" target="_blank" rel="noreferrer noopener">descargar</a></div>
</div>

<p>Material formativo que nos habla de la educación, no solo como un derecho fundamental recogido en la Declaración Universal de Derechos Humanos, sino que además tiene un papel destacado como promotora de los demás derechos. Por otra parte, garantizar el derecho a una educación de calidad es imprescindible para lograr una sociedad enraizada en el respeto a la dignidad humana.&nbsp; Palabras clave: Educación, Derechos Humanos, Aulas que cambian el mundo.&nbsp;</p>

<!-- This site is optimized with the Yoast SEO Premium plugin v21.6 (Yoast SEO v27.5) - https://yoast.com/product/yoast-seo-premium-wordpress/ -->
<title>Educación, motor de Derechos Humanos - Entreculturas</title>
<meta name="robots" content="index, follow, max-snippet:-1, max-image-preview:large, max-video-preview:-1" />
<link rel="canonical" href="https://www.entreculturas.org/ca/publicacion/educaci-n-motor-de-derechos-humanos/" />
<meta property="og:locale" content="ca_ES" />
<meta property="og:type" content="article" />
<meta property="og:title" content="Educación, motor de Derechos Humanos" />
<meta property="og:description" content="Material formativo que nos habla de la educación, no solo como un derecho fundamental recogido en la Declaración Universal de Derechos Humanos, sino que además tiene un papel destacado como promotora de los demás derechos. Por otra parte, garantizar el derecho a una educación de calidad es imprescindible para lograr una sociedad enraizada en el respeto a la dignidad humana.&nbsp; Palabras clave: Educación, Derechos Humanos, Aulas que cambian el mundo.&nbsp;" />
<meta property="og:url" content="https://www.entreculturas.org/ca/publicacion/educaci-n-motor-de-derechos-humanos/" />
<meta property="og:site_name" content="Entreculturas" />
<meta property="article:publisher" content="https://www.facebook.com/entreculturas" />
<meta property="article:modified_time" content="2024-03-20T13:24:13+00:00" />
<meta name="twitter:card" content="summary_large_image" />
<meta name="twitter:site" content="@Entreculturas" />
<script type="application/ld+json" class="yoast-schema-graph">{"@context":"https:\/\/schema.org","@graph":[{"@type":"WebPage","@id":"https:\/\/www.entreculturas.org\/ca\/publicacion\/educaci-n-motor-de-derechos-humanos\/","url":"https:\/\/www.entreculturas.org\/ca\/publicacion\/educaci-n-motor-de-derechos-humanos\/","name":"Educación, motor de Derechos Humanos - Entreculturas","isPartOf":{"@id":"https:\/\/www.entreculturas.org\/ca\/#website"},"primaryImageOfPage":{"@id":"https:\/\/www.entreculturas.org\/ca\/publicacion\/educaci-n-motor-de-derechos-humanos\/#primaryimage"},"image":{"@id":"https:\/\/www.entreculturas.org\/ca\/publicacion\/educaci-n-motor-de-derechos-humanos\/#primaryimage"},"thumbnailUrl":"","datePublished":"2015-04-27T08:36:28+00:00","dateModified":"2024-03-20T13:24:13+00:00","breadcrumb":{"@id":"https:\/\/www.entreculturas.org\/ca\/publicacion\/educaci-n-motor-de-derechos-humanos\/#breadcrumb"},"inLanguage":"ca","potentialAction":[{"@type":"ReadAction","target":["https:\/\/www.entreculturas.org\/ca\/publicacion\/educaci-n-motor-de-derechos-humanos\/"]}]},{"@type":"ImageObject","inLanguage":"ca","@id":"https:\/\/www.entreculturas.org\/ca\/publicacion\/educaci-n-motor-de-derechos-humanos\/#primaryimage","url":"","contentUrl":""},{"@type":"BreadcrumbList","@id":"https:\/\/www.entreculturas.org\/ca\/publicacion\/educaci-n-motor-de-derechos-humanos\/#breadcrumb","itemListElement":[{"@type":"ListItem","position":1,"name":"Home","item":"https:\/\/www.entreculturas.org\/ca\/"},{"@type":"ListItem","position":2,"name":"Publicaciones","item":"https:\/\/www.entreculturas.org\/ca\/publicaciones\/"},{"@type":"ListItem","position":3,"name":"Educación, motor de Derechos Humanos"}]},{"@type":"WebSite","@id":"https:\/\/www.entreculturas.org\/ca\/#website","url":"https:\/\/www.entreculturas.org\/ca\/","name":"Entreculturas","description":"","publisher":{"@id":"https:\/\/www.entreculturas.org\/ca\/#organization"},"alternateName":"Entreculturas","potentialAction":[{"@type":"SearchAction","target":{"@type":"EntryPoint","urlTemplate":"https:\/\/www.entreculturas.org\/ca\/?s={search_term_string}"},"query-input":{"@type":"PropertyValueSpecification","valueRequired":true,"valueName":"search_term_string"}}],"inLanguage":"ca"},{"@type":"Organization","@id":"https:\/\/www.entreculturas.org\/ca\/#organization","name":"Entreculturas","url":"https:\/\/www.entreculturas.org\/ca\/","logo":{"@type":"ImageObject","inLanguage":"ca","@id":"https:\/\/www.entreculturas.org\/ca\/#\/schema\/logo\/image\/","url":"https:\/\/www.entreculturas.org\/wp-content\/uploads\/2025\/10\/ESP.svg","contentUrl":"https:\/\/www.entreculturas.org\/wp-content\/uploads\/2025\/10\/ESP.svg","caption":"Entreculturas"},"image":{"@id":"https:\/\/www.entreculturas.org\/ca\/#\/schema\/logo\/image\/"},"sameAs":["https:\/\/www.facebook.com\/entreculturas","https:\/\/x.com\/Entreculturas","https:\/\/www.instagram.com\/entreculturas\/","https:\/\/www.youtube.com\/user\/entreculturasvideo","https:\/\/www.linkedin.com\/company\/fundacion-entreculturas-ngdo\/","https:\/\/www.flickr.com\/photos\/98455522@N04\/albums\/"]}]}</script>
<!-- / Yoast SEO Premium plugin. -->

Educación, motor de Derechos Humanos - Entreculturas

Material formativo que nos habla de la educación, no solo como un derecho fundamental recogido en la Declaración Universal de Derechos Humanos, sino que además tiene un papel destacado como promotora de los demás derechos. Por otra parte, garantizar el derecho a una educación de calidad es imprescindible para lograr una sociedad enraizada en el respeto a la dignidad humana.&nbsp; Palabras clave: Educación, Derechos Humanos, Aulas que cambian el mundo.&nbsp;
