{"id":1439,"date":"2014-11-18T11:51:17","date_gmt":"2014-11-18T11:51:17","guid":{"rendered":"https:\/\/entreculturasi.wpenginepowered.com\/?publicaciones=vidas-en-la-frontera-sur"},"modified":"2024-10-17T15:08:41","modified_gmt":"2024-10-17T13:08:41","slug":"vidas-en-la-frontera-sur","status":"publish","type":"publicacion","link":"https:\/\/www.entreculturas.org\/ca\/publicacion\/vidas-en-la-frontera-sur\/","title":{"rendered":"Vidas en la Frontera Sur"},"content":{"rendered":"\n<p>Una comisi\u00f3n formada por miembros del Servicio Jesuita a Migrantes-Espa\u00f1a (SJM-E) y del Servicio Jesuita a Refugiados-Europa (SJR-E) visit\u00f3 a comienzos de julio las ciudades de Melilla y Nador para reunirse con investigadores y entidades locales que trabajan en defensa de los Derechos Humanos con el objetivo de analizar la situaci\u00f3n migratoria en la zona fronteriza entre Espa\u00f1a y Marruecos.<\/p>\n\n\n\n<div style=\"height:10px\" aria-hidden=\"true\" class=\"wp-block-spacer\"><\/div>\n\n\n\n<p>Este informe recoge sus experiencias y conclusiones sobre la realidad del CETI de Melilla y las consecuencias del actual sistema de control fronterizo.<\/p>\n\n\n\n<div style=\"height:10px\" aria-hidden=\"true\" class=\"wp-block-spacer\"><\/div>\n\n\n\n<div class=\"wp-block-buttons is-layout-flex wp-block-buttons-is-layout-flex\">\n<div class=\"wp-block-button\"><a class=\"wp-block-button__link wp-element-button\" href=\"https:\/\/www.entreculturas.org\/wp-content\/uploads\/2015\/05\/vidasenlafronterasur.pdf\" target=\"_blank\" rel=\"noreferrer noopener\">descargar<\/a><\/div>\n<\/div>\n","protected":false},"excerpt":{"rendered":"<p>Una comisi\u00f3n formada por miembros del Servicio Jesuita a Migrantes-Espa\u00f1a (SJM-E) y del Servicio Jesuita a Refugiados-Europa (SJR-E) visit\u00f3 a comienzos de julio las ciudades de Melilla y Nador para reunirse con investigadores y entidades locales que trabajan en defensa de los Derechos Humanos con el objetivo de analizar la situaci\u00f3n migratoria en la zona fronteriza entre Espa\u00f1a y Marruecos. Este informe recoge sus experiencias y conclusiones sobre la realidad del CETI de Melilla y las consecuencias del actual sistema de control fronterizo.<\/p>\n","protected":false},"featured_media":7097,"template":"","format":[112],"categories":[18],"tags":[10],"cause":[129],"class_list":["post-1439","publicacion","type-publicacion","status-publish","has-post-thumbnail","hentry","category-estudios","tag-migracion-y-refugio","cause-migracion-y-refugio","format-estudios-e-informes"],"acf":[],"yoast_head":"<!-- This site is optimized with the Yoast SEO Premium plugin v21.6 (Yoast SEO v27.5) - https:\/\/yoast.com\/product\/yoast-seo-premium-wordpress\/ -->\n<title>Vidas en la Frontera Sur - Entreculturas<\/title>\n<meta name=\"robots\" content=\"index, follow, max-snippet:-1, max-image-preview:large, max-video-preview:-1\" \/>\n<link rel=\"canonical\" href=\"https:\/\/www.entreculturas.org\/ca\/publicacion\/vidas-en-la-frontera-sur\/\" \/>\n<meta property=\"og:locale\" content=\"ca_ES\" \/>\n<meta property=\"og:type\" content=\"article\" \/>\n<meta property=\"og:title\" content=\"Vidas en la Frontera Sur\" \/>\n<meta property=\"og:description\" content=\"Una comisi\u00f3n formada por miembros del Servicio Jesuita a Migrantes-Espa\u00f1a (SJM-E) y del Servicio Jesuita a Refugiados-Europa (SJR-E) visit\u00f3 a comienzos de julio las ciudades de Melilla y Nador para reunirse con investigadores y entidades locales que trabajan en defensa de los Derechos Humanos con el objetivo de analizar la situaci\u00f3n migratoria en la zona fronteriza entre Espa\u00f1a y Marruecos. Este informe recoge sus experiencias y conclusiones sobre la realidad del CETI de Melilla y las consecuencias del actual sistema de control fronterizo.\" \/>\n<meta property=\"og:url\" content=\"https:\/\/www.entreculturas.org\/ca\/publicacion\/vidas-en-la-frontera-sur\/\" \/>\n<meta property=\"og:site_name\" content=\"Entreculturas\" \/>\n<meta property=\"article:publisher\" content=\"https:\/\/www.facebook.com\/entreculturas\" \/>\n<meta property=\"article:modified_time\" content=\"2024-10-17T13:08:41+00:00\" \/>\n<meta property=\"og:image\" content=\"https:\/\/www.entreculturas.org\/wp-content\/uploads\/2015\/05\/vidas-frontera-sur.png\" \/>\n\t<meta property=\"og:image:width\" content=\"397\" \/>\n\t<meta property=\"og:image:height\" content=\"559\" \/>\n\t<meta property=\"og:image:type\" content=\"image\/png\" \/>\n<meta name=\"twitter:card\" content=\"summary_large_image\" \/>\n<meta name=\"twitter:site\" content=\"@Entreculturas\" \/>\n<script type=\"application\/ld+json\" class=\"yoast-schema-graph\">{\"@context\":\"https:\\\/\\\/schema.org\",\"@graph\":[{\"@type\":\"WebPage\",\"@id\":\"https:\\\/\\\/www.entreculturas.org\\\/ca\\\/publicacion\\\/vidas-en-la-frontera-sur\\\/\",\"url\":\"https:\\\/\\\/www.entreculturas.org\\\/ca\\\/publicacion\\\/vidas-en-la-frontera-sur\\\/\",\"name\":\"Vidas en la Frontera Sur - Entreculturas\",\"isPartOf\":{\"@id\":\"https:\\\/\\\/www.entreculturas.org\\\/ca\\\/#website\"},\"primaryImageOfPage\":{\"@id\":\"https:\\\/\\\/www.entreculturas.org\\\/ca\\\/publicacion\\\/vidas-en-la-frontera-sur\\\/#primaryimage\"},\"image\":{\"@id\":\"https:\\\/\\\/www.entreculturas.org\\\/ca\\\/publicacion\\\/vidas-en-la-frontera-sur\\\/#primaryimage\"},\"thumbnailUrl\":\"https:\\\/\\\/www.entreculturas.org\\\/wp-content\\\/uploads\\\/2015\\\/05\\\/vidas-frontera-sur.png\",\"datePublished\":\"2014-11-18T11:51:17+00:00\",\"dateModified\":\"2024-10-17T13:08:41+00:00\",\"breadcrumb\":{\"@id\":\"https:\\\/\\\/www.entreculturas.org\\\/ca\\\/publicacion\\\/vidas-en-la-frontera-sur\\\/#breadcrumb\"},\"inLanguage\":\"ca\",\"potentialAction\":[{\"@type\":\"ReadAction\",\"target\":[\"https:\\\/\\\/www.entreculturas.org\\\/ca\\\/publicacion\\\/vidas-en-la-frontera-sur\\\/\"]}]},{\"@type\":\"ImageObject\",\"inLanguage\":\"ca\",\"@id\":\"https:\\\/\\\/www.entreculturas.org\\\/ca\\\/publicacion\\\/vidas-en-la-frontera-sur\\\/#primaryimage\",\"url\":\"https:\\\/\\\/www.entreculturas.org\\\/wp-content\\\/uploads\\\/2015\\\/05\\\/vidas-frontera-sur.png\",\"contentUrl\":\"https:\\\/\\\/www.entreculturas.org\\\/wp-content\\\/uploads\\\/2015\\\/05\\\/vidas-frontera-sur.png\",\"width\":397,\"height\":559,\"caption\":\"vidas-frontera-sur\"},{\"@type\":\"BreadcrumbList\",\"@id\":\"https:\\\/\\\/www.entreculturas.org\\\/ca\\\/publicacion\\\/vidas-en-la-frontera-sur\\\/#breadcrumb\",\"itemListElement\":[{\"@type\":\"ListItem\",\"position\":1,\"name\":\"Home\",\"item\":\"https:\\\/\\\/www.entreculturas.org\\\/ca\\\/\"},{\"@type\":\"ListItem\",\"position\":2,\"name\":\"Publicaciones\",\"item\":\"https:\\\/\\\/www.entreculturas.org\\\/ca\\\/publicaciones\\\/\"},{\"@type\":\"ListItem\",\"position\":3,\"name\":\"Vidas en la Frontera Sur\"}]},{\"@type\":\"WebSite\",\"@id\":\"https:\\\/\\\/www.entreculturas.org\\\/ca\\\/#website\",\"url\":\"https:\\\/\\\/www.entreculturas.org\\\/ca\\\/\",\"name\":\"Entreculturas\",\"description\":\"\",\"publisher\":{\"@id\":\"https:\\\/\\\/www.entreculturas.org\\\/ca\\\/#organization\"},\"alternateName\":\"Entreculturas\",\"potentialAction\":[{\"@type\":\"SearchAction\",\"target\":{\"@type\":\"EntryPoint\",\"urlTemplate\":\"https:\\\/\\\/www.entreculturas.org\\\/ca\\\/?s={search_term_string}\"},\"query-input\":{\"@type\":\"PropertyValueSpecification\",\"valueRequired\":true,\"valueName\":\"search_term_string\"}}],\"inLanguage\":\"ca\"},{\"@type\":\"Organization\",\"@id\":\"https:\\\/\\\/www.entreculturas.org\\\/ca\\\/#organization\",\"name\":\"Entreculturas\",\"url\":\"https:\\\/\\\/www.entreculturas.org\\\/ca\\\/\",\"logo\":{\"@type\":\"ImageObject\",\"inLanguage\":\"ca\",\"@id\":\"https:\\\/\\\/www.entreculturas.org\\\/ca\\\/#\\\/schema\\\/logo\\\/image\\\/\",\"url\":\"https:\\\/\\\/www.entreculturas.org\\\/wp-content\\\/uploads\\\/2025\\\/10\\\/ESP.svg\",\"contentUrl\":\"https:\\\/\\\/www.entreculturas.org\\\/wp-content\\\/uploads\\\/2025\\\/10\\\/ESP.svg\",\"caption\":\"Entreculturas\"},\"image\":{\"@id\":\"https:\\\/\\\/www.entreculturas.org\\\/ca\\\/#\\\/schema\\\/logo\\\/image\\\/\"},\"sameAs\":[\"https:\\\/\\\/www.facebook.com\\\/entreculturas\",\"https:\\\/\\\/x.com\\\/Entreculturas\",\"https:\\\/\\\/www.instagram.com\\\/entreculturas\\\/\",\"https:\\\/\\\/www.youtube.com\\\/user\\\/entreculturasvideo\",\"https:\\\/\\\/www.linkedin.com\\\/company\\\/fundacion-entreculturas-ngdo\\\/\",\"https:\\\/\\\/www.flickr.com\\\/photos\\\/98455522@N04\\\/albums\\\/\"]}]}<\/script>\n<!-- \/ Yoast SEO Premium plugin. -->","yoast_head_json":{"title":"Vidas en la Frontera Sur - Entreculturas","robots":{"index":"index","follow":"follow","max-snippet":"max-snippet:-1","max-image-preview":"max-image-preview:large","max-video-preview":"max-video-preview:-1"},"canonical":"https:\/\/www.entreculturas.org\/ca\/publicacion\/vidas-en-la-frontera-sur\/","og_locale":"ca_ES","og_type":"article","og_title":"Vidas en la Frontera Sur","og_description":"Una comisi\u00f3n formada por miembros del Servicio Jesuita a Migrantes-Espa\u00f1a (SJM-E) y del Servicio Jesuita a Refugiados-Europa (SJR-E) visit\u00f3 a comienzos de julio las ciudades de Melilla y Nador para reunirse con investigadores y entidades locales que trabajan en defensa de los Derechos Humanos con el objetivo de analizar la situaci\u00f3n migratoria en la zona fronteriza entre Espa\u00f1a y Marruecos. Este informe recoge sus experiencias y conclusiones sobre la realidad del CETI de Melilla y las consecuencias del actual sistema de control fronterizo.","og_url":"https:\/\/www.entreculturas.org\/ca\/publicacion\/vidas-en-la-frontera-sur\/","og_site_name":"Entreculturas","article_publisher":"https:\/\/www.facebook.com\/entreculturas","article_modified_time":"2024-10-17T13:08:41+00:00","og_image":[{"width":397,"height":559,"url":"https:\/\/www.entreculturas.org\/wp-content\/uploads\/2015\/05\/vidas-frontera-sur.png","type":"image\/png"}],"twitter_card":"summary_large_image","twitter_site":"@Entreculturas","schema":{"@context":"https:\/\/schema.org","@graph":[{"@type":"WebPage","@id":"https:\/\/www.entreculturas.org\/ca\/publicacion\/vidas-en-la-frontera-sur\/","url":"https:\/\/www.entreculturas.org\/ca\/publicacion\/vidas-en-la-frontera-sur\/","name":"Vidas en la Frontera Sur - Entreculturas","isPartOf":{"@id":"https:\/\/www.entreculturas.org\/ca\/#website"},"primaryImageOfPage":{"@id":"https:\/\/www.entreculturas.org\/ca\/publicacion\/vidas-en-la-frontera-sur\/#primaryimage"},"image":{"@id":"https:\/\/www.entreculturas.org\/ca\/publicacion\/vidas-en-la-frontera-sur\/#primaryimage"},"thumbnailUrl":"https:\/\/www.entreculturas.org\/wp-content\/uploads\/2015\/05\/vidas-frontera-sur.png","datePublished":"2014-11-18T11:51:17+00:00","dateModified":"2024-10-17T13:08:41+00:00","breadcrumb":{"@id":"https:\/\/www.entreculturas.org\/ca\/publicacion\/vidas-en-la-frontera-sur\/#breadcrumb"},"inLanguage":"ca","potentialAction":[{"@type":"ReadAction","target":["https:\/\/www.entreculturas.org\/ca\/publicacion\/vidas-en-la-frontera-sur\/"]}]},{"@type":"ImageObject","inLanguage":"ca","@id":"https:\/\/www.entreculturas.org\/ca\/publicacion\/vidas-en-la-frontera-sur\/#primaryimage","url":"https:\/\/www.entreculturas.org\/wp-content\/uploads\/2015\/05\/vidas-frontera-sur.png","contentUrl":"https:\/\/www.entreculturas.org\/wp-content\/uploads\/2015\/05\/vidas-frontera-sur.png","width":397,"height":559,"caption":"vidas-frontera-sur"},{"@type":"BreadcrumbList","@id":"https:\/\/www.entreculturas.org\/ca\/publicacion\/vidas-en-la-frontera-sur\/#breadcrumb","itemListElement":[{"@type":"ListItem","position":1,"name":"Home","item":"https:\/\/www.entreculturas.org\/ca\/"},{"@type":"ListItem","position":2,"name":"Publicaciones","item":"https:\/\/www.entreculturas.org\/ca\/publicaciones\/"},{"@type":"ListItem","position":3,"name":"Vidas en la Frontera Sur"}]},{"@type":"WebSite","@id":"https:\/\/www.entreculturas.org\/ca\/#website","url":"https:\/\/www.entreculturas.org\/ca\/","name":"Entreculturas","description":"","publisher":{"@id":"https:\/\/www.entreculturas.org\/ca\/#organization"},"alternateName":"Entreculturas","potentialAction":[{"@type":"SearchAction","target":{"@type":"EntryPoint","urlTemplate":"https:\/\/www.entreculturas.org\/ca\/?s={search_term_string}"},"query-input":{"@type":"PropertyValueSpecification","valueRequired":true,"valueName":"search_term_string"}}],"inLanguage":"ca"},{"@type":"Organization","@id":"https:\/\/www.entreculturas.org\/ca\/#organization","name":"Entreculturas","url":"https:\/\/www.entreculturas.org\/ca\/","logo":{"@type":"ImageObject","inLanguage":"ca","@id":"https:\/\/www.entreculturas.org\/ca\/#\/schema\/logo\/image\/","url":"https:\/\/www.entreculturas.org\/wp-content\/uploads\/2025\/10\/ESP.svg","contentUrl":"https:\/\/www.entreculturas.org\/wp-content\/uploads\/2025\/10\/ESP.svg","caption":"Entreculturas"},"image":{"@id":"https:\/\/www.entreculturas.org\/ca\/#\/schema\/logo\/image\/"},"sameAs":["https:\/\/www.facebook.com\/entreculturas","https:\/\/x.com\/Entreculturas","https:\/\/www.instagram.com\/entreculturas\/","https:\/\/www.youtube.com\/user\/entreculturasvideo","https:\/\/www.linkedin.com\/company\/fundacion-entreculturas-ngdo\/","https:\/\/www.flickr.com\/photos\/98455522@N04\/albums\/"]}]}},"_links":{"self":[{"href":"https:\/\/www.entreculturas.org\/ca\/wp-json\/wp\/v2\/publicacion\/1439","targetHints":{"allow":["GET"]}}],"collection":[{"href":"https:\/\/www.entreculturas.org\/ca\/wp-json\/wp\/v2\/publicacion"}],"about":[{"href":"https:\/\/www.entreculturas.org\/ca\/wp-json\/wp\/v2\/types\/publicacion"}],"wp:featuredmedia":[{"embeddable":true,"href":"https:\/\/www.entreculturas.org\/ca\/wp-json\/wp\/v2\/media\/7097"}],"wp:attachment":[{"href":"https:\/\/www.entreculturas.org\/ca\/wp-json\/wp\/v2\/media?parent=1439"}],"wp:term":[{"taxonomy":"category","embeddable":true,"href":"https:\/\/www.entreculturas.org\/ca\/wp-json\/wp\/v2\/categories?post=1439"},{"taxonomy":"post_tag","embeddable":true,"href":"https:\/\/www.entreculturas.org\/ca\/wp-json\/wp\/v2\/tags?post=1439"},{"taxonomy":"cause","embeddable":true,"href":"https:\/\/www.entreculturas.org\/ca\/wp-json\/wp\/v2\/cause?post=1439"},{"taxonomy":"format","embeddable":true,"href":"https:\/\/www.entreculturas.org\/ca\/wp-json\/wp\/v2\/format?post=1439"}],"curies":[{"name":"wp","href":"https:\/\/api.w.org\/{rel}","templated":true}]}}

<p>Una comisión formada por miembros del Servicio Jesuita a Migrantes-España (SJM-E) y del Servicio Jesuita a Refugiados-Europa (SJR-E) visitó a comienzos de julio las ciudades de Melilla y Nador para reunirse con investigadores y entidades locales que trabajan en defensa de los Derechos Humanos con el objetivo de analizar la situación migratoria en la zona fronteriza entre España y Marruecos.</p>



<div style="height:10px" aria-hidden="true" class="wp-block-spacer"></div>



<p>Este informe recoge sus experiencias y conclusiones sobre la realidad del CETI de Melilla y las consecuencias del actual sistema de control fronterizo.</p>



<div style="height:10px" aria-hidden="true" class="wp-block-spacer"></div>



<div class="wp-block-buttons is-layout-flex wp-block-buttons-is-layout-flex">
<div class="wp-block-button"><a class="wp-block-button__link wp-element-button" href="https://www.entreculturas.org/wp-content/uploads/2015/05/vidasenlafronterasur.pdf" target="_blank" rel="noreferrer noopener">descargar</a></div>
</div>

<p>Una comisión formada por miembros del Servicio Jesuita a Migrantes-España (SJM-E) y del Servicio Jesuita a Refugiados-Europa (SJR-E) visitó a comienzos de julio las ciudades de Melilla y Nador para reunirse con investigadores y entidades locales que trabajan en defensa de los Derechos Humanos con el objetivo de analizar la situación migratoria en la zona fronteriza entre España y Marruecos. Este informe recoge sus experiencias y conclusiones sobre la realidad del CETI de Melilla y las consecuencias del actual sistema de control fronterizo.</p>

<!-- This site is optimized with the Yoast SEO Premium plugin v21.6 (Yoast SEO v27.5) - https://yoast.com/product/yoast-seo-premium-wordpress/ -->
<title>Vidas en la Frontera Sur - Entreculturas</title>
<meta name="robots" content="index, follow, max-snippet:-1, max-image-preview:large, max-video-preview:-1" />
<link rel="canonical" href="https://www.entreculturas.org/ca/publicacion/vidas-en-la-frontera-sur/" />
<meta property="og:locale" content="ca_ES" />
<meta property="og:type" content="article" />
<meta property="og:title" content="Vidas en la Frontera Sur" />
<meta property="og:description" content="Una comisión formada por miembros del Servicio Jesuita a Migrantes-España (SJM-E) y del Servicio Jesuita a Refugiados-Europa (SJR-E) visitó a comienzos de julio las ciudades de Melilla y Nador para reunirse con investigadores y entidades locales que trabajan en defensa de los Derechos Humanos con el objetivo de analizar la situación migratoria en la zona fronteriza entre España y Marruecos. Este informe recoge sus experiencias y conclusiones sobre la realidad del CETI de Melilla y las consecuencias del actual sistema de control fronterizo." />
<meta property="og:url" content="https://www.entreculturas.org/ca/publicacion/vidas-en-la-frontera-sur/" />
<meta property="og:site_name" content="Entreculturas" />
<meta property="article:publisher" content="https://www.facebook.com/entreculturas" />
<meta property="article:modified_time" content="2024-10-17T13:08:41+00:00" />
<meta property="og:image" content="https://www.entreculturas.org/wp-content/uploads/2015/05/vidas-frontera-sur.png" />
	<meta property="og:image:width" content="397" />
	<meta property="og:image:height" content="559" />
	<meta property="og:image:type" content="image/png" />
<meta name="twitter:card" content="summary_large_image" />
<meta name="twitter:site" content="@Entreculturas" />
<script type="application/ld+json" class="yoast-schema-graph">{"@context":"https:\/\/schema.org","@graph":[{"@type":"WebPage","@id":"https:\/\/www.entreculturas.org\/ca\/publicacion\/vidas-en-la-frontera-sur\/","url":"https:\/\/www.entreculturas.org\/ca\/publicacion\/vidas-en-la-frontera-sur\/","name":"Vidas en la Frontera Sur - Entreculturas","isPartOf":{"@id":"https:\/\/www.entreculturas.org\/ca\/#website"},"primaryImageOfPage":{"@id":"https:\/\/www.entreculturas.org\/ca\/publicacion\/vidas-en-la-frontera-sur\/#primaryimage"},"image":{"@id":"https:\/\/www.entreculturas.org\/ca\/publicacion\/vidas-en-la-frontera-sur\/#primaryimage"},"thumbnailUrl":"https:\/\/www.entreculturas.org\/wp-content\/uploads\/2015\/05\/vidas-frontera-sur.png","datePublished":"2014-11-18T11:51:17+00:00","dateModified":"2024-10-17T13:08:41+00:00","breadcrumb":{"@id":"https:\/\/www.entreculturas.org\/ca\/publicacion\/vidas-en-la-frontera-sur\/#breadcrumb"},"inLanguage":"ca","potentialAction":[{"@type":"ReadAction","target":["https:\/\/www.entreculturas.org\/ca\/publicacion\/vidas-en-la-frontera-sur\/"]}]},{"@type":"ImageObject","inLanguage":"ca","@id":"https:\/\/www.entreculturas.org\/ca\/publicacion\/vidas-en-la-frontera-sur\/#primaryimage","url":"https:\/\/www.entreculturas.org\/wp-content\/uploads\/2015\/05\/vidas-frontera-sur.png","contentUrl":"https:\/\/www.entreculturas.org\/wp-content\/uploads\/2015\/05\/vidas-frontera-sur.png","width":397,"height":559,"caption":"vidas-frontera-sur"},{"@type":"BreadcrumbList","@id":"https:\/\/www.entreculturas.org\/ca\/publicacion\/vidas-en-la-frontera-sur\/#breadcrumb","itemListElement":[{"@type":"ListItem","position":1,"name":"Home","item":"https:\/\/www.entreculturas.org\/ca\/"},{"@type":"ListItem","position":2,"name":"Publicaciones","item":"https:\/\/www.entreculturas.org\/ca\/publicaciones\/"},{"@type":"ListItem","position":3,"name":"Vidas en la Frontera Sur"}]},{"@type":"WebSite","@id":"https:\/\/www.entreculturas.org\/ca\/#website","url":"https:\/\/www.entreculturas.org\/ca\/","name":"Entreculturas","description":"","publisher":{"@id":"https:\/\/www.entreculturas.org\/ca\/#organization"},"alternateName":"Entreculturas","potentialAction":[{"@type":"SearchAction","target":{"@type":"EntryPoint","urlTemplate":"https:\/\/www.entreculturas.org\/ca\/?s={search_term_string}"},"query-input":{"@type":"PropertyValueSpecification","valueRequired":true,"valueName":"search_term_string"}}],"inLanguage":"ca"},{"@type":"Organization","@id":"https:\/\/www.entreculturas.org\/ca\/#organization","name":"Entreculturas","url":"https:\/\/www.entreculturas.org\/ca\/","logo":{"@type":"ImageObject","inLanguage":"ca","@id":"https:\/\/www.entreculturas.org\/ca\/#\/schema\/logo\/image\/","url":"https:\/\/www.entreculturas.org\/wp-content\/uploads\/2025\/10\/ESP.svg","contentUrl":"https:\/\/www.entreculturas.org\/wp-content\/uploads\/2025\/10\/ESP.svg","caption":"Entreculturas"},"image":{"@id":"https:\/\/www.entreculturas.org\/ca\/#\/schema\/logo\/image\/"},"sameAs":["https:\/\/www.facebook.com\/entreculturas","https:\/\/x.com\/Entreculturas","https:\/\/www.instagram.com\/entreculturas\/","https:\/\/www.youtube.com\/user\/entreculturasvideo","https:\/\/www.linkedin.com\/company\/fundacion-entreculturas-ngdo\/","https:\/\/www.flickr.com\/photos\/98455522@N04\/albums\/"]}]}</script>
<!-- / Yoast SEO Premium plugin. -->

Una comisión formada por miembros del Servicio Jesuita a Migrantes-España (SJM-E) y del Servicio Jesuita a Refugiados-Europa (SJR-E) visitó a comienzos de julio las ciudades de Melilla y Nador para reunirse con investigadores y entidades locales que trabajan en defensa de los Derechos Humanos con el objetivo de analizar la situación migratoria en la zona fronteriza entre España y Marruecos. Este informe recoge sus experiencias y conclusiones sobre la realidad del CETI de Melilla y las consecuencias del actual sistema de control fronterizo.
