{"id":20944,"date":"2023-12-04T11:17:10","date_gmt":"2023-12-04T10:17:10","guid":{"rendered":"https:\/\/www.entreculturas.org\/accessibilitat\/"},"modified":"2024-02-21T06:53:03","modified_gmt":"2024-02-21T05:53:03","slug":"accessibilitat","status":"publish","type":"page","link":"https:\/\/www.entreculturas.org\/ca\/accessibilitat\/","title":{"rendered":"Accessibilitat"},"content":{"rendered":"\n<div class=\"wp-block-group has-global-padding is-layout-constrained wp-container-core-group-is-layout-2eabd02e wp-block-group-is-layout-constrained\" style=\"margin-top:var(--wp--preset--spacing--70);margin-bottom:var(--wp--preset--spacing--70);padding-right:20px;padding-left:20px;line-height:1.5\">\n<h2 class=\"wp-block-heading\">Accessibilitat<\/h2>\n\n\n\n<p><br\/>Amb l&#8217;objectiu de millorar l&#8217;accessibilitat, el lloc web d&#8217;Entreculturas ha adoptat una s\u00e8rie de mesures encaminades a facilitar l&#8217;experi\u00e8ncia d&#8217;usuari, incloent-hi els col\u00b7lectius de persones amb algun tipus de discapacitat. Algunes d&#8217;aquestes mesures implementades han estat les seg\u00fcents:<br\/><\/p>\n\n\n\n<ul class=\"wp-block-list\" style=\"margin-top:var(--wp--preset--spacing--30);margin-bottom:var(--wp--preset--spacing--30)\">\n<li>Seguint les especificacions WAI-ARIA, hem marcat rols de zones funcionals b\u00e0siques com ara navegaci\u00f3, cap\u00e7alera, peu, informaci\u00f3 principal i informaci\u00f3 complement\u00e0ria, etc.<\/li>\n\n\n\n<li>En cas que un usuari accedeixi al lloc web d&#8217;Entreculturas des d&#8217;un navegador que no suporti fulls d&#8217;estil no trobareu cap problema de navegaci\u00f3, ja que podreu visualitzar qualsevol contingut amb la CSS desactivada.<\/li>\n\n\n\n<li>Hem fet una separaci\u00f3 de les capes de presentaci\u00f3 (CSS) i el comportament (JavaScript), de la capa d&#8217;estructura (HTML), de manera que els continguts resultin m\u00e9s f\u00e0cilment accessibles.<\/li>\n\n\n\n<li>El codi HTML i CSS garanteix la correcta visualitzaci\u00f3 de qualsevol de les p\u00e0gines del site des de qualsevol navegador.<\/li>\n\n\n\n<li>Hem establert una forma accessible de navegaci\u00f3 mitjan\u00e7ant Access Keys, a trav\u00e9s del seg\u00fcent llistat:<br\/><\/li>\n<\/ul>\n\n\n\n<ol class=\"wp-block-list\">\n<li>P\u00e0gina d&#8217;inici &#8211; Home: <a href=\"https:\/\/www.entreculturas.org\/es\/home\">https:\/\/www.entreculturas.org\/es\/home<\/a><\/li>\n\n\n\n<li>Novetats &#8211; Informa&#8217;t: <a href=\"https:\/\/www.entreculturas.org\/es\/informate\">https:\/\/www.entreculturas.org\/es\/informate<\/a><\/li>\n\n\n\n<li>Qu\u00e8 pots fer tu: <a href=\"https:\/\/www.entreculturas.org\/es\/que-puedes-hacer-tu\">https:\/\/www.entreculturas.org\/es\/que-puedes-hacer-tu<\/a><\/li>\n\n\n\n<li>Cerca: <a href=\"https:\/\/www.entreculturas.org\/es\/search\/node\">https:\/\/www.entreculturas.org\/es\/search\/node<\/a><\/li>\n\n\n\n<li>Av\u00eds legal: <a href=\"https:\/\/www.entreculturas.org\/es\/cookies-entreculturas\">https:\/\/www.entreculturas.org\/es\/cookies-entreculturas<\/a><\/li>\n\n\n\n<li>Cookies: <a href=\"https:\/\/www.entreculturas.org\/es\/cookies-entreculturas\">https:\/\/www.entreculturas.org\/es\/cookies-entreculturas<\/a><\/li>\n\n\n\n<li>Privadesa: <a href=\"https:\/\/www.entreculturas.org\/es\/privacidad-entreculturas\">https:\/\/www.entreculturas.org\/es\/privacidad-entreculturas<\/a><\/li>\n\n\n\n<li>Coneix-nos: <a href=\"https:\/\/www.entreculturas.org\/ca\/coneix-nos\/\">https:\/\/www.entreculturas.org\/es\/conocenos<\/a><\/li>\n\n\n\n<li>Formulari de contacte: <a href=\"https:\/\/www.entreculturas.org\/es\/conocenos\/contacto\">https:\/\/www.entreculturas.org\/es\/conocenos\/contacto<\/a><\/li>\n<\/ol>\n<\/div>\n","protected":false},"excerpt":{"rendered":"<p>Accessibilitat Amb l&#8217;objectiu de millorar l&#8217;accessibilitat, el lloc web d&#8217;Entreculturas ha adoptat una s\u00e8rie de mesures encaminades a facilitar l&#8217;experi\u00e8ncia d&#8217;usuari, incloent-hi els col\u00b7lectius de persones amb algun tipus de discapacitat. Algunes d&#8217;aquestes mesures implementades han estat les seg\u00fcents:<\/p>\n","protected":false},"author":1,"featured_media":0,"parent":0,"menu_order":0,"comment_status":"closed","ping_status":"closed","template":"page-notitle","meta":{"_acf_changed":false,"footnotes":""},"class_list":["post-20944","page","type-page","status-publish","hentry"],"acf":[],"yoast_head":"<!-- This site is optimized with the Yoast SEO Premium plugin v21.6 (Yoast SEO v27.5) - https:\/\/yoast.com\/product\/yoast-seo-premium-wordpress\/ -->\n<title>Accessibilitat - Entreculturas<\/title>\n<meta name=\"robots\" content=\"noindex, follow\" \/>\n<meta property=\"og:locale\" content=\"ca_ES\" \/>\n<meta property=\"og:type\" content=\"article\" \/>\n<meta property=\"og:title\" content=\"Accessibilitat\" \/>\n<meta property=\"og:description\" content=\"Accessibilitat Amb l&#8217;objectiu de millorar l&#8217;accessibilitat, el lloc web d&#8217;Entreculturas ha adoptat una s\u00e8rie de mesures encaminades a facilitar l&#8217;experi\u00e8ncia d&#8217;usuari, incloent-hi els col\u00b7lectius de persones amb algun tipus de discapacitat. Algunes d&#8217;aquestes mesures implementades han estat les seg\u00fcents:\" \/>\n<meta property=\"og:url\" content=\"https:\/\/www.entreculturas.org\/ca\/accessibilitat\/\" \/>\n<meta property=\"og:site_name\" content=\"Entreculturas\" \/>\n<meta property=\"article:publisher\" content=\"https:\/\/www.facebook.com\/entreculturas\" \/>\n<meta property=\"article:modified_time\" content=\"2024-02-21T05:53:03+00:00\" \/>\n<meta name=\"twitter:card\" content=\"summary_large_image\" \/>\n<meta name=\"twitter:site\" content=\"@Entreculturas\" \/>\n<script type=\"application\/ld+json\" class=\"yoast-schema-graph\">{\"@context\":\"https:\\\/\\\/schema.org\",\"@graph\":[{\"@type\":\"WebPage\",\"@id\":\"https:\\\/\\\/www.entreculturas.org\\\/ca\\\/accessibilitat\\\/\",\"url\":\"https:\\\/\\\/www.entreculturas.org\\\/ca\\\/accessibilitat\\\/\",\"name\":\"Accessibilitat - Entreculturas\",\"isPartOf\":{\"@id\":\"https:\\\/\\\/www.entreculturas.org\\\/ca\\\/#website\"},\"datePublished\":\"2023-12-04T10:17:10+00:00\",\"dateModified\":\"2024-02-21T05:53:03+00:00\",\"breadcrumb\":{\"@id\":\"https:\\\/\\\/www.entreculturas.org\\\/ca\\\/accessibilitat\\\/#breadcrumb\"},\"inLanguage\":\"ca\",\"potentialAction\":[{\"@type\":\"ReadAction\",\"target\":[\"https:\\\/\\\/www.entreculturas.org\\\/ca\\\/accessibilitat\\\/\"]}]},{\"@type\":\"BreadcrumbList\",\"@id\":\"https:\\\/\\\/www.entreculturas.org\\\/ca\\\/accessibilitat\\\/#breadcrumb\",\"itemListElement\":[{\"@type\":\"ListItem\",\"position\":1,\"name\":\"Home\",\"item\":\"https:\\\/\\\/www.entreculturas.org\\\/ca\\\/\"},{\"@type\":\"ListItem\",\"position\":2,\"name\":\"Accessibilitat\"}]},{\"@type\":\"WebSite\",\"@id\":\"https:\\\/\\\/www.entreculturas.org\\\/ca\\\/#website\",\"url\":\"https:\\\/\\\/www.entreculturas.org\\\/ca\\\/\",\"name\":\"Entreculturas\",\"description\":\"\",\"publisher\":{\"@id\":\"https:\\\/\\\/www.entreculturas.org\\\/ca\\\/#organization\"},\"alternateName\":\"Entreculturas\",\"potentialAction\":[{\"@type\":\"SearchAction\",\"target\":{\"@type\":\"EntryPoint\",\"urlTemplate\":\"https:\\\/\\\/www.entreculturas.org\\\/ca\\\/?s={search_term_string}\"},\"query-input\":{\"@type\":\"PropertyValueSpecification\",\"valueRequired\":true,\"valueName\":\"search_term_string\"}}],\"inLanguage\":\"ca\"},{\"@type\":\"Organization\",\"@id\":\"https:\\\/\\\/www.entreculturas.org\\\/ca\\\/#organization\",\"name\":\"Entreculturas\",\"url\":\"https:\\\/\\\/www.entreculturas.org\\\/ca\\\/\",\"logo\":{\"@type\":\"ImageObject\",\"inLanguage\":\"ca\",\"@id\":\"https:\\\/\\\/www.entreculturas.org\\\/ca\\\/#\\\/schema\\\/logo\\\/image\\\/\",\"url\":\"https:\\\/\\\/www.entreculturas.org\\\/wp-content\\\/uploads\\\/2025\\\/10\\\/ESP.svg\",\"contentUrl\":\"https:\\\/\\\/www.entreculturas.org\\\/wp-content\\\/uploads\\\/2025\\\/10\\\/ESP.svg\",\"caption\":\"Entreculturas\"},\"image\":{\"@id\":\"https:\\\/\\\/www.entreculturas.org\\\/ca\\\/#\\\/schema\\\/logo\\\/image\\\/\"},\"sameAs\":[\"https:\\\/\\\/www.facebook.com\\\/entreculturas\",\"https:\\\/\\\/x.com\\\/Entreculturas\",\"https:\\\/\\\/www.instagram.com\\\/entreculturas\\\/\",\"https:\\\/\\\/www.youtube.com\\\/user\\\/entreculturasvideo\",\"https:\\\/\\\/www.linkedin.com\\\/company\\\/fundacion-entreculturas-ngdo\\\/\",\"https:\\\/\\\/www.flickr.com\\\/photos\\\/98455522@N04\\\/albums\\\/\"]}]}<\/script>\n<!-- \/ Yoast SEO Premium plugin. -->","yoast_head_json":{"title":"Accessibilitat - Entreculturas","robots":{"index":"noindex","follow":"follow"},"og_locale":"ca_ES","og_type":"article","og_title":"Accessibilitat","og_description":"Accessibilitat Amb l&#8217;objectiu de millorar l&#8217;accessibilitat, el lloc web d&#8217;Entreculturas ha adoptat una s\u00e8rie de mesures encaminades a facilitar l&#8217;experi\u00e8ncia d&#8217;usuari, incloent-hi els col\u00b7lectius de persones amb algun tipus de discapacitat. Algunes d&#8217;aquestes mesures implementades han estat les seg\u00fcents:","og_url":"https:\/\/www.entreculturas.org\/ca\/accessibilitat\/","og_site_name":"Entreculturas","article_publisher":"https:\/\/www.facebook.com\/entreculturas","article_modified_time":"2024-02-21T05:53:03+00:00","twitter_card":"summary_large_image","twitter_site":"@Entreculturas","schema":{"@context":"https:\/\/schema.org","@graph":[{"@type":"WebPage","@id":"https:\/\/www.entreculturas.org\/ca\/accessibilitat\/","url":"https:\/\/www.entreculturas.org\/ca\/accessibilitat\/","name":"Accessibilitat - Entreculturas","isPartOf":{"@id":"https:\/\/www.entreculturas.org\/ca\/#website"},"datePublished":"2023-12-04T10:17:10+00:00","dateModified":"2024-02-21T05:53:03+00:00","breadcrumb":{"@id":"https:\/\/www.entreculturas.org\/ca\/accessibilitat\/#breadcrumb"},"inLanguage":"ca","potentialAction":[{"@type":"ReadAction","target":["https:\/\/www.entreculturas.org\/ca\/accessibilitat\/"]}]},{"@type":"BreadcrumbList","@id":"https:\/\/www.entreculturas.org\/ca\/accessibilitat\/#breadcrumb","itemListElement":[{"@type":"ListItem","position":1,"name":"Home","item":"https:\/\/www.entreculturas.org\/ca\/"},{"@type":"ListItem","position":2,"name":"Accessibilitat"}]},{"@type":"WebSite","@id":"https:\/\/www.entreculturas.org\/ca\/#website","url":"https:\/\/www.entreculturas.org\/ca\/","name":"Entreculturas","description":"","publisher":{"@id":"https:\/\/www.entreculturas.org\/ca\/#organization"},"alternateName":"Entreculturas","potentialAction":[{"@type":"SearchAction","target":{"@type":"EntryPoint","urlTemplate":"https:\/\/www.entreculturas.org\/ca\/?s={search_term_string}"},"query-input":{"@type":"PropertyValueSpecification","valueRequired":true,"valueName":"search_term_string"}}],"inLanguage":"ca"},{"@type":"Organization","@id":"https:\/\/www.entreculturas.org\/ca\/#organization","name":"Entreculturas","url":"https:\/\/www.entreculturas.org\/ca\/","logo":{"@type":"ImageObject","inLanguage":"ca","@id":"https:\/\/www.entreculturas.org\/ca\/#\/schema\/logo\/image\/","url":"https:\/\/www.entreculturas.org\/wp-content\/uploads\/2025\/10\/ESP.svg","contentUrl":"https:\/\/www.entreculturas.org\/wp-content\/uploads\/2025\/10\/ESP.svg","caption":"Entreculturas"},"image":{"@id":"https:\/\/www.entreculturas.org\/ca\/#\/schema\/logo\/image\/"},"sameAs":["https:\/\/www.facebook.com\/entreculturas","https:\/\/x.com\/Entreculturas","https:\/\/www.instagram.com\/entreculturas\/","https:\/\/www.youtube.com\/user\/entreculturasvideo","https:\/\/www.linkedin.com\/company\/fundacion-entreculturas-ngdo\/","https:\/\/www.flickr.com\/photos\/98455522@N04\/albums\/"]}]}},"_links":{"self":[{"href":"https:\/\/www.entreculturas.org\/ca\/wp-json\/wp\/v2\/pages\/20944","targetHints":{"allow":["GET"]}}],"collection":[{"href":"https:\/\/www.entreculturas.org\/ca\/wp-json\/wp\/v2\/pages"}],"about":[{"href":"https:\/\/www.entreculturas.org\/ca\/wp-json\/wp\/v2\/types\/page"}],"author":[{"embeddable":true,"href":"https:\/\/www.entreculturas.org\/ca\/wp-json\/wp\/v2\/users\/1"}],"replies":[{"embeddable":true,"href":"https:\/\/www.entreculturas.org\/ca\/wp-json\/wp\/v2\/comments?post=20944"}],"version-history":[{"count":1,"href":"https:\/\/www.entreculturas.org\/ca\/wp-json\/wp\/v2\/pages\/20944\/revisions"}],"predecessor-version":[{"id":20945,"href":"https:\/\/www.entreculturas.org\/ca\/wp-json\/wp\/v2\/pages\/20944\/revisions\/20945"}],"wp:attachment":[{"href":"https:\/\/www.entreculturas.org\/ca\/wp-json\/wp\/v2\/media?parent=20944"}],"curies":[{"name":"wp","href":"https:\/\/api.w.org\/{rel}","templated":true}]}}

<div class="wp-block-group has-global-padding is-layout-constrained wp-container-core-group-is-layout-2eabd02e wp-block-group-is-layout-constrained" style="margin-top:var(--wp--preset--spacing--70);margin-bottom:var(--wp--preset--spacing--70);padding-right:20px;padding-left:20px;line-height:1.5">
<h2 class="wp-block-heading">Accessibilitat</h2>



<p><br/>Amb l&#8217;objectiu de millorar l&#8217;accessibilitat, el lloc web d&#8217;Entreculturas ha adoptat una sèrie de mesures encaminades a facilitar l&#8217;experiència d&#8217;usuari, incloent-hi els col·lectius de persones amb algun tipus de discapacitat. Algunes d&#8217;aquestes mesures implementades han estat les següents:<br/></p>



<ul class="wp-block-list" style="margin-top:var(--wp--preset--spacing--30);margin-bottom:var(--wp--preset--spacing--30)">
<li>Seguint les especificacions WAI-ARIA, hem marcat rols de zones funcionals bàsiques com ara navegació, capçalera, peu, informació principal i informació complementària, etc.</li>



<li>En cas que un usuari accedeixi al lloc web d&#8217;Entreculturas des d&#8217;un navegador que no suporti fulls d&#8217;estil no trobareu cap problema de navegació, ja que podreu visualitzar qualsevol contingut amb la CSS desactivada.</li>



<li>Hem fet una separació de les capes de presentació (CSS) i el comportament (JavaScript), de la capa d&#8217;estructura (HTML), de manera que els continguts resultin més fàcilment accessibles.</li>



<li>El codi HTML i CSS garanteix la correcta visualització de qualsevol de les pàgines del site des de qualsevol navegador.</li>



<li>Hem establert una forma accessible de navegació mitjançant Access Keys, a través del següent llistat:<br/></li>
</ul>



<ol class="wp-block-list">
<li>Pàgina d&#8217;inici &#8211; Home: <a href="https://www.entreculturas.org/es/home">https://www.entreculturas.org/es/home</a></li>



<li>Novetats &#8211; Informa&#8217;t: <a href="https://www.entreculturas.org/es/informate">https://www.entreculturas.org/es/informate</a></li>



<li>Què pots fer tu: <a href="https://www.entreculturas.org/es/que-puedes-hacer-tu">https://www.entreculturas.org/es/que-puedes-hacer-tu</a></li>



<li>Cerca: <a href="https://www.entreculturas.org/es/search/node">https://www.entreculturas.org/es/search/node</a></li>



<li>Avís legal: <a href="https://www.entreculturas.org/es/cookies-entreculturas">https://www.entreculturas.org/es/cookies-entreculturas</a></li>



<li>Cookies: <a href="https://www.entreculturas.org/es/cookies-entreculturas">https://www.entreculturas.org/es/cookies-entreculturas</a></li>



<li>Privadesa: <a href="https://www.entreculturas.org/es/privacidad-entreculturas">https://www.entreculturas.org/es/privacidad-entreculturas</a></li>



<li>Coneix-nos: <a href="https://www.entreculturas.org/ca/coneix-nos/">https://www.entreculturas.org/es/conocenos</a></li>



<li>Formulari de contacte: <a href="https://www.entreculturas.org/es/conocenos/contacto">https://www.entreculturas.org/es/conocenos/contacto</a></li>
</ol>
</div>

<p>Accessibilitat Amb l&#8217;objectiu de millorar l&#8217;accessibilitat, el lloc web d&#8217;Entreculturas ha adoptat una sèrie de mesures encaminades a facilitar l&#8217;experiència d&#8217;usuari, incloent-hi els col·lectius de persones amb algun tipus de discapacitat. Algunes d&#8217;aquestes mesures implementades han estat les següents:</p>

<!-- This site is optimized with the Yoast SEO Premium plugin v21.6 (Yoast SEO v27.5) - https://yoast.com/product/yoast-seo-premium-wordpress/ -->
<title>Accessibilitat - Entreculturas</title>
<meta name="robots" content="noindex, follow" />
<meta property="og:locale" content="ca_ES" />
<meta property="og:type" content="article" />
<meta property="og:title" content="Accessibilitat" />
<meta property="og:description" content="Accessibilitat Amb l&#8217;objectiu de millorar l&#8217;accessibilitat, el lloc web d&#8217;Entreculturas ha adoptat una sèrie de mesures encaminades a facilitar l&#8217;experiència d&#8217;usuari, incloent-hi els col·lectius de persones amb algun tipus de discapacitat. Algunes d&#8217;aquestes mesures implementades han estat les següents:" />
<meta property="og:url" content="https://www.entreculturas.org/ca/accessibilitat/" />
<meta property="og:site_name" content="Entreculturas" />
<meta property="article:publisher" content="https://www.facebook.com/entreculturas" />
<meta property="article:modified_time" content="2024-02-21T05:53:03+00:00" />
<meta name="twitter:card" content="summary_large_image" />
<meta name="twitter:site" content="@Entreculturas" />
<script type="application/ld+json" class="yoast-schema-graph">{"@context":"https:\/\/schema.org","@graph":[{"@type":"WebPage","@id":"https:\/\/www.entreculturas.org\/ca\/accessibilitat\/","url":"https:\/\/www.entreculturas.org\/ca\/accessibilitat\/","name":"Accessibilitat - Entreculturas","isPartOf":{"@id":"https:\/\/www.entreculturas.org\/ca\/#website"},"datePublished":"2023-12-04T10:17:10+00:00","dateModified":"2024-02-21T05:53:03+00:00","breadcrumb":{"@id":"https:\/\/www.entreculturas.org\/ca\/accessibilitat\/#breadcrumb"},"inLanguage":"ca","potentialAction":[{"@type":"ReadAction","target":["https:\/\/www.entreculturas.org\/ca\/accessibilitat\/"]}]},{"@type":"BreadcrumbList","@id":"https:\/\/www.entreculturas.org\/ca\/accessibilitat\/#breadcrumb","itemListElement":[{"@type":"ListItem","position":1,"name":"Home","item":"https:\/\/www.entreculturas.org\/ca\/"},{"@type":"ListItem","position":2,"name":"Accessibilitat"}]},{"@type":"WebSite","@id":"https:\/\/www.entreculturas.org\/ca\/#website","url":"https:\/\/www.entreculturas.org\/ca\/","name":"Entreculturas","description":"","publisher":{"@id":"https:\/\/www.entreculturas.org\/ca\/#organization"},"alternateName":"Entreculturas","potentialAction":[{"@type":"SearchAction","target":{"@type":"EntryPoint","urlTemplate":"https:\/\/www.entreculturas.org\/ca\/?s={search_term_string}"},"query-input":{"@type":"PropertyValueSpecification","valueRequired":true,"valueName":"search_term_string"}}],"inLanguage":"ca"},{"@type":"Organization","@id":"https:\/\/www.entreculturas.org\/ca\/#organization","name":"Entreculturas","url":"https:\/\/www.entreculturas.org\/ca\/","logo":{"@type":"ImageObject","inLanguage":"ca","@id":"https:\/\/www.entreculturas.org\/ca\/#\/schema\/logo\/image\/","url":"https:\/\/www.entreculturas.org\/wp-content\/uploads\/2025\/10\/ESP.svg","contentUrl":"https:\/\/www.entreculturas.org\/wp-content\/uploads\/2025\/10\/ESP.svg","caption":"Entreculturas"},"image":{"@id":"https:\/\/www.entreculturas.org\/ca\/#\/schema\/logo\/image\/"},"sameAs":["https:\/\/www.facebook.com\/entreculturas","https:\/\/x.com\/Entreculturas","https:\/\/www.instagram.com\/entreculturas\/","https:\/\/www.youtube.com\/user\/entreculturasvideo","https:\/\/www.linkedin.com\/company\/fundacion-entreculturas-ngdo\/","https:\/\/www.flickr.com\/photos\/98455522@N04\/albums\/"]}]}</script>
<!-- / Yoast SEO Premium plugin. -->

Accessibilitat Amb l&#8217;objectiu de millorar l&#8217;accessibilitat, el lloc web d&#8217;Entreculturas ha adoptat una sèrie de mesures encaminades a facilitar l&#8217;experiència d&#8217;usuari, incloent-hi els col·lectius de persones amb algun tipus de discapacitat. Algunes d&#8217;aquestes mesures implementades han estat les següents:
