{"id":31027,"date":"2024-09-06T09:07:11","date_gmt":"2024-09-06T07:07:11","guid":{"rendered":"https:\/\/www.entreculturas.org\/?post_type=material&#038;p=31027"},"modified":"2024-09-16T17:31:30","modified_gmt":"2024-09-16T15:31:30","slug":"dossier-no-quiero-dejar-de-aprender","status":"publish","type":"material","link":"https:\/\/www.entreculturas.org\/ca\/material\/dossier-no-quiero-dejar-de-aprender\/","title":{"rendered":"Dossier \u00a1NO QUIERO dejar de aprender!"},"content":{"rendered":"","protected":false},"excerpt":{"rendered":"<p>Desde Entreculturas, bajo la alianza NO QUIERO -de la que formamos parte junto con Amnist\u00eda Internacional, Mundo Cooperante y Save the Children-, seguimos defendiendo los derechos de las ni\u00f1as que sufren y luchan contra la violencia sexual y el matrimonio infantil, temprano y forzoso. <\/p>\n<p>A trav\u00e9s del informe conjunto \u00abDiez retos para que las ni\u00f1as puedan ir a la escuela en todo el mundo\u00ab, queremos poner de manifiesto la realidad que viven millones de ni\u00f1as en el mundo y los retos a los que nos enfrentamos para mejorar sus vidas.<\/p>\n","protected":false},"featured_media":31029,"template":"","categories":[12],"tags":[579],"link-pdf":[632],"class_list":["post-31027","material","type-material","status-publish","has-post-thumbnail","hentry","category-recursos-educativos","tag-noticias-la-luz-de-las-ninas","link-pdf-https-www-entreculturas-org-wp-content-uploads-2024-07-dosier_noquiero_dejardeaprender-pdf"],"acf":[],"yoast_head":"<!-- This site is optimized with the Yoast SEO Premium plugin v21.6 (Yoast SEO v27.5) - https:\/\/yoast.com\/product\/yoast-seo-premium-wordpress\/ -->\n<title>Dossier \u00a1NO QUIERO dejar de aprender! - Entreculturas<\/title>\n<meta name=\"robots\" content=\"index, follow, max-snippet:-1, max-image-preview:large, max-video-preview:-1\" \/>\n<link rel=\"canonical\" href=\"https:\/\/www.entreculturas.org\/ca\/material\/dossier-no-quiero-dejar-de-aprender\/\" \/>\n<meta property=\"og:locale\" content=\"ca_ES\" \/>\n<meta property=\"og:type\" content=\"article\" \/>\n<meta property=\"og:title\" content=\"Dossier \u00a1NO QUIERO dejar de aprender!\" \/>\n<meta property=\"og:description\" content=\"Desde Entreculturas, bajo la alianza NO QUIERO -de la que formamos parte junto con Amnist\u00eda Internacional, Mundo Cooperante y Save the Children-, seguimos defendiendo los derechos de las ni\u00f1as que sufren y luchan contra la violencia sexual y el matrimonio infantil, temprano y forzoso.  A trav\u00e9s del informe conjunto \u00abDiez retos para que las ni\u00f1as puedan ir a la escuela en todo el mundo\u00ab, queremos poner de manifiesto la realidad que viven millones de ni\u00f1as en el mundo y los retos a los que nos enfrentamos para mejorar sus vidas.\" \/>\n<meta property=\"og:url\" content=\"https:\/\/www.entreculturas.org\/ca\/material\/dossier-no-quiero-dejar-de-aprender\/\" \/>\n<meta property=\"og:site_name\" content=\"Entreculturas\" \/>\n<meta property=\"article:publisher\" content=\"https:\/\/www.facebook.com\/entreculturas\" \/>\n<meta property=\"article:modified_time\" content=\"2024-09-16T15:31:30+00:00\" \/>\n<meta property=\"og:image\" content=\"https:\/\/www.entreculturas.org\/wp-content\/uploads\/2024\/09\/port_twitter_2021-1.jpg\" \/>\n\t<meta property=\"og:image:width\" content=\"800\" \/>\n\t<meta property=\"og:image:height\" content=\"400\" \/>\n\t<meta property=\"og:image:type\" content=\"image\/jpeg\" \/>\n<meta name=\"twitter:card\" content=\"summary_large_image\" \/>\n<meta name=\"twitter:site\" content=\"@Entreculturas\" \/>\n<script type=\"application\/ld+json\" class=\"yoast-schema-graph\">{\"@context\":\"https:\\\/\\\/schema.org\",\"@graph\":[{\"@type\":\"WebPage\",\"@id\":\"https:\\\/\\\/www.entreculturas.org\\\/ca\\\/material\\\/dossier-no-quiero-dejar-de-aprender\\\/\",\"url\":\"https:\\\/\\\/www.entreculturas.org\\\/ca\\\/material\\\/dossier-no-quiero-dejar-de-aprender\\\/\",\"name\":\"Dossier \u00a1NO QUIERO dejar de aprender! - Entreculturas\",\"isPartOf\":{\"@id\":\"https:\\\/\\\/www.entreculturas.org\\\/ca\\\/#website\"},\"primaryImageOfPage\":{\"@id\":\"https:\\\/\\\/www.entreculturas.org\\\/ca\\\/material\\\/dossier-no-quiero-dejar-de-aprender\\\/#primaryimage\"},\"image\":{\"@id\":\"https:\\\/\\\/www.entreculturas.org\\\/ca\\\/material\\\/dossier-no-quiero-dejar-de-aprender\\\/#primaryimage\"},\"thumbnailUrl\":\"https:\\\/\\\/www.entreculturas.org\\\/wp-content\\\/uploads\\\/2024\\\/09\\\/port_twitter_2021-1.jpg\",\"datePublished\":\"2024-09-06T07:07:11+00:00\",\"dateModified\":\"2024-09-16T15:31:30+00:00\",\"breadcrumb\":{\"@id\":\"https:\\\/\\\/www.entreculturas.org\\\/ca\\\/material\\\/dossier-no-quiero-dejar-de-aprender\\\/#breadcrumb\"},\"inLanguage\":\"ca\",\"potentialAction\":[{\"@type\":\"ReadAction\",\"target\":[\"https:\\\/\\\/www.entreculturas.org\\\/ca\\\/material\\\/dossier-no-quiero-dejar-de-aprender\\\/\"]}]},{\"@type\":\"ImageObject\",\"inLanguage\":\"ca\",\"@id\":\"https:\\\/\\\/www.entreculturas.org\\\/ca\\\/material\\\/dossier-no-quiero-dejar-de-aprender\\\/#primaryimage\",\"url\":\"https:\\\/\\\/www.entreculturas.org\\\/wp-content\\\/uploads\\\/2024\\\/09\\\/port_twitter_2021-1.jpg\",\"contentUrl\":\"https:\\\/\\\/www.entreculturas.org\\\/wp-content\\\/uploads\\\/2024\\\/09\\\/port_twitter_2021-1.jpg\",\"width\":800,\"height\":400},{\"@type\":\"BreadcrumbList\",\"@id\":\"https:\\\/\\\/www.entreculturas.org\\\/ca\\\/material\\\/dossier-no-quiero-dejar-de-aprender\\\/#breadcrumb\",\"itemListElement\":[{\"@type\":\"ListItem\",\"position\":1,\"name\":\"Home\",\"item\":\"https:\\\/\\\/www.entreculturas.org\\\/ca\\\/\"},{\"@type\":\"ListItem\",\"position\":2,\"name\":\"Dossier \u00a1NO QUIERO dejar de aprender!\"}]},{\"@type\":\"WebSite\",\"@id\":\"https:\\\/\\\/www.entreculturas.org\\\/ca\\\/#website\",\"url\":\"https:\\\/\\\/www.entreculturas.org\\\/ca\\\/\",\"name\":\"Entreculturas\",\"description\":\"\",\"publisher\":{\"@id\":\"https:\\\/\\\/www.entreculturas.org\\\/ca\\\/#organization\"},\"alternateName\":\"Entreculturas\",\"potentialAction\":[{\"@type\":\"SearchAction\",\"target\":{\"@type\":\"EntryPoint\",\"urlTemplate\":\"https:\\\/\\\/www.entreculturas.org\\\/ca\\\/?s={search_term_string}\"},\"query-input\":{\"@type\":\"PropertyValueSpecification\",\"valueRequired\":true,\"valueName\":\"search_term_string\"}}],\"inLanguage\":\"ca\"},{\"@type\":\"Organization\",\"@id\":\"https:\\\/\\\/www.entreculturas.org\\\/ca\\\/#organization\",\"name\":\"Entreculturas\",\"url\":\"https:\\\/\\\/www.entreculturas.org\\\/ca\\\/\",\"logo\":{\"@type\":\"ImageObject\",\"inLanguage\":\"ca\",\"@id\":\"https:\\\/\\\/www.entreculturas.org\\\/ca\\\/#\\\/schema\\\/logo\\\/image\\\/\",\"url\":\"https:\\\/\\\/www.entreculturas.org\\\/wp-content\\\/uploads\\\/2025\\\/10\\\/ESP.svg\",\"contentUrl\":\"https:\\\/\\\/www.entreculturas.org\\\/wp-content\\\/uploads\\\/2025\\\/10\\\/ESP.svg\",\"caption\":\"Entreculturas\"},\"image\":{\"@id\":\"https:\\\/\\\/www.entreculturas.org\\\/ca\\\/#\\\/schema\\\/logo\\\/image\\\/\"},\"sameAs\":[\"https:\\\/\\\/www.facebook.com\\\/entreculturas\",\"https:\\\/\\\/x.com\\\/Entreculturas\",\"https:\\\/\\\/www.instagram.com\\\/entreculturas\\\/\",\"https:\\\/\\\/www.youtube.com\\\/user\\\/entreculturasvideo\",\"https:\\\/\\\/www.linkedin.com\\\/company\\\/fundacion-entreculturas-ngdo\\\/\",\"https:\\\/\\\/www.flickr.com\\\/photos\\\/98455522@N04\\\/albums\\\/\"]}]}<\/script>\n<!-- \/ Yoast SEO Premium plugin. -->","yoast_head_json":{"title":"Dossier \u00a1NO QUIERO dejar de aprender! - Entreculturas","robots":{"index":"index","follow":"follow","max-snippet":"max-snippet:-1","max-image-preview":"max-image-preview:large","max-video-preview":"max-video-preview:-1"},"canonical":"https:\/\/www.entreculturas.org\/ca\/material\/dossier-no-quiero-dejar-de-aprender\/","og_locale":"ca_ES","og_type":"article","og_title":"Dossier \u00a1NO QUIERO dejar de aprender!","og_description":"Desde Entreculturas, bajo la alianza NO QUIERO -de la que formamos parte junto con Amnist\u00eda Internacional, Mundo Cooperante y Save the Children-, seguimos defendiendo los derechos de las ni\u00f1as que sufren y luchan contra la violencia sexual y el matrimonio infantil, temprano y forzoso.  A trav\u00e9s del informe conjunto \u00abDiez retos para que las ni\u00f1as puedan ir a la escuela en todo el mundo\u00ab, queremos poner de manifiesto la realidad que viven millones de ni\u00f1as en el mundo y los retos a los que nos enfrentamos para mejorar sus vidas.","og_url":"https:\/\/www.entreculturas.org\/ca\/material\/dossier-no-quiero-dejar-de-aprender\/","og_site_name":"Entreculturas","article_publisher":"https:\/\/www.facebook.com\/entreculturas","article_modified_time":"2024-09-16T15:31:30+00:00","og_image":[{"width":800,"height":400,"url":"https:\/\/www.entreculturas.org\/wp-content\/uploads\/2024\/09\/port_twitter_2021-1.jpg","type":"image\/jpeg"}],"twitter_card":"summary_large_image","twitter_site":"@Entreculturas","schema":{"@context":"https:\/\/schema.org","@graph":[{"@type":"WebPage","@id":"https:\/\/www.entreculturas.org\/ca\/material\/dossier-no-quiero-dejar-de-aprender\/","url":"https:\/\/www.entreculturas.org\/ca\/material\/dossier-no-quiero-dejar-de-aprender\/","name":"Dossier \u00a1NO QUIERO dejar de aprender! - Entreculturas","isPartOf":{"@id":"https:\/\/www.entreculturas.org\/ca\/#website"},"primaryImageOfPage":{"@id":"https:\/\/www.entreculturas.org\/ca\/material\/dossier-no-quiero-dejar-de-aprender\/#primaryimage"},"image":{"@id":"https:\/\/www.entreculturas.org\/ca\/material\/dossier-no-quiero-dejar-de-aprender\/#primaryimage"},"thumbnailUrl":"https:\/\/www.entreculturas.org\/wp-content\/uploads\/2024\/09\/port_twitter_2021-1.jpg","datePublished":"2024-09-06T07:07:11+00:00","dateModified":"2024-09-16T15:31:30+00:00","breadcrumb":{"@id":"https:\/\/www.entreculturas.org\/ca\/material\/dossier-no-quiero-dejar-de-aprender\/#breadcrumb"},"inLanguage":"ca","potentialAction":[{"@type":"ReadAction","target":["https:\/\/www.entreculturas.org\/ca\/material\/dossier-no-quiero-dejar-de-aprender\/"]}]},{"@type":"ImageObject","inLanguage":"ca","@id":"https:\/\/www.entreculturas.org\/ca\/material\/dossier-no-quiero-dejar-de-aprender\/#primaryimage","url":"https:\/\/www.entreculturas.org\/wp-content\/uploads\/2024\/09\/port_twitter_2021-1.jpg","contentUrl":"https:\/\/www.entreculturas.org\/wp-content\/uploads\/2024\/09\/port_twitter_2021-1.jpg","width":800,"height":400},{"@type":"BreadcrumbList","@id":"https:\/\/www.entreculturas.org\/ca\/material\/dossier-no-quiero-dejar-de-aprender\/#breadcrumb","itemListElement":[{"@type":"ListItem","position":1,"name":"Home","item":"https:\/\/www.entreculturas.org\/ca\/"},{"@type":"ListItem","position":2,"name":"Dossier \u00a1NO QUIERO dejar de aprender!"}]},{"@type":"WebSite","@id":"https:\/\/www.entreculturas.org\/ca\/#website","url":"https:\/\/www.entreculturas.org\/ca\/","name":"Entreculturas","description":"","publisher":{"@id":"https:\/\/www.entreculturas.org\/ca\/#organization"},"alternateName":"Entreculturas","potentialAction":[{"@type":"SearchAction","target":{"@type":"EntryPoint","urlTemplate":"https:\/\/www.entreculturas.org\/ca\/?s={search_term_string}"},"query-input":{"@type":"PropertyValueSpecification","valueRequired":true,"valueName":"search_term_string"}}],"inLanguage":"ca"},{"@type":"Organization","@id":"https:\/\/www.entreculturas.org\/ca\/#organization","name":"Entreculturas","url":"https:\/\/www.entreculturas.org\/ca\/","logo":{"@type":"ImageObject","inLanguage":"ca","@id":"https:\/\/www.entreculturas.org\/ca\/#\/schema\/logo\/image\/","url":"https:\/\/www.entreculturas.org\/wp-content\/uploads\/2025\/10\/ESP.svg","contentUrl":"https:\/\/www.entreculturas.org\/wp-content\/uploads\/2025\/10\/ESP.svg","caption":"Entreculturas"},"image":{"@id":"https:\/\/www.entreculturas.org\/ca\/#\/schema\/logo\/image\/"},"sameAs":["https:\/\/www.facebook.com\/entreculturas","https:\/\/x.com\/Entreculturas","https:\/\/www.instagram.com\/entreculturas\/","https:\/\/www.youtube.com\/user\/entreculturasvideo","https:\/\/www.linkedin.com\/company\/fundacion-entreculturas-ngdo\/","https:\/\/www.flickr.com\/photos\/98455522@N04\/albums\/"]}]}},"_links":{"self":[{"href":"https:\/\/www.entreculturas.org\/ca\/wp-json\/wp\/v2\/material\/31027","targetHints":{"allow":["GET"]}}],"collection":[{"href":"https:\/\/www.entreculturas.org\/ca\/wp-json\/wp\/v2\/material"}],"about":[{"href":"https:\/\/www.entreculturas.org\/ca\/wp-json\/wp\/v2\/types\/material"}],"wp:featuredmedia":[{"embeddable":true,"href":"https:\/\/www.entreculturas.org\/ca\/wp-json\/wp\/v2\/media\/31029"}],"wp:attachment":[{"href":"https:\/\/www.entreculturas.org\/ca\/wp-json\/wp\/v2\/media?parent=31027"}],"wp:term":[{"taxonomy":"category","embeddable":true,"href":"https:\/\/www.entreculturas.org\/ca\/wp-json\/wp\/v2\/categories?post=31027"},{"taxonomy":"post_tag","embeddable":true,"href":"https:\/\/www.entreculturas.org\/ca\/wp-json\/wp\/v2\/tags?post=31027"},{"taxonomy":"link-pdf","embeddable":true,"href":"https:\/\/www.entreculturas.org\/ca\/wp-json\/wp\/v2\/link-pdf?post=31027"}],"curies":[{"name":"wp","href":"https:\/\/api.w.org\/{rel}","templated":true}]}}

<p>Desde Entreculturas, bajo la alianza NO QUIERO -de la que formamos parte junto con Amnistía Internacional, Mundo Cooperante y Save the Children-, seguimos defendiendo los derechos de las niñas que sufren y luchan contra la violencia sexual y el matrimonio infantil, temprano y forzoso. </p>
<p>A través del informe conjunto «Diez retos para que las niñas puedan ir a la escuela en todo el mundo«, queremos poner de manifiesto la realidad que viven millones de niñas en el mundo y los retos a los que nos enfrentamos para mejorar sus vidas.</p>

<!-- This site is optimized with the Yoast SEO Premium plugin v21.6 (Yoast SEO v27.5) - https://yoast.com/product/yoast-seo-premium-wordpress/ -->
<title>Dossier ¡NO QUIERO dejar de aprender! - Entreculturas</title>
<meta name="robots" content="index, follow, max-snippet:-1, max-image-preview:large, max-video-preview:-1" />
<link rel="canonical" href="https://www.entreculturas.org/ca/material/dossier-no-quiero-dejar-de-aprender/" />
<meta property="og:locale" content="ca_ES" />
<meta property="og:type" content="article" />
<meta property="og:title" content="Dossier ¡NO QUIERO dejar de aprender!" />
<meta property="og:description" content="Desde Entreculturas, bajo la alianza NO QUIERO -de la que formamos parte junto con Amnistía Internacional, Mundo Cooperante y Save the Children-, seguimos defendiendo los derechos de las niñas que sufren y luchan contra la violencia sexual y el matrimonio infantil, temprano y forzoso.  A través del informe conjunto «Diez retos para que las niñas puedan ir a la escuela en todo el mundo«, queremos poner de manifiesto la realidad que viven millones de niñas en el mundo y los retos a los que nos enfrentamos para mejorar sus vidas." />
<meta property="og:url" content="https://www.entreculturas.org/ca/material/dossier-no-quiero-dejar-de-aprender/" />
<meta property="og:site_name" content="Entreculturas" />
<meta property="article:publisher" content="https://www.facebook.com/entreculturas" />
<meta property="article:modified_time" content="2024-09-16T15:31:30+00:00" />
<meta property="og:image" content="https://www.entreculturas.org/wp-content/uploads/2024/09/port_twitter_2021-1.jpg" />
	<meta property="og:image:width" content="800" />
	<meta property="og:image:height" content="400" />
	<meta property="og:image:type" content="image/jpeg" />
<meta name="twitter:card" content="summary_large_image" />
<meta name="twitter:site" content="@Entreculturas" />
<script type="application/ld+json" class="yoast-schema-graph">{"@context":"https:\/\/schema.org","@graph":[{"@type":"WebPage","@id":"https:\/\/www.entreculturas.org\/ca\/material\/dossier-no-quiero-dejar-de-aprender\/","url":"https:\/\/www.entreculturas.org\/ca\/material\/dossier-no-quiero-dejar-de-aprender\/","name":"Dossier ¡NO QUIERO dejar de aprender! - Entreculturas","isPartOf":{"@id":"https:\/\/www.entreculturas.org\/ca\/#website"},"primaryImageOfPage":{"@id":"https:\/\/www.entreculturas.org\/ca\/material\/dossier-no-quiero-dejar-de-aprender\/#primaryimage"},"image":{"@id":"https:\/\/www.entreculturas.org\/ca\/material\/dossier-no-quiero-dejar-de-aprender\/#primaryimage"},"thumbnailUrl":"https:\/\/www.entreculturas.org\/wp-content\/uploads\/2024\/09\/port_twitter_2021-1.jpg","datePublished":"2024-09-06T07:07:11+00:00","dateModified":"2024-09-16T15:31:30+00:00","breadcrumb":{"@id":"https:\/\/www.entreculturas.org\/ca\/material\/dossier-no-quiero-dejar-de-aprender\/#breadcrumb"},"inLanguage":"ca","potentialAction":[{"@type":"ReadAction","target":["https:\/\/www.entreculturas.org\/ca\/material\/dossier-no-quiero-dejar-de-aprender\/"]}]},{"@type":"ImageObject","inLanguage":"ca","@id":"https:\/\/www.entreculturas.org\/ca\/material\/dossier-no-quiero-dejar-de-aprender\/#primaryimage","url":"https:\/\/www.entreculturas.org\/wp-content\/uploads\/2024\/09\/port_twitter_2021-1.jpg","contentUrl":"https:\/\/www.entreculturas.org\/wp-content\/uploads\/2024\/09\/port_twitter_2021-1.jpg","width":800,"height":400},{"@type":"BreadcrumbList","@id":"https:\/\/www.entreculturas.org\/ca\/material\/dossier-no-quiero-dejar-de-aprender\/#breadcrumb","itemListElement":[{"@type":"ListItem","position":1,"name":"Home","item":"https:\/\/www.entreculturas.org\/ca\/"},{"@type":"ListItem","position":2,"name":"Dossier ¡NO QUIERO dejar de aprender!"}]},{"@type":"WebSite","@id":"https:\/\/www.entreculturas.org\/ca\/#website","url":"https:\/\/www.entreculturas.org\/ca\/","name":"Entreculturas","description":"","publisher":{"@id":"https:\/\/www.entreculturas.org\/ca\/#organization"},"alternateName":"Entreculturas","potentialAction":[{"@type":"SearchAction","target":{"@type":"EntryPoint","urlTemplate":"https:\/\/www.entreculturas.org\/ca\/?s={search_term_string}"},"query-input":{"@type":"PropertyValueSpecification","valueRequired":true,"valueName":"search_term_string"}}],"inLanguage":"ca"},{"@type":"Organization","@id":"https:\/\/www.entreculturas.org\/ca\/#organization","name":"Entreculturas","url":"https:\/\/www.entreculturas.org\/ca\/","logo":{"@type":"ImageObject","inLanguage":"ca","@id":"https:\/\/www.entreculturas.org\/ca\/#\/schema\/logo\/image\/","url":"https:\/\/www.entreculturas.org\/wp-content\/uploads\/2025\/10\/ESP.svg","contentUrl":"https:\/\/www.entreculturas.org\/wp-content\/uploads\/2025\/10\/ESP.svg","caption":"Entreculturas"},"image":{"@id":"https:\/\/www.entreculturas.org\/ca\/#\/schema\/logo\/image\/"},"sameAs":["https:\/\/www.facebook.com\/entreculturas","https:\/\/x.com\/Entreculturas","https:\/\/www.instagram.com\/entreculturas\/","https:\/\/www.youtube.com\/user\/entreculturasvideo","https:\/\/www.linkedin.com\/company\/fundacion-entreculturas-ngdo\/","https:\/\/www.flickr.com\/photos\/98455522@N04\/albums\/"]}]}</script>
<!-- / Yoast SEO Premium plugin. -->

Desde Entreculturas, bajo la alianza NO QUIERO -de la que formamos parte junto con Amnistía Internacional, Mundo Cooperante y Save the Children-, seguimos defendiendo los derechos de las niñas que sufren y luchan contra la violencia sexual y el matrimonio infantil, temprano y forzoso.  A través del informe conjunto «Diez retos para que las niñas puedan ir a la escuela en todo el mundo«, queremos poner de manifiesto la realidad que viven millones de niñas en el mundo y los retos a los que nos enfrentamos para mejorar sus vidas.
