{"version":"1.0","provider_name":"Entreculturas","provider_url":"https:\/\/www.entreculturas.org\/ca\/","title":"Educaci\u00f3n, motor de Derechos Humanos","type":"rich","width":600,"height":338,"html":"<blockquote class=\"wp-embedded-content\" data-secret=\"5OALtUJBwu\"><a href=\"https:\/\/www.entreculturas.org\/ca\/publicacion\/educaci-n-motor-de-derechos-humanos\/\">Educaci\u00f3n, motor de Derechos Humanos<\/a><\/blockquote><iframe sandbox=\"allow-scripts\" security=\"restricted\" src=\"https:\/\/www.entreculturas.org\/ca\/publicacion\/educaci-n-motor-de-derechos-humanos\/embed\/#?secret=5OALtUJBwu\" width=\"600\" height=\"338\" title=\"&#8220;Educaci\u00f3n, motor de Derechos Humanos&#8221; &#8212; Entreculturas\" data-secret=\"5OALtUJBwu\" frameborder=\"0\" marginwidth=\"0\" marginheight=\"0\" scrolling=\"no\" class=\"wp-embedded-content\"><\/iframe><script>\n\/*! This file is auto-generated *\/\n!function(d,l){\"use strict\";l.querySelector&&d.addEventListener&&\"undefined\"!=typeof URL&&(d.wp=d.wp||{},d.wp.receiveEmbedMessage||(d.wp.receiveEmbedMessage=function(e){var t=e.data;if((t||t.secret||t.message||t.value)&&!\/[^a-zA-Z0-9]\/.test(t.secret)){for(var s,r,n,a=l.querySelectorAll('iframe[data-secret=\"'+t.secret+'\"]'),o=l.querySelectorAll('blockquote[data-secret=\"'+t.secret+'\"]'),c=new RegExp(\"^https?:$\",\"i\"),i=0;i<o.length;i++)o[i].style.display=\"none\";for(i=0;i<a.length;i++)s=a[i],e.source===s.contentWindow&&(s.removeAttribute(\"style\"),\"height\"===t.message?(1e3<(r=parseInt(t.value,10))?r=1e3:~~r<200&&(r=200),s.height=r):\"link\"===t.message&&(r=new URL(s.getAttribute(\"src\")),n=new URL(t.value),c.test(n.protocol))&&n.host===r.host&&l.activeElement===s&&(d.top.location.href=t.value))}},d.addEventListener(\"message\",d.wp.receiveEmbedMessage,!1),l.addEventListener(\"DOMContentLoaded\",function(){for(var e,t,s=l.querySelectorAll(\"iframe.wp-embedded-content\"),r=0;r<s.length;r++)(t=(e=s[r]).getAttribute(\"data-secret\"))||(t=Math.random().toString(36).substring(2,12),e.src+=\"#?secret=\"+t,e.setAttribute(\"data-secret\",t)),e.contentWindow.postMessage({message:\"ready\",secret:t},\"*\")},!1)))}(window,document);\n\/\/# sourceURL=https:\/\/www.entreculturas.org\/wp-includes\/js\/wp-embed.min.js\n<\/script>\n","thumbnail_url":null,"thumbnail_width":null,"thumbnail_height":null,"description":"Material formativo que nos habla de la educaci\u00f3n, no solo como un derecho fundamental recogido en la Declaraci\u00f3n Universal de Derechos Humanos, sino que adem\u00e1s tiene un papel destacado como promotora de los dem\u00e1s derechos. Por otra parte, garantizar el derecho a una educaci\u00f3n de calidad es imprescindible para lograr una sociedad enraizada en el respeto a la dignidad humana.&nbsp; Palabras clave: Educaci\u00f3n, Derechos Humanos, Aulas que cambian el mundo.&nbsp;"}

Educación, motor de Derechos Humanos

<blockquote class="wp-embedded-content" data-secret="5OALtUJBwu"><a href="https://www.entreculturas.org/ca/publicacion/educaci-n-motor-de-derechos-humanos/">Educación, motor de Derechos Humanos</a></blockquote><iframe sandbox="allow-scripts" security="restricted" src="https://www.entreculturas.org/ca/publicacion/educaci-n-motor-de-derechos-humanos/embed/#?secret=5OALtUJBwu" width="600" height="338" title="&#8220;Educación, motor de Derechos Humanos&#8221; &#8212; Entreculturas" data-secret="5OALtUJBwu" frameborder="0" marginwidth="0" marginheight="0" scrolling="no" class="wp-embedded-content"></iframe><script>
/*! This file is auto-generated */
!function(d,l){"use strict";l.querySelector&&d.addEventListener&&"undefined"!=typeof URL&&(d.wp=d.wp||{},d.wp.receiveEmbedMessage||(d.wp.receiveEmbedMessage=function(e){var t=e.data;if((t||t.secret||t.message||t.value)&&!/[^a-zA-Z0-9]/.test(t.secret)){for(var s,r,n,a=l.querySelectorAll('iframe[data-secret="'+t.secret+'"]'),o=l.querySelectorAll('blockquote[data-secret="'+t.secret+'"]'),c=new RegExp("^https?:$","i"),i=0;i<o.length;i++)o[i].style.display="none";for(i=0;i<a.length;i++)s=a[i],e.source===s.contentWindow&&(s.removeAttribute("style"),"height"===t.message?(1e3<(r=parseInt(t.value,10))?r=1e3:~~r<200&&(r=200),s.height=r):"link"===t.message&&(r=new URL(s.getAttribute("src")),n=new URL(t.value),c.test(n.protocol))&&n.host===r.host&&l.activeElement===s&&(d.top.location.href=t.value))}},d.addEventListener("message",d.wp.receiveEmbedMessage,!1),l.addEventListener("DOMContentLoaded",function(){for(var e,t,s=l.querySelectorAll("iframe.wp-embedded-content"),r=0;r<s.length;r++)(t=(e=s[r]).getAttribute("data-secret"))||(t=Math.random().toString(36).substring(2,12),e.src+="#?secret="+t,e.setAttribute("data-secret",t)),e.contentWindow.postMessage({message:"ready",secret:t},"*")},!1)))}(window,document);
//# sourceURL=https://www.entreculturas.org/wp-includes/js/wp-embed.min.js
</script>

Material formativo que nos habla de la educación, no solo como un derecho fundamental recogido en la Declaración Universal de Derechos Humanos, sino que además tiene un papel destacado como promotora de los demás derechos. Por otra parte, garantizar el derecho a una educación de calidad es imprescindible para lograr una sociedad enraizada en el respeto a la dignidad humana.&nbsp; Palabras clave: Educación, Derechos Humanos, Aulas que cambian el mundo.&nbsp;
