{"version":"1.0","provider_name":"Entreculturas","provider_url":"https:\/\/www.entreculturas.org\/ca\/","title":"Calendario Escolar curso 2021\/2022","type":"rich","width":600,"height":338,"html":"<blockquote class=\"wp-embedded-content\" data-secret=\"WVpDpakZXd\"><a href=\"https:\/\/www.entreculturas.org\/ca\/publicacion\/calendario-escolar-curso-20212022\/\">Calendario Escolar curso 2021\/2022<\/a><\/blockquote><iframe sandbox=\"allow-scripts\" security=\"restricted\" src=\"https:\/\/www.entreculturas.org\/ca\/publicacion\/calendario-escolar-curso-20212022\/embed\/#?secret=WVpDpakZXd\" width=\"600\" height=\"338\" title=\"&#8220;Calendario Escolar curso 2021\/2022&#8221; &#8212; Entreculturas\" data-secret=\"WVpDpakZXd\" frameborder=\"0\" marginwidth=\"0\" marginheight=\"0\" scrolling=\"no\" class=\"wp-embedded-content\"><\/iframe><script>\n\/*! This file is auto-generated *\/\n!function(d,l){\"use strict\";l.querySelector&&d.addEventListener&&\"undefined\"!=typeof URL&&(d.wp=d.wp||{},d.wp.receiveEmbedMessage||(d.wp.receiveEmbedMessage=function(e){var t=e.data;if((t||t.secret||t.message||t.value)&&!\/[^a-zA-Z0-9]\/.test(t.secret)){for(var s,r,n,a=l.querySelectorAll('iframe[data-secret=\"'+t.secret+'\"]'),o=l.querySelectorAll('blockquote[data-secret=\"'+t.secret+'\"]'),c=new RegExp(\"^https?:$\",\"i\"),i=0;i<o.length;i++)o[i].style.display=\"none\";for(i=0;i<a.length;i++)s=a[i],e.source===s.contentWindow&&(s.removeAttribute(\"style\"),\"height\"===t.message?(1e3<(r=parseInt(t.value,10))?r=1e3:~~r<200&&(r=200),s.height=r):\"link\"===t.message&&(r=new URL(s.getAttribute(\"src\")),n=new URL(t.value),c.test(n.protocol))&&n.host===r.host&&l.activeElement===s&&(d.top.location.href=t.value))}},d.addEventListener(\"message\",d.wp.receiveEmbedMessage,!1),l.addEventListener(\"DOMContentLoaded\",function(){for(var e,t,s=l.querySelectorAll(\"iframe.wp-embedded-content\"),r=0;r<s.length;r++)(t=(e=s[r]).getAttribute(\"data-secret\"))||(t=Math.random().toString(36).substring(2,12),e.src+=\"#?secret=\"+t,e.setAttribute(\"data-secret\",t)),e.contentWindow.postMessage({message:\"ready\",secret:t},\"*\")},!1)))}(window,document);\n\/\/# sourceURL=https:\/\/www.entreculturas.org\/wp-includes\/js\/wp-embed.min.js\n<\/script>\n","thumbnail_url":"https:\/\/www.entreculturas.org\/wp-content\/uploads\/2021\/06\/portada_calendario_-_copia.png","thumbnail_width":438,"thumbnail_height":321,"description":"Os presentamos el calendario escolar de Entreculturas para el curso 2021\/2022, que ponemos a disposici\u00f3n tanto en castellano como en catal\u00e1n.&nbsp; Bajo el t\u00edtulo de \u201cNuestro momento es ahora\u201d nos invita a enfrentar las dificultades de la situaci\u00f3n global que atravesamos, convirtiendo el escenario actual en una nueva oportunidad para continuar trabajando en red como ciudadan\u00eda global por la igualdad y la transformaci\u00f3n social, dando respuesta a los retos globales de nuestro tiempo. El calendario incluye una explicaci\u00f3n de los materiales educativos de Entreculturas para el curso 2021\/2022, as\u00ed como una foto con un lema educativo y una selecci\u00f3n de D\u00edas Internacionales por mes relacionados con la justicia y la solidaridad, que se\u00f1alan retos globales sobre los que podemos trabajar con nuestros grupos de j\u00f3venes. Estas im\u00e1genes pueden ser utilizadas a su vez para distintas actividades educativas una vez que pasa el a\u00f1o que cubre este calendario. Adem\u00e1s, incluye un [&hellip;]"}

Os presentamos el calendario escolar de Entreculturas para el curso 2021/2022, que ponemos a disposición tanto en castellano como en catalán.&nbsp; Bajo el título de “Nuestro momento es ahora” nos invita a enfrentar las dificultades de la situación global que atravesamos, convirtiendo el escenario actual en una nueva oportunidad para continuar trabajando en red como ciudadanía global por la igualdad y la transformación social, dando respuesta a los retos globales de nuestro tiempo. El calendario incluye una explicación de los materiales educativos de Entreculturas para el curso 2021/2022, así como una foto con un lema educativo y una selección de Días Internacionales por mes relacionados con la justicia y la solidaridad, que señalan retos globales sobre los que podemos trabajar con nuestros grupos de jóvenes. Estas imágenes pueden ser utilizadas a su vez para distintas actividades educativas una vez que pasa el año que cubre este calendario. Además, incluye un [&hellip;]
