{"version":"1.0","provider_name":"Entreculturas","provider_url":"https:\/\/www.entreculturas.org\/ca\/","title":"\"La paz por medios pac\u00edficos es nuestro reto\"","type":"rich","width":600,"height":338,"html":"<blockquote class=\"wp-embedded-content\" data-secret=\"4SvAijJFo0\"><a href=\"https:\/\/www.entreculturas.org\/ca\/podcast\/la-paz-por-medios-pacificos-es-nuestro-reto\/\">&#8220;La paz por medios pac\u00edficos es nuestro reto&#8221;<\/a><\/blockquote><iframe sandbox=\"allow-scripts\" security=\"restricted\" src=\"https:\/\/www.entreculturas.org\/ca\/podcast\/la-paz-por-medios-pacificos-es-nuestro-reto\/embed\/#?secret=4SvAijJFo0\" width=\"600\" height=\"338\" title=\"&#8220;&#8220;La paz por medios pac\u00edficos es nuestro reto&#8221;&#8221; &#8212; Entreculturas\" data-secret=\"4SvAijJFo0\" frameborder=\"0\" marginwidth=\"0\" marginheight=\"0\" scrolling=\"no\" class=\"wp-embedded-content\"><\/iframe><script>\n\/*! This file is auto-generated *\/\n!function(d,l){\"use strict\";l.querySelector&&d.addEventListener&&\"undefined\"!=typeof URL&&(d.wp=d.wp||{},d.wp.receiveEmbedMessage||(d.wp.receiveEmbedMessage=function(e){var t=e.data;if((t||t.secret||t.message||t.value)&&!\/[^a-zA-Z0-9]\/.test(t.secret)){for(var s,r,n,a=l.querySelectorAll('iframe[data-secret=\"'+t.secret+'\"]'),o=l.querySelectorAll('blockquote[data-secret=\"'+t.secret+'\"]'),c=new RegExp(\"^https?:$\",\"i\"),i=0;i<o.length;i++)o[i].style.display=\"none\";for(i=0;i<a.length;i++)s=a[i],e.source===s.contentWindow&&(s.removeAttribute(\"style\"),\"height\"===t.message?(1e3<(r=parseInt(t.value,10))?r=1e3:~~r<200&&(r=200),s.height=r):\"link\"===t.message&&(r=new URL(s.getAttribute(\"src\")),n=new URL(t.value),c.test(n.protocol))&&n.host===r.host&&l.activeElement===s&&(d.top.location.href=t.value))}},d.addEventListener(\"message\",d.wp.receiveEmbedMessage,!1),l.addEventListener(\"DOMContentLoaded\",function(){for(var e,t,s=l.querySelectorAll(\"iframe.wp-embedded-content\"),r=0;r<s.length;r++)(t=(e=s[r]).getAttribute(\"data-secret\"))||(t=Math.random().toString(36).substring(2,12),e.src+=\"#?secret=\"+t,e.setAttribute(\"data-secret\",t)),e.contentWindow.postMessage({message:\"ready\",secret:t},\"*\")},!1)))}(window,document);\n\/\/# sourceURL=https:\/\/www.entreculturas.org\/wp-includes\/js\/wp-embed.min.js\n<\/script>\n","thumbnail_url":"https:\/\/www.entreculturas.org\/wp-content\/uploads\/2024\/09\/WEB.jpg","thumbnail_width":800,"thumbnail_height":533,"description":"Esta semana en Voces por una Causa, la escritora Julia Navarro conversa con Mar\u00eda Jes\u00fas Luna Serreta, directora del Seminario de Investigaci\u00f3n para la Paz. Con ella, con motivo del D\u00eda Internacional de la Paz, nos acercamos a la resoluci\u00f3n de conflictos, a la mediaci\u00f3n y al di\u00e1logo como herramientas fundamentales para la construcci\u00f3n de paz.\u00a0"}

"La paz por medios pacíficos es nuestro reto"

<blockquote class="wp-embedded-content" data-secret="4SvAijJFo0"><a href="https://www.entreculturas.org/ca/podcast/la-paz-por-medios-pacificos-es-nuestro-reto/">&#8220;La paz por medios pacíficos es nuestro reto&#8221;</a></blockquote><iframe sandbox="allow-scripts" security="restricted" src="https://www.entreculturas.org/ca/podcast/la-paz-por-medios-pacificos-es-nuestro-reto/embed/#?secret=4SvAijJFo0" width="600" height="338" title="&#8220;&#8220;La paz por medios pacíficos es nuestro reto&#8221;&#8221; &#8212; Entreculturas" data-secret="4SvAijJFo0" frameborder="0" marginwidth="0" marginheight="0" scrolling="no" class="wp-embedded-content"></iframe><script>
/*! This file is auto-generated */
!function(d,l){"use strict";l.querySelector&&d.addEventListener&&"undefined"!=typeof URL&&(d.wp=d.wp||{},d.wp.receiveEmbedMessage||(d.wp.receiveEmbedMessage=function(e){var t=e.data;if((t||t.secret||t.message||t.value)&&!/[^a-zA-Z0-9]/.test(t.secret)){for(var s,r,n,a=l.querySelectorAll('iframe[data-secret="'+t.secret+'"]'),o=l.querySelectorAll('blockquote[data-secret="'+t.secret+'"]'),c=new RegExp("^https?:$","i"),i=0;i<o.length;i++)o[i].style.display="none";for(i=0;i<a.length;i++)s=a[i],e.source===s.contentWindow&&(s.removeAttribute("style"),"height"===t.message?(1e3<(r=parseInt(t.value,10))?r=1e3:~~r<200&&(r=200),s.height=r):"link"===t.message&&(r=new URL(s.getAttribute("src")),n=new URL(t.value),c.test(n.protocol))&&n.host===r.host&&l.activeElement===s&&(d.top.location.href=t.value))}},d.addEventListener("message",d.wp.receiveEmbedMessage,!1),l.addEventListener("DOMContentLoaded",function(){for(var e,t,s=l.querySelectorAll("iframe.wp-embedded-content"),r=0;r<s.length;r++)(t=(e=s[r]).getAttribute("data-secret"))||(t=Math.random().toString(36).substring(2,12),e.src+="#?secret="+t,e.setAttribute("data-secret",t)),e.contentWindow.postMessage({message:"ready",secret:t},"*")},!1)))}(window,document);
//# sourceURL=https://www.entreculturas.org/wp-includes/js/wp-embed.min.js
</script>

Esta semana en Voces por una Causa, la escritora Julia Navarro conversa con María Jesús Luna Serreta, directora del Seminario de Investigación para la Paz. Con ella, con motivo del Día Internacional de la Paz, nos acercamos a la resolución de conflictos, a la mediación y al diálogo como herramientas fundamentales para la construcción de paz.
