{"version":"1.0","provider_name":"Entreculturas","provider_url":"https:\/\/www.entreculturas.org\/ca\/","title":"Teresa Mart\u00edn y Gonzalo Pineda - Voluntarios de la Delegaci\u00f3n de Salamanca","type":"rich","width":600,"height":338,"html":"<blockquote class=\"wp-embedded-content\" data-secret=\"VI7mrQewWN\"><a href=\"https:\/\/www.entreculturas.org\/ca\/noticia\/teresa-martin-y-gonzalo-pineda-voluntarios-de-la\/\">Teresa Mart\u00edn y Gonzalo Pineda &#8211; Voluntarios de la Delegaci\u00f3n de Salamanca<\/a><\/blockquote><iframe sandbox=\"allow-scripts\" security=\"restricted\" src=\"https:\/\/www.entreculturas.org\/ca\/noticia\/teresa-martin-y-gonzalo-pineda-voluntarios-de-la\/embed\/#?secret=VI7mrQewWN\" width=\"600\" height=\"338\" title=\"&#8220;Teresa Mart\u00edn y Gonzalo Pineda &#8211; Voluntarios de la Delegaci\u00f3n de Salamanca&#8221; &#8212; Entreculturas\" data-secret=\"VI7mrQewWN\" frameborder=\"0\" marginwidth=\"0\" marginheight=\"0\" scrolling=\"no\" class=\"wp-embedded-content\"><\/iframe><script>\n\/*! This file is auto-generated *\/\n!function(d,l){\"use strict\";l.querySelector&&d.addEventListener&&\"undefined\"!=typeof URL&&(d.wp=d.wp||{},d.wp.receiveEmbedMessage||(d.wp.receiveEmbedMessage=function(e){var t=e.data;if((t||t.secret||t.message||t.value)&&!\/[^a-zA-Z0-9]\/.test(t.secret)){for(var s,r,n,a=l.querySelectorAll('iframe[data-secret=\"'+t.secret+'\"]'),o=l.querySelectorAll('blockquote[data-secret=\"'+t.secret+'\"]'),c=new RegExp(\"^https?:$\",\"i\"),i=0;i<o.length;i++)o[i].style.display=\"none\";for(i=0;i<a.length;i++)s=a[i],e.source===s.contentWindow&&(s.removeAttribute(\"style\"),\"height\"===t.message?(1e3<(r=parseInt(t.value,10))?r=1e3:~~r<200&&(r=200),s.height=r):\"link\"===t.message&&(r=new URL(s.getAttribute(\"src\")),n=new URL(t.value),c.test(n.protocol))&&n.host===r.host&&l.activeElement===s&&(d.top.location.href=t.value))}},d.addEventListener(\"message\",d.wp.receiveEmbedMessage,!1),l.addEventListener(\"DOMContentLoaded\",function(){for(var e,t,s=l.querySelectorAll(\"iframe.wp-embedded-content\"),r=0;r<s.length;r++)(t=(e=s[r]).getAttribute(\"data-secret\"))||(t=Math.random().toString(36).substring(2,12),e.src+=\"#?secret=\"+t,e.setAttribute(\"data-secret\",t)),e.contentWindow.postMessage({message:\"ready\",secret:t},\"*\")},!1)))}(window,document);\n\/\/# sourceURL=https:\/\/www.entreculturas.org\/wp-includes\/js\/wp-embed.min.js\n<\/script>\n","thumbnail_url":"https:\/\/www.entreculturas.org\/wp-content\/uploads\/2023\/12\/teresa_martin_gonzalo_pineda.jpg","thumbnail_width":600,"thumbnail_height":356,"description":"Una lectura f\u00edlmica de los ODS: el guion de nuestro futuro Teresa y Gonzalo, \u00bfC\u00f3mo decid\u00eds haceros voluntarios de Entreculturas?Nuestra preocupaci\u00f3n por la falta de equidistancia social, en lo concerniente a derechos y oportunidades, nos condujo a convertirnos en voluntarios de Entreculturas. Desde la delegaci\u00f3n de Salamanca advertimos en la educaci\u00f3n el aut\u00e9ntico germen de cambio, identificando la escuela como los cimientos sobre los que construir nuevos tejidos sociales, de sencilla permeabilidad.&nbsp; El SGD Film es un proyecto liderado por Entreculturas y financiado por la Uni\u00f3n Europea que trabaja los ODS a trav\u00e9s de recursos audiovisuales y en el que vosotros est\u00e1is participando. \u00bfc\u00f3mo se ha gestado este proyecto?&nbsp;Vivimos en un planeta que ve agotados sus recursos, bajo la tutela de una moral colectiva desgastada, por ello, nuestra generaci\u00f3n asume un cambio de paradigma que nos insta a reaccionar. Esta realidad engarza con las propuestas, de r\u00e9gimen pol\u00edtico, para el [&hellip;]"}

Teresa Martín y Gonzalo Pineda - Voluntarios de la Delegación de Salamanca

<blockquote class="wp-embedded-content" data-secret="VI7mrQewWN"><a href="https://www.entreculturas.org/ca/noticia/teresa-martin-y-gonzalo-pineda-voluntarios-de-la/">Teresa Martín y Gonzalo Pineda &#8211; Voluntarios de la Delegación de Salamanca</a></blockquote><iframe sandbox="allow-scripts" security="restricted" src="https://www.entreculturas.org/ca/noticia/teresa-martin-y-gonzalo-pineda-voluntarios-de-la/embed/#?secret=VI7mrQewWN" width="600" height="338" title="&#8220;Teresa Martín y Gonzalo Pineda &#8211; Voluntarios de la Delegación de Salamanca&#8221; &#8212; Entreculturas" data-secret="VI7mrQewWN" frameborder="0" marginwidth="0" marginheight="0" scrolling="no" class="wp-embedded-content"></iframe><script>
/*! This file is auto-generated */
!function(d,l){"use strict";l.querySelector&&d.addEventListener&&"undefined"!=typeof URL&&(d.wp=d.wp||{},d.wp.receiveEmbedMessage||(d.wp.receiveEmbedMessage=function(e){var t=e.data;if((t||t.secret||t.message||t.value)&&!/[^a-zA-Z0-9]/.test(t.secret)){for(var s,r,n,a=l.querySelectorAll('iframe[data-secret="'+t.secret+'"]'),o=l.querySelectorAll('blockquote[data-secret="'+t.secret+'"]'),c=new RegExp("^https?:$","i"),i=0;i<o.length;i++)o[i].style.display="none";for(i=0;i<a.length;i++)s=a[i],e.source===s.contentWindow&&(s.removeAttribute("style"),"height"===t.message?(1e3<(r=parseInt(t.value,10))?r=1e3:~~r<200&&(r=200),s.height=r):"link"===t.message&&(r=new URL(s.getAttribute("src")),n=new URL(t.value),c.test(n.protocol))&&n.host===r.host&&l.activeElement===s&&(d.top.location.href=t.value))}},d.addEventListener("message",d.wp.receiveEmbedMessage,!1),l.addEventListener("DOMContentLoaded",function(){for(var e,t,s=l.querySelectorAll("iframe.wp-embedded-content"),r=0;r<s.length;r++)(t=(e=s[r]).getAttribute("data-secret"))||(t=Math.random().toString(36).substring(2,12),e.src+="#?secret="+t,e.setAttribute("data-secret",t)),e.contentWindow.postMessage({message:"ready",secret:t},"*")},!1)))}(window,document);
//# sourceURL=https://www.entreculturas.org/wp-includes/js/wp-embed.min.js
</script>

Una lectura fílmica de los ODS: el guion de nuestro futuro Teresa y Gonzalo, ¿Cómo decidís haceros voluntarios de Entreculturas?Nuestra preocupación por la falta de equidistancia social, en lo concerniente a derechos y oportunidades, nos condujo a convertirnos en voluntarios de Entreculturas. Desde la delegación de Salamanca advertimos en la educación el auténtico germen de cambio, identificando la escuela como los cimientos sobre los que construir nuevos tejidos sociales, de sencilla permeabilidad.&nbsp; El SGD Film es un proyecto liderado por Entreculturas y financiado por la Unión Europea que trabaja los ODS a través de recursos audiovisuales y en el que vosotros estáis participando. ¿cómo se ha gestado este proyecto?&nbsp;Vivimos en un planeta que ve agotados sus recursos, bajo la tutela de una moral colectiva desgastada, por ello, nuestra generación asume un cambio de paradigma que nos insta a reaccionar. Esta realidad engarza con las propuestas, de régimen político, para el [&hellip;]
