{"version":"1.0","provider_name":"Entreculturas","provider_url":"https:\/\/www.entreculturas.org\/ca\/","title":"Gerardo Molpeceres L\u00f3pez Arquitecto y Formador VOLPA","type":"rich","width":600,"height":338,"html":"<blockquote class=\"wp-embedded-content\" data-secret=\"TROKGZpbCG\"><a href=\"https:\/\/www.entreculturas.org\/ca\/noticia\/gerardo-molpeceres-lopez-arquitecto-y-formador-volpa\/\">Gerardo Molpeceres L\u00f3pez Arquitecto y Formador VOLPA<\/a><\/blockquote><iframe sandbox=\"allow-scripts\" security=\"restricted\" src=\"https:\/\/www.entreculturas.org\/ca\/noticia\/gerardo-molpeceres-lopez-arquitecto-y-formador-volpa\/embed\/#?secret=TROKGZpbCG\" width=\"600\" height=\"338\" title=\"&#8220;Gerardo Molpeceres L\u00f3pez Arquitecto y Formador VOLPA&#8221; &#8212; Entreculturas\" data-secret=\"TROKGZpbCG\" frameborder=\"0\" marginwidth=\"0\" marginheight=\"0\" scrolling=\"no\" class=\"wp-embedded-content\"><\/iframe><script>\n\/*! This file is auto-generated *\/\n!function(d,l){\"use strict\";l.querySelector&&d.addEventListener&&\"undefined\"!=typeof URL&&(d.wp=d.wp||{},d.wp.receiveEmbedMessage||(d.wp.receiveEmbedMessage=function(e){var t=e.data;if((t||t.secret||t.message||t.value)&&!\/[^a-zA-Z0-9]\/.test(t.secret)){for(var s,r,n,a=l.querySelectorAll('iframe[data-secret=\"'+t.secret+'\"]'),o=l.querySelectorAll('blockquote[data-secret=\"'+t.secret+'\"]'),c=new RegExp(\"^https?:$\",\"i\"),i=0;i<o.length;i++)o[i].style.display=\"none\";for(i=0;i<a.length;i++)s=a[i],e.source===s.contentWindow&&(s.removeAttribute(\"style\"),\"height\"===t.message?(1e3<(r=parseInt(t.value,10))?r=1e3:~~r<200&&(r=200),s.height=r):\"link\"===t.message&&(r=new URL(s.getAttribute(\"src\")),n=new URL(t.value),c.test(n.protocol))&&n.host===r.host&&l.activeElement===s&&(d.top.location.href=t.value))}},d.addEventListener(\"message\",d.wp.receiveEmbedMessage,!1),l.addEventListener(\"DOMContentLoaded\",function(){for(var e,t,s=l.querySelectorAll(\"iframe.wp-embedded-content\"),r=0;r<s.length;r++)(t=(e=s[r]).getAttribute(\"data-secret\"))||(t=Math.random().toString(36).substring(2,12),e.src+=\"#?secret=\"+t,e.setAttribute(\"data-secret\",t)),e.contentWindow.postMessage({message:\"ready\",secret:t},\"*\")},!1)))}(window,document);\n\/\/# sourceURL=https:\/\/www.entreculturas.org\/wp-includes\/js\/wp-embed.min.js\n<\/script>\n","thumbnail_url":"https:\/\/www.entreculturas.org\/wp-content\/uploads\/2023\/12\/img_0965_color_ok_ok.jpg","thumbnail_width":533,"thumbnail_height":800,"description":"Conoc\u00ed Entreculturas siendo yo mismo voluntario del programa de voluntariado internacional VOLPA en 1992. Unos a\u00f1os despu\u00e9s naci\u00f3 Entreculturas en Zaragoza y empec\u00e9 a colaborar en la formaci\u00f3n de personas que quer\u00edan hacer voluntariado internacional. Me ofrec\u00ed como formador porque quer\u00eda facilitar a otra gente la experiencia del \u201cencuentro con otros\u201d que yo hab\u00eda tenido. \u00a1Y aqu\u00ed llevo ya casi 15 a\u00f1os! Me gusta esta labor porque me permite revivir la experiencia que yo tuve. Me encanta ver c\u00f3mo VOLPA hace cambiar y evolucionar a las personas. Y, por supuesto, tambi\u00e9n me gusta el equipo que hemos formado en Zaragoza: Javier, Marga y yo nos llevamos muy bien, confiamos mutuamente y nos complementamos&#8230; Disfruto contactando con los VOLPA de a\u00f1os pasados y sabiendo qu\u00e9 ha sido de sus vidas, en qu\u00e9 andan, cada uno a su manera implicados en el cambio y la mejora de esta sociedad. Me encantan los [&hellip;]"}

Gerardo Molpeceres López Arquitecto y Formador VOLPA

<blockquote class="wp-embedded-content" data-secret="TROKGZpbCG"><a href="https://www.entreculturas.org/ca/noticia/gerardo-molpeceres-lopez-arquitecto-y-formador-volpa/">Gerardo Molpeceres López Arquitecto y Formador VOLPA</a></blockquote><iframe sandbox="allow-scripts" security="restricted" src="https://www.entreculturas.org/ca/noticia/gerardo-molpeceres-lopez-arquitecto-y-formador-volpa/embed/#?secret=TROKGZpbCG" width="600" height="338" title="&#8220;Gerardo Molpeceres López Arquitecto y Formador VOLPA&#8221; &#8212; Entreculturas" data-secret="TROKGZpbCG" frameborder="0" marginwidth="0" marginheight="0" scrolling="no" class="wp-embedded-content"></iframe><script>
/*! This file is auto-generated */
!function(d,l){"use strict";l.querySelector&&d.addEventListener&&"undefined"!=typeof URL&&(d.wp=d.wp||{},d.wp.receiveEmbedMessage||(d.wp.receiveEmbedMessage=function(e){var t=e.data;if((t||t.secret||t.message||t.value)&&!/[^a-zA-Z0-9]/.test(t.secret)){for(var s,r,n,a=l.querySelectorAll('iframe[data-secret="'+t.secret+'"]'),o=l.querySelectorAll('blockquote[data-secret="'+t.secret+'"]'),c=new RegExp("^https?:$","i"),i=0;i<o.length;i++)o[i].style.display="none";for(i=0;i<a.length;i++)s=a[i],e.source===s.contentWindow&&(s.removeAttribute("style"),"height"===t.message?(1e3<(r=parseInt(t.value,10))?r=1e3:~~r<200&&(r=200),s.height=r):"link"===t.message&&(r=new URL(s.getAttribute("src")),n=new URL(t.value),c.test(n.protocol))&&n.host===r.host&&l.activeElement===s&&(d.top.location.href=t.value))}},d.addEventListener("message",d.wp.receiveEmbedMessage,!1),l.addEventListener("DOMContentLoaded",function(){for(var e,t,s=l.querySelectorAll("iframe.wp-embedded-content"),r=0;r<s.length;r++)(t=(e=s[r]).getAttribute("data-secret"))||(t=Math.random().toString(36).substring(2,12),e.src+="#?secret="+t,e.setAttribute("data-secret",t)),e.contentWindow.postMessage({message:"ready",secret:t},"*")},!1)))}(window,document);
//# sourceURL=https://www.entreculturas.org/wp-includes/js/wp-embed.min.js
</script>

Conocí Entreculturas siendo yo mismo voluntario del programa de voluntariado internacional VOLPA en 1992. Unos años después nació Entreculturas en Zaragoza y empecé a colaborar en la formación de personas que querían hacer voluntariado internacional. Me ofrecí como formador porque quería facilitar a otra gente la experiencia del “encuentro con otros” que yo había tenido. ¡Y aquí llevo ya casi 15 años! Me gusta esta labor porque me permite revivir la experiencia que yo tuve. Me encanta ver cómo VOLPA hace cambiar y evolucionar a las personas. Y, por supuesto, también me gusta el equipo que hemos formado en Zaragoza: Javier, Marga y yo nos llevamos muy bien, confiamos mutuamente y nos complementamos&#8230; Disfruto contactando con los VOLPA de años pasados y sabiendo qué ha sido de sus vidas, en qué andan, cada uno a su manera implicados en el cambio y la mejora de esta sociedad. Me encantan los [&hellip;]
