{"version":"1.0","provider_name":"Entreculturas","provider_url":"https:\/\/www.entreculturas.org\/ca\/","title":"F\u00e1tima de Gracia Lucas Palacios | Profesora Voluntaria de la Red Solidaria de J\u00f3venes","type":"rich","width":600,"height":338,"html":"<blockquote class=\"wp-embedded-content\" data-secret=\"mcLeG6EYtj\"><a href=\"https:\/\/www.entreculturas.org\/ca\/noticia\/fatima-de-gracia-lucas-palacios-profesora-voluntaria-de\/\">F\u00e1tima de Gracia Lucas Palacios | Profesora Voluntaria de la Red Solidaria de J\u00f3venes<\/a><\/blockquote><iframe sandbox=\"allow-scripts\" security=\"restricted\" src=\"https:\/\/www.entreculturas.org\/ca\/noticia\/fatima-de-gracia-lucas-palacios-profesora-voluntaria-de\/embed\/#?secret=mcLeG6EYtj\" width=\"600\" height=\"338\" title=\"&#8220;F\u00e1tima de Gracia Lucas Palacios | Profesora Voluntaria de la Red Solidaria de J\u00f3venes&#8221; &#8212; Entreculturas\" data-secret=\"mcLeG6EYtj\" frameborder=\"0\" marginwidth=\"0\" marginheight=\"0\" scrolling=\"no\" class=\"wp-embedded-content\"><\/iframe><script>\n\/*! This file is auto-generated *\/\n!function(d,l){\"use strict\";l.querySelector&&d.addEventListener&&\"undefined\"!=typeof URL&&(d.wp=d.wp||{},d.wp.receiveEmbedMessage||(d.wp.receiveEmbedMessage=function(e){var t=e.data;if((t||t.secret||t.message||t.value)&&!\/[^a-zA-Z0-9]\/.test(t.secret)){for(var s,r,n,a=l.querySelectorAll('iframe[data-secret=\"'+t.secret+'\"]'),o=l.querySelectorAll('blockquote[data-secret=\"'+t.secret+'\"]'),c=new RegExp(\"^https?:$\",\"i\"),i=0;i<o.length;i++)o[i].style.display=\"none\";for(i=0;i<a.length;i++)s=a[i],e.source===s.contentWindow&&(s.removeAttribute(\"style\"),\"height\"===t.message?(1e3<(r=parseInt(t.value,10))?r=1e3:~~r<200&&(r=200),s.height=r):\"link\"===t.message&&(r=new URL(s.getAttribute(\"src\")),n=new URL(t.value),c.test(n.protocol))&&n.host===r.host&&l.activeElement===s&&(d.top.location.href=t.value))}},d.addEventListener(\"message\",d.wp.receiveEmbedMessage,!1),l.addEventListener(\"DOMContentLoaded\",function(){for(var e,t,s=l.querySelectorAll(\"iframe.wp-embedded-content\"),r=0;r<s.length;r++)(t=(e=s[r]).getAttribute(\"data-secret\"))||(t=Math.random().toString(36).substring(2,12),e.src+=\"#?secret=\"+t,e.setAttribute(\"data-secret\",t)),e.contentWindow.postMessage({message:\"ready\",secret:t},\"*\")},!1)))}(window,document);\n\/\/# sourceURL=https:\/\/www.entreculturas.org\/wp-includes\/js\/wp-embed.min.js\n<\/script>\n","thumbnail_url":"https:\/\/www.entreculturas.org\/wp-content\/uploads\/2023\/12\/gatima_redec.jpg","thumbnail_width":800,"thumbnail_height":665,"description":"F\u00e1tima en Licenciada en Qu\u00edmica y Diplomada en Ciencias Religiosas. En su tiempo libre le gusta mucho hacer senderismo, disfruta con todo lo que tenga que ver con el trabajo manual. Y en otro orden de cosas acompa\u00f1o a un grupo de j\u00f3venes en el tema de la fe. C\u00f3mo conociste la Red \u00bfA trav\u00e9s de Entreculturas?Pues fue de una manera muy bonita. Una buena amiga me hablaba de la experiencia de la RSJ, mientras hac\u00edamos el Camino de Santiago. Yo me negaba porque los d\u00edas s\u00f3lo ten\u00edan 24 h. pero sensatamente me anim\u00f3 y me dijo que se trataba de darle forma y organizar de una manera m\u00e1s sistem\u00e1tica lo que ya hac\u00eda con mis alumnos. Eso no me tranquiliz\u00f3 mucho porque me sonaba a burocracia y no me llevo muy bien con ella. Pero Pilar, supo tocar la tecla que yo necesitaba escuchar y sigui\u00f3\u2026 \u201cEstar\u00e1s acompa\u00f1ada por [&hellip;]"}

Fátima de Gracia Lucas Palacios | Profesora Voluntaria de la Red Solidaria de Jóvenes

<blockquote class="wp-embedded-content" data-secret="mcLeG6EYtj"><a href="https://www.entreculturas.org/ca/noticia/fatima-de-gracia-lucas-palacios-profesora-voluntaria-de/">Fátima de Gracia Lucas Palacios | Profesora Voluntaria de la Red Solidaria de Jóvenes</a></blockquote><iframe sandbox="allow-scripts" security="restricted" src="https://www.entreculturas.org/ca/noticia/fatima-de-gracia-lucas-palacios-profesora-voluntaria-de/embed/#?secret=mcLeG6EYtj" width="600" height="338" title="&#8220;Fátima de Gracia Lucas Palacios | Profesora Voluntaria de la Red Solidaria de Jóvenes&#8221; &#8212; Entreculturas" data-secret="mcLeG6EYtj" frameborder="0" marginwidth="0" marginheight="0" scrolling="no" class="wp-embedded-content"></iframe><script>
/*! This file is auto-generated */
!function(d,l){"use strict";l.querySelector&&d.addEventListener&&"undefined"!=typeof URL&&(d.wp=d.wp||{},d.wp.receiveEmbedMessage||(d.wp.receiveEmbedMessage=function(e){var t=e.data;if((t||t.secret||t.message||t.value)&&!/[^a-zA-Z0-9]/.test(t.secret)){for(var s,r,n,a=l.querySelectorAll('iframe[data-secret="'+t.secret+'"]'),o=l.querySelectorAll('blockquote[data-secret="'+t.secret+'"]'),c=new RegExp("^https?:$","i"),i=0;i<o.length;i++)o[i].style.display="none";for(i=0;i<a.length;i++)s=a[i],e.source===s.contentWindow&&(s.removeAttribute("style"),"height"===t.message?(1e3<(r=parseInt(t.value,10))?r=1e3:~~r<200&&(r=200),s.height=r):"link"===t.message&&(r=new URL(s.getAttribute("src")),n=new URL(t.value),c.test(n.protocol))&&n.host===r.host&&l.activeElement===s&&(d.top.location.href=t.value))}},d.addEventListener("message",d.wp.receiveEmbedMessage,!1),l.addEventListener("DOMContentLoaded",function(){for(var e,t,s=l.querySelectorAll("iframe.wp-embedded-content"),r=0;r<s.length;r++)(t=(e=s[r]).getAttribute("data-secret"))||(t=Math.random().toString(36).substring(2,12),e.src+="#?secret="+t,e.setAttribute("data-secret",t)),e.contentWindow.postMessage({message:"ready",secret:t},"*")},!1)))}(window,document);
//# sourceURL=https://www.entreculturas.org/wp-includes/js/wp-embed.min.js
</script>

Fátima en Licenciada en Química y Diplomada en Ciencias Religiosas. En su tiempo libre le gusta mucho hacer senderismo, disfruta con todo lo que tenga que ver con el trabajo manual. Y en otro orden de cosas acompaño a un grupo de jóvenes en el tema de la fe. Cómo conociste la Red ¿A través de Entreculturas?Pues fue de una manera muy bonita. Una buena amiga me hablaba de la experiencia de la RSJ, mientras hacíamos el Camino de Santiago. Yo me negaba porque los días sólo tenían 24 h. pero sensatamente me animó y me dijo que se trataba de darle forma y organizar de una manera más sistemática lo que ya hacía con mis alumnos. Eso no me tranquilizó mucho porque me sonaba a burocracia y no me llevo muy bien con ella. Pero Pilar, supo tocar la tecla que yo necesitaba escuchar y siguió… “Estarás acompañada por [&hellip;]
