{"version":"1.0","provider_name":"Entreculturas","provider_url":"https:\/\/www.entreculturas.org\/ca\/","title":"10 a\u00f1os del programa Colombia y sus fronteras","type":"rich","width":600,"height":338,"html":"<blockquote class=\"wp-embedded-content\" data-secret=\"cCt8yHnuOb\"><a href=\"https:\/\/www.entreculturas.org\/ca\/noticia\/10-anos-del-programa-colombia-y-sus-fronteras\/\">10 a\u00f1os del programa Colombia y sus fronteras<\/a><\/blockquote><iframe sandbox=\"allow-scripts\" security=\"restricted\" src=\"https:\/\/www.entreculturas.org\/ca\/noticia\/10-anos-del-programa-colombia-y-sus-fronteras\/embed\/#?secret=cCt8yHnuOb\" width=\"600\" height=\"338\" title=\"&#8220;10 a\u00f1os del programa Colombia y sus fronteras&#8221; &#8212; Entreculturas\" data-secret=\"cCt8yHnuOb\" frameborder=\"0\" marginwidth=\"0\" marginheight=\"0\" scrolling=\"no\" class=\"wp-embedded-content\"><\/iframe><script>\n\/*! This file is auto-generated *\/\n!function(d,l){\"use strict\";l.querySelector&&d.addEventListener&&\"undefined\"!=typeof URL&&(d.wp=d.wp||{},d.wp.receiveEmbedMessage||(d.wp.receiveEmbedMessage=function(e){var t=e.data;if((t||t.secret||t.message||t.value)&&!\/[^a-zA-Z0-9]\/.test(t.secret)){for(var s,r,n,a=l.querySelectorAll('iframe[data-secret=\"'+t.secret+'\"]'),o=l.querySelectorAll('blockquote[data-secret=\"'+t.secret+'\"]'),c=new RegExp(\"^https?:$\",\"i\"),i=0;i<o.length;i++)o[i].style.display=\"none\";for(i=0;i<a.length;i++)s=a[i],e.source===s.contentWindow&&(s.removeAttribute(\"style\"),\"height\"===t.message?(1e3<(r=parseInt(t.value,10))?r=1e3:~~r<200&&(r=200),s.height=r):\"link\"===t.message&&(r=new URL(s.getAttribute(\"src\")),n=new URL(t.value),c.test(n.protocol))&&n.host===r.host&&l.activeElement===s&&(d.top.location.href=t.value))}},d.addEventListener(\"message\",d.wp.receiveEmbedMessage,!1),l.addEventListener(\"DOMContentLoaded\",function(){for(var e,t,s=l.querySelectorAll(\"iframe.wp-embedded-content\"),r=0;r<s.length;r++)(t=(e=s[r]).getAttribute(\"data-secret\"))||(t=Math.random().toString(36).substring(2,12),e.src+=\"#?secret=\"+t,e.setAttribute(\"data-secret\",t)),e.contentWindow.postMessage({message:\"ready\",secret:t},\"*\")},!1)))}(window,document);\n\/\/# sourceURL=https:\/\/www.entreculturas.org\/wp-includes\/js\/wp-embed.min.js\n<\/script>\n","thumbnail_url":"https:\/\/www.entreculturas.org\/wp-content\/uploads\/2019\/08\/noticia-manzanedo.png","thumbnail_width":559,"thumbnail_height":737,"description":"Desde 2009, Entreculturas apoya la presencia del Servicio Jesuita a Refugiados (JRS) en Colombia y pa\u00edses lim\u00edtrofes. Al tr\u00e1gico conflicto colombiano, se ha unido en los \u00faltimos a\u00f1os, el desplazamiento masivo de la poblaci\u00f3n venezolana.&nbsp;&nbsp; El JRS acompa\u00f1a integralmente a la poblaci\u00f3n refugiada y desplazados internos a trav\u00e9s de atenci\u00f3n psicosocial, atenci\u00f3n jur\u00eddica para su regularizaci\u00f3n, el programa de medios de vida y el trabajo comunitario (reconstrucci\u00f3n del tejido social y fortalecimiento comunitario). A trav\u00e9s de esas l\u00edneas de trabajo, JRS acompa\u00f1a a las personas en las relaciones que tienen que establecer con sus comunidades de acogida. Adem\u00e1s, JRS hace incidencia pol\u00edtica e incidencia comunicativa para mejorara las leyes y contribuir a los procesos de construcci\u00f3n de paz. Se trata de un trabajo amplio, complejo y dilatado en el tiempo. En estos a\u00f1os, hemos realizado dos evaluaciones del programa para validar sus resultados cient\u00edficamente, evaluar el impacto logrado e identificar [&hellip;]"}

10 años del programa Colombia y sus fronteras

<blockquote class="wp-embedded-content" data-secret="cCt8yHnuOb"><a href="https://www.entreculturas.org/ca/noticia/10-anos-del-programa-colombia-y-sus-fronteras/">10 años del programa Colombia y sus fronteras</a></blockquote><iframe sandbox="allow-scripts" security="restricted" src="https://www.entreculturas.org/ca/noticia/10-anos-del-programa-colombia-y-sus-fronteras/embed/#?secret=cCt8yHnuOb" width="600" height="338" title="&#8220;10 años del programa Colombia y sus fronteras&#8221; &#8212; Entreculturas" data-secret="cCt8yHnuOb" frameborder="0" marginwidth="0" marginheight="0" scrolling="no" class="wp-embedded-content"></iframe><script>
/*! This file is auto-generated */
!function(d,l){"use strict";l.querySelector&&d.addEventListener&&"undefined"!=typeof URL&&(d.wp=d.wp||{},d.wp.receiveEmbedMessage||(d.wp.receiveEmbedMessage=function(e){var t=e.data;if((t||t.secret||t.message||t.value)&&!/[^a-zA-Z0-9]/.test(t.secret)){for(var s,r,n,a=l.querySelectorAll('iframe[data-secret="'+t.secret+'"]'),o=l.querySelectorAll('blockquote[data-secret="'+t.secret+'"]'),c=new RegExp("^https?:$","i"),i=0;i<o.length;i++)o[i].style.display="none";for(i=0;i<a.length;i++)s=a[i],e.source===s.contentWindow&&(s.removeAttribute("style"),"height"===t.message?(1e3<(r=parseInt(t.value,10))?r=1e3:~~r<200&&(r=200),s.height=r):"link"===t.message&&(r=new URL(s.getAttribute("src")),n=new URL(t.value),c.test(n.protocol))&&n.host===r.host&&l.activeElement===s&&(d.top.location.href=t.value))}},d.addEventListener("message",d.wp.receiveEmbedMessage,!1),l.addEventListener("DOMContentLoaded",function(){for(var e,t,s=l.querySelectorAll("iframe.wp-embedded-content"),r=0;r<s.length;r++)(t=(e=s[r]).getAttribute("data-secret"))||(t=Math.random().toString(36).substring(2,12),e.src+="#?secret="+t,e.setAttribute("data-secret",t)),e.contentWindow.postMessage({message:"ready",secret:t},"*")},!1)))}(window,document);
//# sourceURL=https://www.entreculturas.org/wp-includes/js/wp-embed.min.js
</script>

Desde 2009, Entreculturas apoya la presencia del Servicio Jesuita a Refugiados (JRS) en Colombia y países limítrofes. Al trágico conflicto colombiano, se ha unido en los últimos años, el desplazamiento masivo de la población venezolana.&nbsp;&nbsp; El JRS acompaña integralmente a la población refugiada y desplazados internos a través de atención psicosocial, atención jurídica para su regularización, el programa de medios de vida y el trabajo comunitario (reconstrucción del tejido social y fortalecimiento comunitario). A través de esas líneas de trabajo, JRS acompaña a las personas en las relaciones que tienen que establecer con sus comunidades de acogida. Además, JRS hace incidencia política e incidencia comunicativa para mejorara las leyes y contribuir a los procesos de construcción de paz. Se trata de un trabajo amplio, complejo y dilatado en el tiempo. En estos años, hemos realizado dos evaluaciones del programa para validar sus resultados científicamente, evaluar el impacto logrado e identificar [&hellip;]
